/
home
/
lambod5
/
access-logs
/
New Directory
Upload File
HOME
74.7.227.141 - - [30/Jun/2026:02:18:41 -0700] "GET /src/cache/doctrine_metadata/S/+/?C=S;O=A HTTP/1.1" 200 905 "https://mail.lambodraenterprisesghltd.com/src/cache/doctrine_metadata/S/+/" "Mozilla/5.0 AppleWebKit/537.36 (KHTML, like Gecko; compatible; GPTBot/1.4; +https://openai.com/gptbot)"
74.7.242.55 - - [30/Jun/2026:02:18:45 -0700] "GET /src/plugins/orangehrmAdminPlugin/Controller/File/?C=D;O=D HTTP/1.1" 200 1140 "https://lambodraenterprisesghltd.com/src/plugins/orangehrmAdminPlugin/Controller/File/?C=D;O=A" "Mozilla/5.0 AppleWebKit/537.36 (KHTML, like Gecko; compatible; GPTBot/1.4; +https://openai.com/gptbot)"
74.7.227.141 - - [30/Jun/2026:02:19:03 -0700] "GET /src/cache/doctrine_metadata/U/Q/?C=D;O=A HTTP/1.1" 200 905 "https://mail.lambodraenterprisesghltd.com/src/cache/doctrine_metadata/U/Q/" "Mozilla/5.0 AppleWebKit/537.36 (KHTML, like Gecko; compatible; GPTBot/1.4; +https://openai.com/gptbot)"
74.7.227.141 - - [30/Jun/2026:02:19:24 -0700] "GET /src/cache/doctrine_metadata/W/L/?C=D;O=D HTTP/1.1" 200 905 "https://mail.lambodraenterprisesghltd.com/src/cache/doctrine_metadata/W/L/?C=D;O=A" "Mozilla/5.0 AppleWebKit/537.36 (KHTML, like Gecko; compatible; GPTBot/1.4; +https://openai.com/gptbot)"
74.7.242.55 - - [30/Jun/2026:02:19:34 -0700] "GET /src/plugins/orangehrmCorePlugin/Registration/Dao/?C=D;O=A HTTP/1.1" 200 966 "https://lambodraenterprisesghltd.com/src/plugins/orangehrmCorePlugin/Registration/Dao/" "Mozilla/5.0 AppleWebKit/537.36 (KHTML, like Gecko; compatible; GPTBot/1.4; +https://openai.com/gptbot)"
74.7.227.141 - - [30/Jun/2026:02:19:41 -0700] "GET /src/cache/doctrine_metadata/L/A/?C=D;O=D HTTP/1.1" 200 905 "https://mail.lambodraenterprisesghltd.com/src/cache/doctrine_metadata/L/A/?C=D;O=A" "Mozilla/5.0 AppleWebKit/537.36 (KHTML, like Gecko; compatible; GPTBot/1.4; +https://openai.com/gptbot)"
74.7.227.141 - - [30/Jun/2026:02:19:57 -0700] "GET /src/cache/doctrine_metadata/M/G/?C=S;O=D HTTP/1.1" 200 905 "https://mail.lambodraenterprisesghltd.com/src/cache/doctrine_metadata/M/G/?C=S;O=A" "Mozilla/5.0 AppleWebKit/537.36 (KHTML, like Gecko; compatible; GPTBot/1.4; +https://openai.com/gptbot)"
74.7.227.141 - - [30/Jun/2026:02:20:11 -0700] "GET /src/cache/doctrine_metadata/V/D/?C=M;O=D HTTP/1.1" 200 905 "https://mail.lambodraenterprisesghltd.com/src/cache/doctrine_metadata/V/D/?C=M;O=A" "Mozilla/5.0 AppleWebKit/537.36 (KHTML, like Gecko; compatible; GPTBot/1.4; +https://openai.com/gptbot)"
74.7.242.55 - - [30/Jun/2026:02:20:18 -0700] "GET /src/plugins/orangehrmAdminPlugin/Controller/File/?C=S;O=A HTTP/1.1" 200 1140 "https://lambodraenterprisesghltd.com/src/plugins/orangehrmAdminPlugin/Controller/File/" "Mozilla/5.0 AppleWebKit/537.36 (KHTML, like Gecko; compatible; GPTBot/1.4; +https://openai.com/gptbot)"
74.7.227.141 - - [30/Jun/2026:02:20:24 -0700] "GET /src/cache/doctrine_metadata/H/N/?C=D;O=D HTTP/1.1" 200 905 "https://mail.lambodraenterprisesghltd.com/src/cache/doctrine_metadata/H/N/?C=D;O=A" "Mozilla/5.0 AppleWebKit/537.36 (KHTML, like Gecko; compatible; GPTBot/1.4; +https://openai.com/gptbot)"
66.249.75.3 - - [30/Jun/2026:02:20:32 -0700] "GET /src/plugins/orangehrmDashboardPlugin/Service/ChartService.php HTTP/1.1" 200 - "-" "Mozilla/5.0 (Linux; Android 6.0.1; Nexus 5X Build/MMB29P) AppleWebKit/537.36 (KHTML, like Gecko) Chrome/148.0.7778.96 Mobile Safari/537.36 (compatible; GoogleOther)"
74.7.227.141 - - [30/Jun/2026:02:20:36 -0700] "GET /src/cache/doctrine_metadata/G/D/?C=M;O=D HTTP/1.1" 200 905 "https://mail.lambodraenterprisesghltd.com/src/cache/doctrine_metadata/G/D/?C=M;O=A" "Mozilla/5.0 AppleWebKit/537.36 (KHTML, like Gecko; compatible; GPTBot/1.4; +https://openai.com/gptbot)"
74.7.227.141 - - [30/Jun/2026:02:20:46 -0700] "GET /src/cache/doctrine_metadata/Q/R/?C=S;O=D HTTP/1.1" 200 905 "https://mail.lambodraenterprisesghltd.com/src/cache/doctrine_metadata/Q/R/?C=S;O=A" "Mozilla/5.0 AppleWebKit/537.36 (KHTML, like Gecko; compatible; GPTBot/1.4; +https://openai.com/gptbot)"
74.7.227.141 - - [30/Jun/2026:02:20:55 -0700] "GET /src/cache/doctrine_metadata/H/K/?C=S;O=D HTTP/1.1" 429 17 "https://mail.lambodraenterprisesghltd.com/src/cache/doctrine_metadata/H/K/?C=S;O=A" "Mozilla/5.0 AppleWebKit/537.36 (KHTML, like Gecko; compatible; GPTBot/1.4; +https://openai.com/gptbot)"
74.7.242.55 - - [30/Jun/2026:02:21:01 -0700] "GET /src/plugins/orangehrmMaintenancePlugin/Api/Model/?C=M;O=A HTTP/1.1" 200 1343 "https://lambodraenterprisesghltd.com/src/plugins/orangehrmMaintenancePlugin/Api/Model/" "Mozilla/5.0 AppleWebKit/537.36 (KHTML, like Gecko; compatible; GPTBot/1.4; +https://openai.com/gptbot)"
74.7.227.141 - - [30/Jun/2026:02:21:04 -0700] "GET /src/cache/doctrine_metadata/Q/W/?C=D;O=A HTTP/1.1" 429 17 "https://mail.lambodraenterprisesghltd.com/src/cache/doctrine_metadata/Q/W/" "Mozilla/5.0 AppleWebKit/537.36 (KHTML, like Gecko; compatible; GPTBot/1.4; +https://openai.com/gptbot)"
74.7.227.141 - - [30/Jun/2026:02:21:28 -0700] "GET /src/cache/doctrine_metadata/S/+/?C=S;O=D HTTP/1.1" 429 17 "https://mail.lambodraenterprisesghltd.com/src/cache/doctrine_metadata/S/+/?C=S;O=A" "Mozilla/5.0 AppleWebKit/537.36 (KHTML, like Gecko; compatible; GPTBot/1.4; +https://openai.com/gptbot)"
74.7.242.55 - - [30/Jun/2026:02:21:36 -0700] "GET /src/plugins/orangehrmCorePlugin/entity/Decorator/?C=M;O=D HTTP/1.1" 200 1951 "https://lambodraenterprisesghltd.com/src/plugins/orangehrmCorePlugin/entity/Decorator/?C=M;O=A" "Mozilla/5.0 AppleWebKit/537.36 (KHTML, like Gecko; compatible; GPTBot/1.4; +https://openai.com/gptbot)"
74.7.242.55 - - [30/Jun/2026:02:22:09 -0700] "GET /src/vendor/symfony/security-core/Authentication/Token/?C=D;O=D HTTP/1.1" 200 2459 "https://lambodraenterprisesghltd.com/src/vendor/symfony/security-core/Authentication/Token/?C=D;O=A" "Mozilla/5.0 AppleWebKit/537.36 (KHTML, like Gecko; compatible; GPTBot/1.4; +https://openai.com/gptbot)"
74.7.227.141 - - [30/Jun/2026:02:22:30 -0700] "GET /src/cache/doctrine_metadata/Y/H/?C=M;O=A HTTP/1.1" 200 905 "https://mail.lambodraenterprisesghltd.com/src/cache/doctrine_metadata/Y/H/" "Mozilla/5.0 AppleWebKit/537.36 (KHTML, like Gecko; compatible; GPTBot/1.4; +https://openai.com/gptbot)"
74.7.242.55 - - [30/Jun/2026:02:22:40 -0700] "GET /src/vendor/symfony/security-core/Authentication/Token/?C=M;O=D HTTP/1.1" 200 2459 "https://lambodraenterprisesghltd.com/src/vendor/symfony/security-core/Authentication/Token/?C=M;O=A" "Mozilla/5.0 AppleWebKit/537.36 (KHTML, like Gecko; compatible; GPTBot/1.4; +https://openai.com/gptbot)"
205.210.31.254 - - [30/Jun/2026:02:22:48 -0700] "GET / HTTP/1.1" 503 282 "-" "Hello from Palo Alto Networks, find out more about our scans in https://docs-cortex.paloaltonetworks.com/r/1/Cortex-Xpanse/Scanning-activity"
74.7.242.55 - - [30/Jun/2026:02:23:07 -0700] "GET /src/plugins/orangehrmCorePlugin/entity/Decorator/?C=S;O=D HTTP/1.1" 200 1951 "https://lambodraenterprisesghltd.com/src/plugins/orangehrmCorePlugin/entity/Decorator/?C=S;O=A" "Mozilla/5.0 AppleWebKit/537.36 (KHTML, like Gecko; compatible; GPTBot/1.4; +https://openai.com/gptbot)"
66.249.75.4 - - [30/Jun/2026:02:23:10 -0700] "GET /src/plugins/orangehrmDashboardPlugin/Service/QuickLaunchService.php HTTP/1.1" 200 - "-" "Mozilla/5.0 (Linux; Android 6.0.1; Nexus 5X Build/MMB29P) AppleWebKit/537.36 (KHTML, like Gecko) Chrome/148.0.7778.96 Mobile Safari/537.36 (compatible; GoogleOther)"
74.7.242.55 - - [30/Jun/2026:02:23:31 -0700] "GET /src/plugins/orangehrmClaimPlugin/entity/Decorator/?C=D;O=D HTTP/1.1" 200 1740 "https://lambodraenterprisesghltd.com/src/plugins/orangehrmClaimPlugin/entity/Decorator/?C=D;O=A" "Mozilla/5.0 AppleWebKit/537.36 (KHTML, like Gecko; compatible; GPTBot/1.4; +https://openai.com/gptbot)"
74.7.227.141 - - [30/Jun/2026:02:23:32 -0700] "GET /src/cache/doctrine_metadata/B/R/?C=N;O=A HTTP/1.1" 200 905 "https://mail.lambodraenterprisesghltd.com/src/cache/doctrine_metadata/B/R/?C=N;O=D" "Mozilla/5.0 AppleWebKit/537.36 (KHTML, like Gecko; compatible; GPTBot/1.4; +https://openai.com/gptbot)"
74.7.242.55 - - [30/Jun/2026:02:23:53 -0700] "GET /src/plugins/orangehrmCorePlugin/entity/Decorator/?C=D;O=A HTTP/1.1" 200 1951 "https://lambodraenterprisesghltd.com/src/plugins/orangehrmCorePlugin/entity/Decorator/" "Mozilla/5.0 AppleWebKit/537.36 (KHTML, like Gecko; compatible; GPTBot/1.4; +https://openai.com/gptbot)"
74.7.242.55 - - [30/Jun/2026:02:24:14 -0700] "GET /src/vendor/doctrine/collections/lib/Doctrine/Common/Collections/Expr/ HTTP/1.1" 200 1945 "https://lambodraenterprisesghltd.com/src/vendor/doctrine/collections/lib/Doctrine/Common/Collections/" "Mozilla/5.0 AppleWebKit/537.36 (KHTML, like Gecko; compatible; GPTBot/1.4; +https://openai.com/gptbot)"
74.7.227.141 - - [30/Jun/2026:02:24:26 -0700] "GET /src/cache/doctrine_metadata/O/G/?C=S;O=A HTTP/1.1" 200 905 "https://mail.lambodraenterprisesghltd.com/src/cache/doctrine_metadata/O/G/" "Mozilla/5.0 AppleWebKit/537.36 (KHTML, like Gecko; compatible; GPTBot/1.4; +https://openai.com/gptbot)"
74.7.242.55 - - [30/Jun/2026:02:24:32 -0700] "GET /src/vendor/symfony/filesystem/Exception/?C=M;O=A HTTP/1.1" 200 1884 "https://lambodraenterprisesghltd.com/src/vendor/symfony/filesystem/Exception/" "Mozilla/5.0 AppleWebKit/537.36 (KHTML, like Gecko; compatible; GPTBot/1.4; +https://openai.com/gptbot)"
74.7.242.55 - - [30/Jun/2026:02:24:49 -0700] "GET /src/plugins/orangehrmCorePlugin/Registration/Dao/?C=D;O=D HTTP/1.1" 200 966 "https://lambodraenterprisesghltd.com/src/plugins/orangehrmCorePlugin/Registration/Dao/?C=D;O=A" "Mozilla/5.0 AppleWebKit/537.36 (KHTML, like Gecko; compatible; GPTBot/1.4; +https://openai.com/gptbot)"
66.249.75.3 - - [30/Jun/2026:02:24:51 -0700] "GET /src/plugins/orangehrmDashboardPlugin/Service/EmployeeTimeAtWorkService.php HTTP/1.1" 500 - "-" "Mozilla/5.0 (Linux; Android 6.0.1; Nexus 5X Build/MMB29P) AppleWebKit/537.36 (KHTML, like Gecko) Chrome/148.0.7778.96 Mobile Safari/537.36 (compatible; GoogleOther)"
74.7.242.55 - - [30/Jun/2026:02:25:03 -0700] "GET /src/plugins/orangehrmAdminPlugin/Controller/File/?C=S;O=D HTTP/1.1" 200 1140 "https://lambodraenterprisesghltd.com/src/plugins/orangehrmAdminPlugin/Controller/File/?C=S;O=A" "Mozilla/5.0 AppleWebKit/537.36 (KHTML, like Gecko; compatible; GPTBot/1.4; +https://openai.com/gptbot)"
74.7.242.55 - - [30/Jun/2026:02:25:16 -0700] "GET /src/plugins/orangehrmMaintenancePlugin/Api/Model/?C=M;O=D HTTP/1.1" 200 1343 "https://lambodraenterprisesghltd.com/src/plugins/orangehrmMaintenancePlugin/Api/Model/?C=M;O=A" "Mozilla/5.0 AppleWebKit/537.36 (KHTML, like Gecko; compatible; GPTBot/1.4; +https://openai.com/gptbot)"
74.7.227.141 - - [30/Jun/2026:02:25:17 -0700] "GET /src/cache/doctrine_metadata/I/D/?C=N;O=D HTTP/1.1" 200 905 "https://mail.lambodraenterprisesghltd.com/src/cache/doctrine_metadata/I/D/" "Mozilla/5.0 AppleWebKit/537.36 (KHTML, like Gecko; compatible; GPTBot/1.4; +https://openai.com/gptbot)"
74.7.242.55 - - [30/Jun/2026:02:25:28 -0700] "GET /src/vendor/symfony/filesystem/Exception/?C=S;O=A HTTP/1.1" 200 1884 "https://lambodraenterprisesghltd.com/src/vendor/symfony/filesystem/Exception/" "Mozilla/5.0 AppleWebKit/537.36 (KHTML, like Gecko; compatible; GPTBot/1.4; +https://openai.com/gptbot)"
74.7.242.55 - - [30/Jun/2026:02:25:38 -0700] "GET /src/vendor/symfony/filesystem/Exception/?C=D;O=A HTTP/1.1" 200 1884 "https://lambodraenterprisesghltd.com/src/vendor/symfony/filesystem/Exception/" "Mozilla/5.0 AppleWebKit/537.36 (KHTML, like Gecko; compatible; GPTBot/1.4; +https://openai.com/gptbot)"
74.7.242.55 - - [30/Jun/2026:02:25:48 -0700] "GET /src/vendor/symfony/filesystem/Exception/?C=N;O=D HTTP/1.1" 200 1884 "https://lambodraenterprisesghltd.com/src/vendor/symfony/filesystem/Exception/" "Mozilla/5.0 AppleWebKit/537.36 (KHTML, like Gecko; compatible; GPTBot/1.4; +https://openai.com/gptbot)"
74.7.242.55 - - [30/Jun/2026:02:25:56 -0700] "GET /src/plugins/orangehrmPimPlugin/Controller/File/?C=D;O=D HTTP/1.1" 200 1380 "https://lambodraenterprisesghltd.com/src/plugins/orangehrmPimPlugin/Controller/File/?C=D;O=A" "Mozilla/5.0 AppleWebKit/537.36 (KHTML, like Gecko; compatible; GPTBot/1.4; +https://openai.com/gptbot)"
74.7.227.141 - - [30/Jun/2026:02:26:00 -0700] "GET /src/cache/doctrine_metadata/G/D/?C=S;O=A HTTP/1.1" 200 905 "https://mail.lambodraenterprisesghltd.com/src/cache/doctrine_metadata/G/D/" "Mozilla/5.0 AppleWebKit/537.36 (KHTML, like Gecko; compatible; GPTBot/1.4; +https://openai.com/gptbot)"
74.7.242.55 - - [30/Jun/2026:02:26:04 -0700] "GET /src/vendor/symfony/options-resolver/Exception/?C=D;O=D HTTP/1.1" 200 2518 "https://lambodraenterprisesghltd.com/src/vendor/symfony/options-resolver/Exception/?C=D;O=A" "Mozilla/5.0 AppleWebKit/537.36 (KHTML, like Gecko; compatible; GPTBot/1.4; +https://openai.com/gptbot)"
74.7.242.55 - - [30/Jun/2026:02:26:11 -0700] "GET /src/plugins/orangehrmCorePlugin/entity/Decorator/?C=D;O=D HTTP/1.1" 200 1951 "https://lambodraenterprisesghltd.com/src/plugins/orangehrmCorePlugin/entity/Decorator/?C=D;O=A" "Mozilla/5.0 AppleWebKit/537.36 (KHTML, like Gecko; compatible; GPTBot/1.4; +https://openai.com/gptbot)"
74.7.242.55 - - [30/Jun/2026:02:26:17 -0700] "GET /src/vendor/doctrine/collections/lib/Doctrine/Common/Collections/Expr/ClosureExpressionVisitor.php HTTP/1.1" 500 - "https://lambodraenterprisesghltd.com/src/vendor/doctrine/collections/lib/Doctrine/Common/Collections/Expr/" "Mozilla/5.0 AppleWebKit/537.36 (KHTML, like Gecko; compatible; GPTBot/1.4; +https://openai.com/gptbot)"
112.82.218.136 - - [30/Jun/2026:02:26:17 -0700] "GET / HTTP/1.1" 200 1694 "-" "Mozilla/5.0 (iPhone; CPU iPhone OS 18_7_6 like Mac OS X) AppleWebKit/605.1.15 (KHTML, like Gecko) Version/26.0 Mobile/15E148 Safari/604.1"
74.7.242.55 - - [30/Jun/2026:02:26:23 -0700] "GET /src/vendor/symfony/filesystem/Exception/IOExceptionInterface.php HTTP/1.1" 500 - "https://lambodraenterprisesghltd.com/src/vendor/symfony/filesystem/Exception/?C=M;O=A" "Mozilla/5.0 AppleWebKit/537.36 (KHTML, like Gecko; compatible; GPTBot/1.4; +https://openai.com/gptbot)"
74.7.242.55 - - [30/Jun/2026:02:26:40 -0700] "GET /src/vendor/symfony/filesystem/Exception/FileNotFoundException.php HTTP/1.1" 500 - "https://lambodraenterprisesghltd.com/src/vendor/symfony/filesystem/Exception/?C=M;O=A" "Mozilla/5.0 AppleWebKit/537.36 (KHTML, like Gecko; compatible; GPTBot/1.4; +https://openai.com/gptbot)"
74.7.227.141 - - [30/Jun/2026:02:26:42 -0700] "GET /src/cache/doctrine_metadata/H/K/?C=D;O=A HTTP/1.1" 200 905 "https://mail.lambodraenterprisesghltd.com/src/cache/doctrine_metadata/H/K/" "Mozilla/5.0 AppleWebKit/537.36 (KHTML, like Gecko; compatible; GPTBot/1.4; +https://openai.com/gptbot)"
74.7.227.141 - - [30/Jun/2026:02:27:18 -0700] "GET /src/cache/doctrine_metadata/Z/N/?C=M;O=A HTTP/1.1" 200 1093 "https://mail.lambodraenterprisesghltd.com/src/cache/doctrine_metadata/Z/N/" "Mozilla/5.0 AppleWebKit/537.36 (KHTML, like Gecko; compatible; GPTBot/1.4; +https://openai.com/gptbot)"
74.7.242.55 - - [30/Jun/2026:02:27:28 -0700] "GET /src/vendor/symfony/filesystem/Exception/RuntimeException.php HTTP/1.1" 500 - "https://lambodraenterprisesghltd.com/src/vendor/symfony/filesystem/Exception/?C=M;O=A" "Mozilla/5.0 AppleWebKit/537.36 (KHTML, like Gecko; compatible; GPTBot/1.4; +https://openai.com/gptbot)"
74.7.227.141 - - [30/Jun/2026:02:27:52 -0700] "GET /src/cache/doctrine_metadata/M/Q/?C=N;O=D HTTP/1.1" 200 905 "https://mail.lambodraenterprisesghltd.com/src/cache/doctrine_metadata/M/Q/" "Mozilla/5.0 AppleWebKit/537.36 (KHTML, like Gecko; compatible; GPTBot/1.4; +https://openai.com/gptbot)"
74.7.227.141 - - [30/Jun/2026:02:28:22 -0700] "GET /src/cache/doctrine_metadata/T/S/?C=D;O=A HTTP/1.1" 200 905 "https://mail.lambodraenterprisesghltd.com/src/cache/doctrine_metadata/T/S/" "Mozilla/5.0 AppleWebKit/537.36 (KHTML, like Gecko; compatible; GPTBot/1.4; +https://openai.com/gptbot)"
74.7.242.55 - - [30/Jun/2026:02:28:29 -0700] "GET /src/vendor/symfony/filesystem/Exception/InvalidArgumentException.php HTTP/1.1" 500 - "https://lambodraenterprisesghltd.com/src/vendor/symfony/filesystem/Exception/?C=M;O=A" "Mozilla/5.0 AppleWebKit/537.36 (KHTML, like Gecko; compatible; GPTBot/1.4; +https://openai.com/gptbot)"
74.7.227.141 - - [30/Jun/2026:02:28:49 -0700] "GET /src/cache/doctrine_metadata/C/G/?C=N;O=A HTTP/1.1" 200 905 "https://mail.lambodraenterprisesghltd.com/src/cache/doctrine_metadata/C/G/?C=M;O=A" "Mozilla/5.0 AppleWebKit/537.36 (KHTML, like Gecko; compatible; GPTBot/1.4; +https://openai.com/gptbot)"
74.7.227.141 - - [30/Jun/2026:02:29:13 -0700] "GET /src/cache/doctrine_metadata/D/R/?C=D;O=A HTTP/1.1" 200 905 "https://mail.lambodraenterprisesghltd.com/src/cache/doctrine_metadata/D/R/?C=N;O=D" "Mozilla/5.0 AppleWebKit/537.36 (KHTML, like Gecko; compatible; GPTBot/1.4; +https://openai.com/gptbot)"
74.7.242.55 - - [30/Jun/2026:02:29:33 -0700] "GET /src/vendor/symfony/filesystem/Exception/IOException.php HTTP/1.1" 500 - "https://lambodraenterprisesghltd.com/src/vendor/symfony/filesystem/Exception/?C=M;O=A" "Mozilla/5.0 AppleWebKit/537.36 (KHTML, like Gecko; compatible; GPTBot/1.4; +https://openai.com/gptbot)"
74.7.227.141 - - [30/Jun/2026:02:29:35 -0700] "GET /src/cache/doctrine_metadata/Y/H/?C=M;O=D HTTP/1.1" 200 905 "https://mail.lambodraenterprisesghltd.com/src/cache/doctrine_metadata/Y/H/?C=M;O=A" "Mozilla/5.0 AppleWebKit/537.36 (KHTML, like Gecko; compatible; GPTBot/1.4; +https://openai.com/gptbot)"
74.7.227.141 - - [30/Jun/2026:02:29:56 -0700] "GET /src/cache/doctrine_metadata/I/D/?C=S;O=D HTTP/1.1" 200 905 "https://mail.lambodraenterprisesghltd.com/src/cache/doctrine_metadata/I/D/?C=S;O=A" "Mozilla/5.0 AppleWebKit/537.36 (KHTML, like Gecko; compatible; GPTBot/1.4; +https://openai.com/gptbot)"
74.7.227.141 - - [30/Jun/2026:02:30:13 -0700] "GET /src/cache/doctrine_metadata/O/G/?C=S;O=D HTTP/1.1" 200 905 "https://mail.lambodraenterprisesghltd.com/src/cache/doctrine_metadata/O/G/?C=S;O=A" "Mozilla/5.0 AppleWebKit/537.36 (KHTML, like Gecko; compatible; GPTBot/1.4; +https://openai.com/gptbot)"
223.109.255.162 - - [30/Jun/2026:02:30:17 -0700] "GET / HTTP/1.1" 200 1694 "-" "Sogou web spider/4.0(+http://www.sogou.com/docs/help/webmasters.htm#07)"
74.7.227.141 - - [30/Jun/2026:02:30:29 -0700] "GET /src/cache/doctrine_metadata/Q/I/?C=S;O=D HTTP/1.1" 200 905 "https://mail.lambodraenterprisesghltd.com/src/cache/doctrine_metadata/Q/I/?C=S;O=A" "Mozilla/5.0 AppleWebKit/537.36 (KHTML, like Gecko; compatible; GPTBot/1.4; +https://openai.com/gptbot)"
74.7.242.55 - - [30/Jun/2026:02:30:36 -0700] "GET /src/vendor/doctrine/collections/lib/Doctrine/Common/Collections/Expr/Value.php HTTP/1.1" 500 - "https://lambodraenterprisesghltd.com/src/vendor/doctrine/collections/lib/Doctrine/Common/Collections/Expr/" "Mozilla/5.0 AppleWebKit/537.36 (KHTML, like Gecko; compatible; GPTBot/1.4; +https://openai.com/gptbot)"
74.7.227.141 - - [30/Jun/2026:02:30:44 -0700] "GET /src/cache/doctrine_metadata/G/D/?C=S;O=D HTTP/1.1" 200 905 "https://mail.lambodraenterprisesghltd.com/src/cache/doctrine_metadata/G/D/?C=S;O=A" "Mozilla/5.0 AppleWebKit/537.36 (KHTML, like Gecko; compatible; GPTBot/1.4; +https://openai.com/gptbot)"
74.7.227.141 - - [30/Jun/2026:02:30:57 -0700] "GET /src/cache/doctrine_metadata/G/N/?C=M;O=A HTTP/1.1" 200 905 "https://mail.lambodraenterprisesghltd.com/src/cache/doctrine_metadata/G/N/" "Mozilla/5.0 AppleWebKit/537.36 (KHTML, like Gecko; compatible; GPTBot/1.4; +https://openai.com/gptbot)"
74.7.227.141 - - [30/Jun/2026:02:31:08 -0700] "GET /src/cache/doctrine_metadata/Z/N/?C=M;O=D HTTP/1.1" 200 1093 "https://mail.lambodraenterprisesghltd.com/src/cache/doctrine_metadata/Z/N/?C=M;O=A" "Mozilla/5.0 AppleWebKit/537.36 (KHTML, like Gecko; compatible; GPTBot/1.4; +https://openai.com/gptbot)"
74.7.227.141 - - [30/Jun/2026:02:31:19 -0700] "GET /src/cache/doctrine_metadata/X/N/?C=M;O=A HTTP/1.1" 429 17 "https://mail.lambodraenterprisesghltd.com/src/cache/doctrine_metadata/X/N/" "Mozilla/5.0 AppleWebKit/537.36 (KHTML, like Gecko; compatible; GPTBot/1.4; +https://openai.com/gptbot)"
74.7.227.141 - - [30/Jun/2026:02:31:29 -0700] "GET /src/cache/doctrine_metadata/T/S/?C=D;O=D HTTP/1.1" 429 17 "https://mail.lambodraenterprisesghltd.com/src/cache/doctrine_metadata/T/S/?C=D;O=A" "Mozilla/5.0 AppleWebKit/537.36 (KHTML, like Gecko; compatible; GPTBot/1.4; +https://openai.com/gptbot)"
74.7.242.55 - - [30/Jun/2026:02:31:38 -0700] "GET /src/vendor/doctrine/collections/lib/Doctrine/Common/Collections/Expr/Comparison.php HTTP/1.1" 500 - "https://lambodraenterprisesghltd.com/src/vendor/doctrine/collections/lib/Doctrine/Common/Collections/Expr/" "Mozilla/5.0 AppleWebKit/537.36 (KHTML, like Gecko; compatible; GPTBot/1.4; +https://openai.com/gptbot)"
74.7.227.141 - - [30/Jun/2026:02:31:57 -0700] "GET /src/cache/doctrine_metadata/V/J/?C=N;O=D HTTP/1.1" 429 17 "https://mail.lambodraenterprisesghltd.com/src/cache/doctrine_metadata/V/J/" "Mozilla/5.0 AppleWebKit/537.36 (KHTML, like Gecko; compatible; GPTBot/1.4; +https://openai.com/gptbot)"
74.7.242.55 - - [30/Jun/2026:02:32:38 -0700] "GET /src/vendor/doctrine/collections/lib/Doctrine/Common/Collections/Expr/?C=N;O=D HTTP/1.1" 200 1945 "https://lambodraenterprisesghltd.com/src/vendor/doctrine/collections/lib/Doctrine/Common/Collections/Expr/" "Mozilla/5.0 AppleWebKit/537.36 (KHTML, like Gecko; compatible; GPTBot/1.4; +https://openai.com/gptbot)"
74.7.230.51 - - [30/Jun/2026:02:32:39 -0700] "GET /robots.txt HTTP/1.1" 404 236 "-" "Mozilla/5.0 (Macintosh; Intel Mac OS X 10_15_7) AppleWebKit/537.36 (KHTML, like Gecko) Chrome/131.0.0.0 Safari/537.36; compatible; OAI-SearchBot/1.4; robots.txt; +https://openai.com/searchbot"
5.69.95.165 - - [30/Jun/2026:02:32:55 -0700] "GET /src/?C=M;O=A HTTP/1.1" 200 2212 "-" "Mozilla/5.0 (Windows NT 10.0; Win64; x64; rv:126.0) Gecko/20100101 Firefox/126.0"
74.7.227.141 - - [30/Jun/2026:02:33:01 -0700] "GET /src/cache/doctrine_metadata/D/R/?C=D;O=D HTTP/1.1" 200 905 "https://mail.lambodraenterprisesghltd.com/src/cache/doctrine_metadata/D/R/?C=D;O=A" "Mozilla/5.0 AppleWebKit/537.36 (KHTML, like Gecko; compatible; GPTBot/1.4; +https://openai.com/gptbot)"
74.7.242.55 - - [30/Jun/2026:02:33:39 -0700] "GET /src/vendor/doctrine/collections/lib/Doctrine/Common/Collections/Expr/?C=M;O=A HTTP/1.1" 200 1945 "https://lambodraenterprisesghltd.com/src/vendor/doctrine/collections/lib/Doctrine/Common/Collections/Expr/" "Mozilla/5.0 AppleWebKit/537.36 (KHTML, like Gecko; compatible; GPTBot/1.4; +https://openai.com/gptbot)"
74.7.227.141 - - [30/Jun/2026:02:34:03 -0700] "GET /src/cache/doctrine_metadata/G/D/?C=N;O=A HTTP/1.1" 200 905 "https://mail.lambodraenterprisesghltd.com/src/cache/doctrine_metadata/G/D/?C=M;O=D" "Mozilla/5.0 AppleWebKit/537.36 (KHTML, like Gecko; compatible; GPTBot/1.4; +https://openai.com/gptbot)"
74.7.242.55 - - [30/Jun/2026:02:34:36 -0700] "GET /src/vendor/doctrine/collections/lib/Doctrine/Common/Collections/Expr/?C=D;O=A HTTP/1.1" 200 1945 "https://lambodraenterprisesghltd.com/src/vendor/doctrine/collections/lib/Doctrine/Common/Collections/Expr/" "Mozilla/5.0 AppleWebKit/537.36 (KHTML, like Gecko; compatible; GPTBot/1.4; +https://openai.com/gptbot)"
74.7.227.141 - - [30/Jun/2026:02:35:02 -0700] "GET /src/cache/doctrine_metadata/X/N/?C=S;O=A HTTP/1.1" 200 905 "https://mail.lambodraenterprisesghltd.com/src/cache/doctrine_metadata/X/N/" "Mozilla/5.0 AppleWebKit/537.36 (KHTML, like Gecko; compatible; GPTBot/1.4; +https://openai.com/gptbot)"
74.7.227.141 - - [30/Jun/2026:02:35:53 -0700] "GET /src/cache/doctrine_metadata/Q/I/?C=M;O=D HTTP/1.1" 200 905 "https://mail.lambodraenterprisesghltd.com/src/cache/doctrine_metadata/Q/I/?C=M;O=A" "Mozilla/5.0 AppleWebKit/537.36 (KHTML, like Gecko; compatible; GPTBot/1.4; +https://openai.com/gptbot)"
74.7.242.55 - - [30/Jun/2026:02:36:14 -0700] "GET /src/vendor/doctrine/collections/lib/Doctrine/Common/Collections/Expr/ExpressionVisitor.php HTTP/1.1" 200 - "https://lambodraenterprisesghltd.com/src/vendor/doctrine/collections/lib/Doctrine/Common/Collections/Expr/" "Mozilla/5.0 AppleWebKit/537.36 (KHTML, like Gecko; compatible; GPTBot/1.4; +https://openai.com/gptbot)"
74.7.227.141 - - [30/Jun/2026:02:36:35 -0700] "GET / HTTP/1.1" 200 1694 "-" "Mozilla/5.0 AppleWebKit/537.36 (KHTML, like Gecko; compatible; GPTBot/1.4; +https://openai.com/gptbot)"
74.7.242.55 - - [30/Jun/2026:02:37:16 -0700] "GET /src/vendor/symfony/filesystem/Exception/?C=S;O=D HTTP/1.1" 200 1884 "https://lambodraenterprisesghltd.com/src/vendor/symfony/filesystem/Exception/?C=S;O=A" "Mozilla/5.0 AppleWebKit/537.36 (KHTML, like Gecko; compatible; GPTBot/1.4; +https://openai.com/gptbot)"
74.7.227.141 - - [30/Jun/2026:02:37:18 -0700] "GET /src/cache/doctrine_metadata/V/L/?C=N;O=D HTTP/1.1" 200 905 "https://mail.lambodraenterprisesghltd.com/src/cache/doctrine_metadata/V/L/" "Mozilla/5.0 AppleWebKit/537.36 (KHTML, like Gecko; compatible; GPTBot/1.4; +https://openai.com/gptbot)"
74.7.227.141 - - [30/Jun/2026:02:37:56 -0700] "GET /src/cache/doctrine_metadata/Q/R/?C=N;O=D HTTP/1.1" 200 905 "https://mail.lambodraenterprisesghltd.com/src/cache/doctrine_metadata/Q/R/" "Mozilla/5.0 AppleWebKit/537.36 (KHTML, like Gecko; compatible; GPTBot/1.4; +https://openai.com/gptbot)"
74.7.242.55 - - [30/Jun/2026:02:38:15 -0700] "GET /src/vendor/symfony/filesystem/Exception/?C=D;O=D HTTP/1.1" 200 1884 "https://lambodraenterprisesghltd.com/src/vendor/symfony/filesystem/Exception/?C=D;O=A" "Mozilla/5.0 AppleWebKit/537.36 (KHTML, like Gecko; compatible; GPTBot/1.4; +https://openai.com/gptbot)"
74.7.227.141 - - [30/Jun/2026:02:38:29 -0700] "GET /src/cache/doctrine_metadata/G/N/r+TuQCVCpzWX0sAznpQQ HTTP/1.1" 200 3203 "https://mail.lambodraenterprisesghltd.com/src/cache/doctrine_metadata/G/N/?C=M;O=A" "Mozilla/5.0 AppleWebKit/537.36 (KHTML, like Gecko; compatible; GPTBot/1.4; +https://openai.com/gptbot)"
74.7.227.141 - - [30/Jun/2026:02:38:59 -0700] "GET /src/cache/doctrine_metadata/G/N/?C=M;O=D HTTP/1.1" 200 905 "https://mail.lambodraenterprisesghltd.com/src/cache/doctrine_metadata/G/N/?C=M;O=A" "Mozilla/5.0 AppleWebKit/537.36 (KHTML, like Gecko; compatible; GPTBot/1.4; +https://openai.com/gptbot)"
74.7.242.55 - - [30/Jun/2026:02:39:07 -0700] "GET /src/vendor/symfony/filesystem/Exception/?C=M;O=D HTTP/1.1" 200 1884 "https://lambodraenterprisesghltd.com/src/vendor/symfony/filesystem/Exception/?C=M;O=A" "Mozilla/5.0 AppleWebKit/537.36 (KHTML, like Gecko; compatible; GPTBot/1.4; +https://openai.com/gptbot)"
74.7.227.141 - - [30/Jun/2026:02:39:25 -0700] "GET /src/cache/doctrine_metadata/B/R/?C=S;O=D HTTP/1.1" 200 905 "https://mail.lambodraenterprisesghltd.com/src/cache/doctrine_metadata/B/R/?C=S;O=A" "Mozilla/5.0 AppleWebKit/537.36 (KHTML, like Gecko; compatible; GPTBot/1.4; +https://openai.com/gptbot)"
74.7.227.141 - - [30/Jun/2026:02:39:49 -0700] "GET /src/cache/doctrine_metadata/S/Z/?C=M;O=A HTTP/1.1" 200 905 "https://mail.lambodraenterprisesghltd.com/src/cache/doctrine_metadata/S/Z/" "Mozilla/5.0 AppleWebKit/537.36 (KHTML, like Gecko; compatible; GPTBot/1.4; +https://openai.com/gptbot)"
74.7.242.55 - - [30/Jun/2026:02:39:52 -0700] "GET /src/vendor/symfony/filesystem/Exception/?C=N;O=A HTTP/1.1" 200 1884 "https://lambodraenterprisesghltd.com/src/vendor/symfony/filesystem/Exception/?C=M;O=A" "Mozilla/5.0 AppleWebKit/537.36 (KHTML, like Gecko; compatible; GPTBot/1.4; +https://openai.com/gptbot)"
74.7.227.141 - - [30/Jun/2026:02:40:10 -0700] "GET /src/cache/doctrine_metadata/H/K/?C=N;O=A HTTP/1.1" 200 905 "https://mail.lambodraenterprisesghltd.com/src/cache/doctrine_metadata/H/K/?C=N;O=D" "Mozilla/5.0 AppleWebKit/537.36 (KHTML, like Gecko; compatible; GPTBot/1.4; +https://openai.com/gptbot)"
74.7.227.141 - - [30/Jun/2026:02:40:30 -0700] "GET /src/cache/doctrine_metadata/T/S/?C=S;O=D HTTP/1.1" 200 905 "https://mail.lambodraenterprisesghltd.com/src/cache/doctrine_metadata/T/S/?C=S;O=A" "Mozilla/5.0 AppleWebKit/537.36 (KHTML, like Gecko; compatible; GPTBot/1.4; +https://openai.com/gptbot)"
74.7.242.55 - - [30/Jun/2026:02:40:31 -0700] "GET /src/vendor/doctrine/collections/lib/Doctrine/Common/Collections/Expr/CompositeExpression.php HTTP/1.1" 500 - "https://lambodraenterprisesghltd.com/src/vendor/doctrine/collections/lib/Doctrine/Common/Collections/Expr/" "Mozilla/5.0 AppleWebKit/537.36 (KHTML, like Gecko; compatible; GPTBot/1.4; +https://openai.com/gptbot)"
198.235.24.102 - - [30/Jun/2026:02:40:51 -0700] "GET / HTTP/1.1" 200 1694 "-" "Hello from Palo Alto Networks, find out more about our scans in https://docs-cortex.paloaltonetworks.com/r/1/Cortex-Xpanse/Scanning-activity"
74.7.227.141 - - [30/Jun/2026:02:40:53 -0700] "GET /src/cache/doctrine_metadata/N/Z/?C=D;O=A HTTP/1.1" 200 1093 "https://mail.lambodraenterprisesghltd.com/src/cache/doctrine_metadata/N/Z/" "Mozilla/5.0 AppleWebKit/537.36 (KHTML, like Gecko; compatible; GPTBot/1.4; +https://openai.com/gptbot)"
217.60.241.41 - - [30/Jun/2026:02:41:02 -0700] "GET / HTTP/1.1" 200 1694 "-" "Mozilla/5.0 (Windows NT 10.0; Win64; x64) AppleWebKit/537.36"
198.235.24.81 - - [30/Jun/2026:02:41:02 -0700] "GET / HTTP/1.1" 200 1694 "-" "Hello from Palo Alto Networks, find out more about our scans in https://docs-cortex.paloaltonetworks.com/r/1/Cortex-Xpanse/Scanning-activity"
217.60.241.41 - - [30/Jun/2026:02:41:03 -0700] "GET / HTTP/1.1" 200 1694 "-" "Mozilla/5.0 (Windows NT 10.0; Win64; x64) AppleWebKit/537.36"
74.7.227.141 - - [30/Jun/2026:02:41:03 -0700] "GET /src/cache/doctrine_metadata/X/N/?C=S;O=D HTTP/1.1" 200 905 "https://mail.lambodraenterprisesghltd.com/src/cache/doctrine_metadata/X/N/?C=S;O=A" "Mozilla/5.0 AppleWebKit/537.36 (KHTML, like Gecko; compatible; GPTBot/1.4; +https://openai.com/gptbot)"
74.7.242.55 - - [30/Jun/2026:02:41:08 -0700] "GET /src/vendor/symfony/translation/Dumper/?C=D;O=A HTTP/1.1" 200 2953 "https://lambodraenterprisesghltd.com/src/vendor/symfony/translation/Dumper/" "Mozilla/5.0 AppleWebKit/537.36 (KHTML, like Gecko; compatible; GPTBot/1.4; +https://openai.com/gptbot)"
74.7.227.141 - - [30/Jun/2026:02:41:17 -0700] "GET /?C=M;O=A HTTP/1.1" 200 1694 "https://mail.lambodraenterprisesghltd.com/" "Mozilla/5.0 AppleWebKit/537.36 (KHTML, like Gecko; compatible; GPTBot/1.4; +https://openai.com/gptbot)"
74.7.227.141 - - [30/Jun/2026:02:41:30 -0700] "GET /?C=S;O=A HTTP/1.1" 200 1694 "https://mail.lambodraenterprisesghltd.com/" "Mozilla/5.0 AppleWebKit/537.36 (KHTML, like Gecko; compatible; GPTBot/1.4; +https://openai.com/gptbot)"
74.7.227.141 - - [30/Jun/2026:02:41:42 -0700] "GET /?C=N;O=D HTTP/1.1" 200 1694 "https://mail.lambodraenterprisesghltd.com/" "Mozilla/5.0 AppleWebKit/537.36 (KHTML, like Gecko; compatible; GPTBot/1.4; +https://openai.com/gptbot)"
74.7.227.141 - - [30/Jun/2026:02:41:53 -0700] "GET /?C=D;O=A HTTP/1.1" 429 17 "https://mail.lambodraenterprisesghltd.com/" "Mozilla/5.0 AppleWebKit/537.36 (KHTML, like Gecko; compatible; GPTBot/1.4; +https://openai.com/gptbot)"
217.60.241.41 - - [30/Jun/2026:02:41:56 -0700] "GET / HTTP/1.1" 200 1694 "-" "Mozilla/5.0 (Windows NT 10.0; Win64; x64) AppleWebKit/537.36"
217.60.241.41 - - [30/Jun/2026:02:41:56 -0700] "GET / HTTP/1.1" 200 1694 "-" "Mozilla/5.0 (Windows NT 10.0; Win64; x64) AppleWebKit/537.36"
74.7.227.141 - - [30/Jun/2026:02:42:02 -0700] "GET /src/cache/doctrine_metadata/X/N/?C=M;O=A HTTP/1.1" 429 17 "https://mail.lambodraenterprisesghltd.com/src/cache/doctrine_metadata/X/N/?C=S;O=A" "Mozilla/5.0 AppleWebKit/537.36 (KHTML, like Gecko; compatible; GPTBot/1.4; +https://openai.com/gptbot)"
74.7.242.55 - - [30/Jun/2026:02:42:10 -0700] "GET /src/vendor/doctrine/collections/lib/Doctrine/Common/Collections/Expr/?C=M;O=D HTTP/1.1" 200 1945 "https://lambodraenterprisesghltd.com/src/vendor/doctrine/collections/lib/Doctrine/Common/Collections/Expr/?C=M;O=A" "Mozilla/5.0 AppleWebKit/537.36 (KHTML, like Gecko; compatible; GPTBot/1.4; +https://openai.com/gptbot)"
185.12.251.124 - - [30/Jun/2026:02:42:20 -0700] "GET /robots.txt HTTP/1.1" 404 236 "-" "Mozilla/5.0 (Linux; Android 14; SM-S901B) AppleWebKit/537.36 (KHTML, like Gecko) Chrome/120.0.6099.280 Mobile Safari/537.36 OPR/80.4.4244.7786"
5.133.192.212 - - [30/Jun/2026:02:42:20 -0700] "GET / HTTP/1.1" 200 1694 "-" "Mozilla/5.0 (Linux; Android 14; SM-S901B) AppleWebKit/537.36 (KHTML, like Gecko) Chrome/120.0.6099.280 Mobile Safari/537.36 OPR/80.4.4244.7786"
74.7.227.141 - - [30/Jun/2026:02:42:29 -0700] "GET /src/cache/doctrine_metadata/H/K/?C=M;O=A HTTP/1.1" 429 17 "https://mail.lambodraenterprisesghltd.com/src/cache/doctrine_metadata/H/K/?C=S;O=A" "Mozilla/5.0 AppleWebKit/537.36 (KHTML, like Gecko; compatible; GPTBot/1.4; +https://openai.com/gptbot)"
74.7.242.55 - - [30/Jun/2026:02:43:10 -0700] "GET /src/vendor/doctrine/collections/lib/Doctrine/Common/Collections/Expr/?C=N;O=A HTTP/1.1" 200 1945 "https://lambodraenterprisesghltd.com/src/vendor/doctrine/collections/lib/Doctrine/Common/Collections/Expr/?C=N;O=D" "Mozilla/5.0 AppleWebKit/537.36 (KHTML, like Gecko; compatible; GPTBot/1.4; +https://openai.com/gptbot)"
74.7.227.141 - - [30/Jun/2026:02:43:30 -0700] "GET /src/cache/doctrine_metadata/S/Z/?C=N;O=A HTTP/1.1" 200 905 "https://mail.lambodraenterprisesghltd.com/src/cache/doctrine_metadata/S/Z/?C=M;O=A" "Mozilla/5.0 AppleWebKit/537.36 (KHTML, like Gecko; compatible; GPTBot/1.4; +https://openai.com/gptbot)"
74.7.242.55 - - [30/Jun/2026:02:43:59 -0700] "GET /src/vendor/doctrine/collections/lib/Doctrine/Common/Collections/Expr/?C=D;O=D HTTP/1.1" 200 1945 "https://lambodraenterprisesghltd.com/src/vendor/doctrine/collections/lib/Doctrine/Common/Collections/Expr/?C=D;O=A" "Mozilla/5.0 AppleWebKit/537.36 (KHTML, like Gecko; compatible; GPTBot/1.4; +https://openai.com/gptbot)"
74.7.227.141 - - [30/Jun/2026:02:44:35 -0700] "GET /src/cache/doctrine_metadata/S/Z/?C=M;O=D HTTP/1.1" 200 905 "https://mail.lambodraenterprisesghltd.com/src/cache/doctrine_metadata/S/Z/?C=M;O=A" "Mozilla/5.0 AppleWebKit/537.36 (KHTML, like Gecko; compatible; GPTBot/1.4; +https://openai.com/gptbot)"
74.7.242.55 - - [30/Jun/2026:02:44:44 -0700] "GET /src/vendor/symfony/translation/Dumper/?C=N;O=D HTTP/1.1" 200 2953 "https://lambodraenterprisesghltd.com/src/vendor/symfony/translation/Dumper/" "Mozilla/5.0 AppleWebKit/537.36 (KHTML, like Gecko; compatible; GPTBot/1.4; +https://openai.com/gptbot)"
74.7.242.55 - - [30/Jun/2026:02:45:26 -0700] "GET /src/vendor/symfony/console/Style/?C=M;O=A HTTP/1.1" 200 1269 "https://lambodraenterprisesghltd.com/src/vendor/symfony/console/Style/" "Mozilla/5.0 AppleWebKit/537.36 (KHTML, like Gecko; compatible; GPTBot/1.4; +https://openai.com/gptbot)"
74.7.227.141 - - [30/Jun/2026:02:45:31 -0700] "GET /src/cache/doctrine_metadata/D/R/?C=S;O=A HTTP/1.1" 200 905 "https://mail.lambodraenterprisesghltd.com/src/cache/doctrine_metadata/D/R/?C=N;O=D" "Mozilla/5.0 AppleWebKit/537.36 (KHTML, like Gecko; compatible; GPTBot/1.4; +https://openai.com/gptbot)"
74.7.242.55 - - [30/Jun/2026:02:46:04 -0700] "GET /src/vendor/symfony/console/Style/?C=D;O=A HTTP/1.1" 200 1269 "https://lambodraenterprisesghltd.com/src/vendor/symfony/console/Style/" "Mozilla/5.0 AppleWebKit/537.36 (KHTML, like Gecko; compatible; GPTBot/1.4; +https://openai.com/gptbot)"
74.7.227.141 - - [30/Jun/2026:02:46:24 -0700] "GET /src/cache/doctrine_metadata/N/Z/?C=S;O=A HTTP/1.1" 200 1093 "https://mail.lambodraenterprisesghltd.com/src/cache/doctrine_metadata/N/Z/?C=D;O=A" "Mozilla/5.0 AppleWebKit/537.36 (KHTML, like Gecko; compatible; GPTBot/1.4; +https://openai.com/gptbot)"
74.7.242.55 - - [30/Jun/2026:02:46:37 -0700] "GET /src/vendor/symfony/console/Style/?C=N;O=D HTTP/1.1" 200 1269 "https://lambodraenterprisesghltd.com/src/vendor/symfony/console/Style/" "Mozilla/5.0 AppleWebKit/537.36 (KHTML, like Gecko; compatible; GPTBot/1.4; +https://openai.com/gptbot)"
74.7.242.55 - - [30/Jun/2026:02:47:09 -0700] "GET /src/vendor/symfony/console/Event/?C=D;O=A HTTP/1.1" 200 1666 "https://lambodraenterprisesghltd.com/src/vendor/symfony/console/Event/" "Mozilla/5.0 AppleWebKit/537.36 (KHTML, like Gecko; compatible; GPTBot/1.4; +https://openai.com/gptbot)"
74.7.227.141 - - [30/Jun/2026:02:47:11 -0700] "GET /src/cache/doctrine_metadata/N/Z/?C=D;O=D HTTP/1.1" 200 1093 "https://mail.lambodraenterprisesghltd.com/src/cache/doctrine_metadata/N/Z/?C=D;O=A" "Mozilla/5.0 AppleWebKit/537.36 (KHTML, like Gecko; compatible; GPTBot/1.4; +https://openai.com/gptbot)"
74.7.242.55 - - [30/Jun/2026:02:47:35 -0700] "GET /src/vendor/symfony/console/Event/?C=N;O=D HTTP/1.1" 200 1666 "https://lambodraenterprisesghltd.com/src/vendor/symfony/console/Event/" "Mozilla/5.0 AppleWebKit/537.36 (KHTML, like Gecko; compatible; GPTBot/1.4; +https://openai.com/gptbot)"
74.7.227.141 - - [30/Jun/2026:02:47:54 -0700] "GET /?C=N;O=A HTTP/1.1" 200 1694 "https://mail.lambodraenterprisesghltd.com/?C=M;O=A" "Mozilla/5.0 AppleWebKit/537.36 (KHTML, like Gecko; compatible; GPTBot/1.4; +https://openai.com/gptbot)"
74.7.242.55 - - [30/Jun/2026:02:48:00 -0700] "GET /src/vendor/symfony/console/Event/?C=M;O=A HTTP/1.1" 200 1666 "https://lambodraenterprisesghltd.com/src/vendor/symfony/console/Event/" "Mozilla/5.0 AppleWebKit/537.36 (KHTML, like Gecko; compatible; GPTBot/1.4; +https://openai.com/gptbot)"
74.7.242.55 - - [30/Jun/2026:02:48:22 -0700] "GET /src/vendor/symfony/translation/Dumper/YamlFileDumper.php HTTP/1.1" 500 - "https://lambodraenterprisesghltd.com/src/vendor/symfony/translation/Dumper/?C=D;O=A" "Mozilla/5.0 AppleWebKit/537.36 (KHTML, like Gecko; compatible; GPTBot/1.4; +https://openai.com/gptbot)"
74.7.227.141 - - [30/Jun/2026:02:48:31 -0700] "GET /?C=S;O=D HTTP/1.1" 200 1694 "https://mail.lambodraenterprisesghltd.com/?C=S;O=A" "Mozilla/5.0 AppleWebKit/537.36 (KHTML, like Gecko; compatible; GPTBot/1.4; +https://openai.com/gptbot)"
74.7.242.55 - - [30/Jun/2026:02:48:41 -0700] "GET /src/vendor/symfony/translation/Dumper/JsonFileDumper.php HTTP/1.1" 500 - "https://lambodraenterprisesghltd.com/src/vendor/symfony/translation/Dumper/?C=D;O=A" "Mozilla/5.0 AppleWebKit/537.36 (KHTML, like Gecko; compatible; GPTBot/1.4; +https://openai.com/gptbot)"
74.7.227.141 - - [30/Jun/2026:02:49:04 -0700] "GET /?C=M;O=D HTTP/1.1" 200 1694 "https://mail.lambodraenterprisesghltd.com/?C=M;O=A" "Mozilla/5.0 AppleWebKit/537.36 (KHTML, like Gecko; compatible; GPTBot/1.4; +https://openai.com/gptbot)"
74.7.227.141 - - [30/Jun/2026:02:49:32 -0700] "GET /src/cache/doctrine_metadata/Y/K/?C=N;O=A HTTP/1.1" 200 905 "https://mail.lambodraenterprisesghltd.com/src/cache/doctrine_metadata/Y/K/?C=D;O=A" "Mozilla/5.0 AppleWebKit/537.36 (KHTML, like Gecko; compatible; GPTBot/1.4; +https://openai.com/gptbot)"
74.7.242.55 - - [30/Jun/2026:02:49:42 -0700] "GET /src/vendor/symfony/translation/Dumper/XliffFileDumper.php HTTP/1.1" 500 - "https://lambodraenterprisesghltd.com/src/vendor/symfony/translation/Dumper/?C=D;O=A" "Mozilla/5.0 AppleWebKit/537.36 (KHTML, like Gecko; compatible; GPTBot/1.4; +https://openai.com/gptbot)"
74.7.227.141 - - [30/Jun/2026:02:49:59 -0700] "GET /src/cache/doctrine_metadata/Y/H/?C=S;O=A HTTP/1.1" 200 905 "https://mail.lambodraenterprisesghltd.com/src/cache/doctrine_metadata/Y/H/" "Mozilla/5.0 AppleWebKit/537.36 (KHTML, like Gecko; compatible; GPTBot/1.4; +https://openai.com/gptbot)"
74.7.227.141 - - [30/Jun/2026:02:50:23 -0700] "GET /src/cache/doctrine_metadata/U/Q/?C=N;O=A HTTP/1.1" 200 905 "https://mail.lambodraenterprisesghltd.com/src/cache/doctrine_metadata/U/Q/?C=M;O=A" "Mozilla/5.0 AppleWebKit/537.36 (KHTML, like Gecko; compatible; GPTBot/1.4; +https://openai.com/gptbot)"
74.7.227.141 - - [30/Jun/2026:02:50:44 -0700] "GET /src/cache/doctrine_metadata/G/N/?C=S;O=A HTTP/1.1" 200 905 "https://mail.lambodraenterprisesghltd.com/src/cache/doctrine_metadata/G/N/" "Mozilla/5.0 AppleWebKit/537.36 (KHTML, like Gecko; compatible; GPTBot/1.4; +https://openai.com/gptbot)"
74.7.242.55 - - [30/Jun/2026:02:50:47 -0700] "GET /src/vendor/symfony/translation/Dumper/IcuResFileDumper.php HTTP/1.1" 500 - "https://lambodraenterprisesghltd.com/src/vendor/symfony/translation/Dumper/?C=D;O=A" "Mozilla/5.0 AppleWebKit/537.36 (KHTML, like Gecko; compatible; GPTBot/1.4; +https://openai.com/gptbot)"
74.7.227.141 - - [30/Jun/2026:02:51:05 -0700] "GET /src/cache/doctrine_metadata/V/L/?C=D;O=A HTTP/1.1" 200 905 "https://mail.lambodraenterprisesghltd.com/src/cache/doctrine_metadata/V/L/" "Mozilla/5.0 AppleWebKit/537.36 (KHTML, like Gecko; compatible; GPTBot/1.4; +https://openai.com/gptbot)"
74.7.227.141 - - [30/Jun/2026:02:51:23 -0700] "GET /src/cache/doctrine_metadata/D/R/?C=S;O=D HTTP/1.1" 200 905 "https://mail.lambodraenterprisesghltd.com/src/cache/doctrine_metadata/D/R/?C=S;O=A" "Mozilla/5.0 AppleWebKit/537.36 (KHTML, like Gecko; compatible; GPTBot/1.4; +https://openai.com/gptbot)"
66.249.75.40 - - [30/Jun/2026:02:51:32 -0700] "GET / HTTP/1.1" 200 1694 "-" "Mozilla/5.0 (compatible; Googlebot/2.1; +http://www.google.com/bot.html)"
74.7.227.141 - - [30/Jun/2026:02:51:38 -0700] "GET /src/cache/doctrine_metadata/Q/I/?C=N;O=D HTTP/1.1" 200 905 "https://mail.lambodraenterprisesghltd.com/src/cache/doctrine_metadata/Q/I/" "Mozilla/5.0 AppleWebKit/537.36 (KHTML, like Gecko; compatible; GPTBot/1.4; +https://openai.com/gptbot)"
74.7.242.55 - - [30/Jun/2026:02:51:51 -0700] "GET /src/vendor/symfony/translation/Dumper/FileDumper.php HTTP/1.1" 500 - "https://lambodraenterprisesghltd.com/src/vendor/symfony/translation/Dumper/?C=D;O=A" "Mozilla/5.0 AppleWebKit/537.36 (KHTML, like Gecko; compatible; GPTBot/1.4; +https://openai.com/gptbot)"
74.7.227.141 - - [30/Jun/2026:02:51:52 -0700] "GET /src/cache/doctrine_metadata/D/F/?C=S;O=A HTTP/1.1" 200 905 "https://mail.lambodraenterprisesghltd.com/src/cache/doctrine_metadata/D/F/" "Mozilla/5.0 AppleWebKit/537.36 (KHTML, like Gecko; compatible; GPTBot/1.4; +https://openai.com/gptbot)"
147.185.132.109 - - [30/Jun/2026:02:51:55 -0700] "GET / HTTP/1.1" 200 1694 "-" "Hello from Palo Alto Networks, find out more about our scans in https://docs-cortex.paloaltonetworks.com/r/1/Cortex-Xpanse/Scanning-activity"
74.7.227.141 - - [30/Jun/2026:02:52:05 -0700] "GET /?C=D;O=A HTTP/1.1" 200 1694 "https://mail.lambodraenterprisesghltd.com/?C=N;O=A" "Mozilla/5.0 AppleWebKit/537.36 (KHTML, like Gecko; compatible; GPTBot/1.4; +https://openai.com/gptbot)"
74.7.227.141 - - [30/Jun/2026:02:52:17 -0700] "GET /src/cache/doctrine_metadata/N/W/?C=M;O=A HTTP/1.1" 200 905 "https://mail.lambodraenterprisesghltd.com/src/cache/doctrine_metadata/N/W/" "Mozilla/5.0 AppleWebKit/537.36 (KHTML, like Gecko; compatible; GPTBot/1.4; +https://openai.com/gptbot)"
74.7.227.141 - - [30/Jun/2026:02:52:28 -0700] "GET /src/cache/doctrine_metadata/C/X/?C=N;O=A HTTP/1.1" 429 17 "https://mail.lambodraenterprisesghltd.com/src/cache/doctrine_metadata/C/X/?C=D;O=A" "Mozilla/5.0 AppleWebKit/537.36 (KHTML, like Gecko; compatible; GPTBot/1.4; +https://openai.com/gptbot)"
74.7.227.141 - - [30/Jun/2026:02:52:38 -0700] "GET /src/cache/doctrine_metadata/M/D/?C=S;O=A HTTP/1.1" 429 17 "https://mail.lambodraenterprisesghltd.com/src/cache/doctrine_metadata/M/D/" "Mozilla/5.0 AppleWebKit/537.36 (KHTML, like Gecko; compatible; GPTBot/1.4; +https://openai.com/gptbot)"
74.7.242.55 - - [30/Jun/2026:02:52:54 -0700] "GET /src/vendor/symfony/console/Style/SymfonyStyle.php HTTP/1.1" 500 - "https://lambodraenterprisesghltd.com/src/vendor/symfony/console/Style/?C=M;O=A" "Mozilla/5.0 AppleWebKit/537.36 (KHTML, like Gecko; compatible; GPTBot/1.4; +https://openai.com/gptbot)"
74.7.227.141 - - [30/Jun/2026:02:53:07 -0700] "GET /src/cache/doctrine_metadata/-/O/?C=S;O=D HTTP/1.1" 429 17 "https://mail.lambodraenterprisesghltd.com/src/cache/doctrine_metadata/-/O/?C=S;O=A" "Mozilla/5.0 AppleWebKit/537.36 (KHTML, like Gecko; compatible; GPTBot/1.4; +https://openai.com/gptbot)"
74.7.242.55 - - [30/Jun/2026:02:53:57 -0700] "GET /src/vendor/symfony/translation/Dumper/QtFileDumper.php HTTP/1.1" 500 - "https://lambodraenterprisesghltd.com/src/vendor/symfony/translation/Dumper/?C=D;O=A" "Mozilla/5.0 AppleWebKit/537.36 (KHTML, like Gecko; compatible; GPTBot/1.4; +https://openai.com/gptbot)"
74.7.227.141 - - [30/Jun/2026:02:54:07 -0700] "GET /src/cache/doctrine_metadata/G/N/?C=D;O=D HTTP/1.1" 200 905 "https://mail.lambodraenterprisesghltd.com/src/cache/doctrine_metadata/G/N/?C=D;O=A" "Mozilla/5.0 AppleWebKit/537.36 (KHTML, like Gecko; compatible; GPTBot/1.4; +https://openai.com/gptbot)"
74.7.242.55 - - [30/Jun/2026:02:54:57 -0700] "GET /src/vendor/symfony/translation/Dumper/PoFileDumper.php HTTP/1.1" 500 - "https://lambodraenterprisesghltd.com/src/vendor/symfony/translation/Dumper/?C=D;O=A" "Mozilla/5.0 AppleWebKit/537.36 (KHTML, like Gecko; compatible; GPTBot/1.4; +https://openai.com/gptbot)"
74.7.227.141 - - [30/Jun/2026:02:55:10 -0700] "GET /src/cache/doctrine_metadata/Y/U/?C=D;O=A HTTP/1.1" 200 905 "https://mail.lambodraenterprisesghltd.com/src/cache/doctrine_metadata/Y/U/" "Mozilla/5.0 AppleWebKit/537.36 (KHTML, like Gecko; compatible; GPTBot/1.4; +https://openai.com/gptbot)"
74.7.242.55 - - [30/Jun/2026:02:55:59 -0700] "GET /src/vendor/symfony/console/Event/ConsoleCommandEvent.php HTTP/1.1" 500 - "https://lambodraenterprisesghltd.com/src/vendor/symfony/console/Event/?C=D;O=A" "Mozilla/5.0 AppleWebKit/537.36 (KHTML, like Gecko; compatible; GPTBot/1.4; +https://openai.com/gptbot)"
74.7.227.141 - - [30/Jun/2026:02:56:08 -0700] "GET /src/cache/doctrine_metadata/Y/K/?C=S;O=D HTTP/1.1" 200 905 "https://mail.lambodraenterprisesghltd.com/src/cache/doctrine_metadata/Y/K/?C=S;O=A" "Mozilla/5.0 AppleWebKit/537.36 (KHTML, like Gecko; compatible; GPTBot/1.4; +https://openai.com/gptbot)"
74.7.227.141 - - [30/Jun/2026:02:56:57 -0700] "GET /src/cache/doctrine_metadata/N/Z/?C=N;O=A HTTP/1.1" 200 1093 "https://mail.lambodraenterprisesghltd.com/src/cache/doctrine_metadata/N/Z/?C=N;O=D" "Mozilla/5.0 AppleWebKit/537.36 (KHTML, like Gecko; compatible; GPTBot/1.4; +https://openai.com/gptbot)"
74.7.242.55 - - [30/Jun/2026:02:57:05 -0700] "GET /src/vendor/symfony/console/Event/ConsoleTerminateEvent.php HTTP/1.1" 500 - "https://lambodraenterprisesghltd.com/src/vendor/symfony/console/Event/?C=D;O=A" "Mozilla/5.0 AppleWebKit/537.36 (KHTML, like Gecko; compatible; GPTBot/1.4; +https://openai.com/gptbot)"
74.7.227.141 - - [30/Jun/2026:02:57:41 -0700] "GET /src/cache/doctrine_metadata/R/L/?C=M;O=A HTTP/1.1" 200 905 "https://mail.lambodraenterprisesghltd.com/src/cache/doctrine_metadata/R/L/" "Mozilla/5.0 AppleWebKit/537.36 (KHTML, like Gecko; compatible; GPTBot/1.4; +https://openai.com/gptbot)"
74.7.242.55 - - [30/Jun/2026:02:58:05 -0700] "GET /src/vendor/symfony/console/Event/ConsoleEvent.php HTTP/1.1" 500 - "https://lambodraenterprisesghltd.com/src/vendor/symfony/console/Event/?C=D;O=A" "Mozilla/5.0 AppleWebKit/537.36 (KHTML, like Gecko; compatible; GPTBot/1.4; +https://openai.com/gptbot)"
74.7.227.141 - - [30/Jun/2026:02:58:23 -0700] "GET /src/cache/doctrine_metadata/V/L/?C=S;O=A HTTP/1.1" 200 905 "https://mail.lambodraenterprisesghltd.com/src/cache/doctrine_metadata/V/L/" "Mozilla/5.0 AppleWebKit/537.36 (KHTML, like Gecko; compatible; GPTBot/1.4; +https://openai.com/gptbot)"
74.7.227.141 - - [30/Jun/2026:02:59:01 -0700] "GET /?C=D;O=D HTTP/1.1" 200 1694 "https://mail.lambodraenterprisesghltd.com/?C=D;O=A" "Mozilla/5.0 AppleWebKit/537.36 (KHTML, like Gecko; compatible; GPTBot/1.4; +https://openai.com/gptbot)"
74.7.242.55 - - [30/Jun/2026:02:59:09 -0700] "GET /src/vendor/symfony/translation/Dumper/IniFileDumper.php HTTP/1.1" 500 - "https://lambodraenterprisesghltd.com/src/vendor/symfony/translation/Dumper/?C=D;O=A" "Mozilla/5.0 AppleWebKit/537.36 (KHTML, like Gecko; compatible; GPTBot/1.4; +https://openai.com/gptbot)"
74.7.227.141 - - [30/Jun/2026:02:59:35 -0700] "GET /src/cache/doctrine_metadata/N/W/?C=M;O=D HTTP/1.1" 200 905 "https://mail.lambodraenterprisesghltd.com/src/cache/doctrine_metadata/N/W/?C=M;O=A" "Mozilla/5.0 AppleWebKit/537.36 (KHTML, like Gecko; compatible; GPTBot/1.4; +https://openai.com/gptbot)"
74.7.227.141 - - [30/Jun/2026:03:00:03 -0700] "GET /src/cache/doctrine_metadata/H/A/?C=D;O=A HTTP/1.1" 200 905 "https://mail.lambodraenterprisesghltd.com/src/cache/doctrine_metadata/H/A/" "Mozilla/5.0 AppleWebKit/537.36 (KHTML, like Gecko; compatible; GPTBot/1.4; +https://openai.com/gptbot)"
74.7.242.55 - - [30/Jun/2026:03:00:11 -0700] "GET /src/vendor/symfony/translation/Dumper/PhpFileDumper.php HTTP/1.1" 500 - "https://lambodraenterprisesghltd.com/src/vendor/symfony/translation/Dumper/?C=D;O=A" "Mozilla/5.0 AppleWebKit/537.36 (KHTML, like Gecko; compatible; GPTBot/1.4; +https://openai.com/gptbot)"
74.7.227.141 - - [30/Jun/2026:03:00:32 -0700] "GET /src/cache/doctrine_metadata/-/N/?C=M;O=A HTTP/1.1" 200 905 "https://mail.lambodraenterprisesghltd.com/src/cache/doctrine_metadata/-/N/" "Mozilla/5.0 AppleWebKit/537.36 (KHTML, like Gecko; compatible; GPTBot/1.4; +https://openai.com/gptbot)"
74.7.227.141 - - [30/Jun/2026:03:00:55 -0700] "GET /src/cache/doctrine_metadata/I/D/?C=N;O=A HTTP/1.1" 200 905 "https://mail.lambodraenterprisesghltd.com/src/cache/doctrine_metadata/I/D/?C=M;O=A" "Mozilla/5.0 AppleWebKit/537.36 (KHTML, like Gecko; compatible; GPTBot/1.4; +https://openai.com/gptbot)"
74.7.227.141 - - [30/Jun/2026:03:01:17 -0700] "GET /src/cache/doctrine_metadata/-/O/?C=M;O=D HTTP/1.1" 200 905 "https://mail.lambodraenterprisesghltd.com/src/cache/doctrine_metadata/-/O/?C=M;O=A" "Mozilla/5.0 AppleWebKit/537.36 (KHTML, like Gecko; compatible; GPTBot/1.4; +https://openai.com/gptbot)"
74.7.242.55 - - [30/Jun/2026:03:01:17 -0700] "GET /src/vendor/symfony/translation/Dumper/CsvFileDumper.php HTTP/1.1" 500 - "https://lambodraenterprisesghltd.com/src/vendor/symfony/translation/Dumper/?C=D;O=A" "Mozilla/5.0 AppleWebKit/537.36 (KHTML, like Gecko; compatible; GPTBot/1.4; +https://openai.com/gptbot)"
223.109.252.242 - - [30/Jun/2026:03:01:28 -0700] "GET / HTTP/1.1" 200 1694 "-" "Sogou web spider/4.0(+http://www.sogou.com/docs/help/webmasters.htm#07)"
74.7.227.141 - - [30/Jun/2026:03:01:37 -0700] "GET /src/cache/doctrine_metadata/Y/U/?C=D;O=D HTTP/1.1" 200 905 "https://mail.lambodraenterprisesghltd.com/src/cache/doctrine_metadata/Y/U/?C=D;O=A" "Mozilla/5.0 AppleWebKit/537.36 (KHTML, like Gecko; compatible; GPTBot/1.4; +https://openai.com/gptbot)"
