74.7.227.141 - - [30/Jun/2026:05:07:46 -0700] "GET /src/vendor/symfony/mime/Encoder/QpContentEncoder.php HTTP/1.1" 500 - "https://mail.lambodraenterprisesghltd.com/src/vendor/symfony/mime/Encoder/?C=N;O=D" "Mozilla/5.0 AppleWebKit/537.36 (KHTML, like Gecko; compatible; GPTBot/1.4; +https://openai.com/gptbot)"
74.7.242.55 - - [30/Jun/2026:05:08:17 -0700] "GET /src/lib/framework/Routing/?C=M;O=D HTTP/1.1" 200 1245 "https://lambodraenterprisesghltd.com/src/lib/framework/Routing/?C=M;O=A" "Mozilla/5.0 AppleWebKit/537.36 (KHTML, like Gecko; compatible; GPTBot/1.4; +https://openai.com/gptbot)"
74.7.227.141 - - [30/Jun/2026:05:08:49 -0700] "GET /src/vendor/symfony/mime/Encoder/Base64Encoder.php HTTP/1.1" 500 - "https://mail.lambodraenterprisesghltd.com/src/vendor/symfony/mime/Encoder/?C=N;O=D" "Mozilla/5.0 AppleWebKit/537.36 (KHTML, like Gecko; compatible; GPTBot/1.4; +https://openai.com/gptbot)"
5.133.192.136 - - [30/Jun/2026:05:08:51 -0700] "GET / HTTP/1.1" 200 1694 "-" "Mozilla/5.0 (Windows NT 10.0; Win64; x64) AppleWebKit/537.36 (KHTML, like Gecko) Chrome/105.0.0.0 Safari/537.36"
5.133.192.136 - - [30/Jun/2026:05:08:52 -0700] "GET /favicon.ico HTTP/1.1" 404 236 "-" "Mozilla/5.0 (Windows NT 10.0; Win64; x64) AppleWebKit/537.36 (KHTML, like Gecko) Chrome/105.0.0.0 Safari/537.36"
74.7.242.55 - - [30/Jun/2026:05:09:11 -0700] "GET /src/vendor/symfony/psr-http-message-bridge/Factory/UploadedFile.php HTTP/1.1" 500 - "https://lambodraenterprisesghltd.com/src/vendor/symfony/psr-http-message-bridge/Factory/?C=N;O=D" "Mozilla/5.0 AppleWebKit/537.36 (KHTML, like Gecko; compatible; GPTBot/1.4; +https://openai.com/gptbot)"
74.7.227.141 - - [30/Jun/2026:05:09:55 -0700] "GET /src/vendor/symfony/mime/Encoder/Base64ContentEncoder.php HTTP/1.1" 500 - "https://mail.lambodraenterprisesghltd.com/src/vendor/symfony/mime/Encoder/?C=N;O=D" "Mozilla/5.0 AppleWebKit/537.36 (KHTML, like Gecko; compatible; GPTBot/1.4; +https://openai.com/gptbot)"
74.7.242.55 - - [30/Jun/2026:05:10:01 -0700] "GET /src/vendor/symfony/psr-http-message-bridge/Factory/HttpFoundationFactory.php HTTP/1.1" 500 - "https://lambodraenterprisesghltd.com/src/vendor/symfony/psr-http-message-bridge/Factory/?C=N;O=D" "Mozilla/5.0 AppleWebKit/537.36 (KHTML, like Gecko; compatible; GPTBot/1.4; +https://openai.com/gptbot)"
74.7.227.141 - - [30/Jun/2026:05:10:57 -0700] "GET /src/vendor/symfony/mime/Encoder/IdnAddressEncoder.php HTTP/1.1" 500 - "https://mail.lambodraenterprisesghltd.com/src/vendor/symfony/mime/Encoder/?C=N;O=D" "Mozilla/5.0 AppleWebKit/537.36 (KHTML, like Gecko; compatible; GPTBot/1.4; +https://openai.com/gptbot)"
74.7.242.55 - - [30/Jun/2026:05:11:02 -0700] "GET /src/vendor/symfony/psr-http-message-bridge/Factory/PsrHttpFactory.php HTTP/1.1" 500 - "https://lambodraenterprisesghltd.com/src/vendor/symfony/psr-http-message-bridge/Factory/?C=N;O=D" "Mozilla/5.0 AppleWebKit/537.36 (KHTML, like Gecko; compatible; GPTBot/1.4; +https://openai.com/gptbot)"
74.7.242.55 - - [30/Jun/2026:05:12:02 -0700] "GET /src/lib/framework/Routing/?C=N;O=A HTTP/1.1" 200 1245 "https://lambodraenterprisesghltd.com/src/lib/framework/Routing/?C=D;O=A" "Mozilla/5.0 AppleWebKit/537.36 (KHTML, like Gecko; compatible; GPTBot/1.4; +https://openai.com/gptbot)"
74.7.227.141 - - [30/Jun/2026:05:12:03 -0700] "GET /src/vendor/symfony/mime/Encoder/QpMimeHeaderEncoder.php HTTP/1.1" 500 - "https://mail.lambodraenterprisesghltd.com/src/vendor/symfony/mime/Encoder/?C=N;O=D" "Mozilla/5.0 AppleWebKit/537.36 (KHTML, like Gecko; compatible; GPTBot/1.4; +https://openai.com/gptbot)"
74.7.242.55 - - [30/Jun/2026:05:13:06 -0700] "GET /src/lib/framework/Routing/?C=S;O=D HTTP/1.1" 200 1245 "https://lambodraenterprisesghltd.com/src/lib/framework/Routing/?C=S;O=A" "Mozilla/5.0 AppleWebKit/537.36 (KHTML, like Gecko; compatible; GPTBot/1.4; +https://openai.com/gptbot)"
74.7.227.141 - - [30/Jun/2026:05:13:07 -0700] "GET /src/vendor/symfony/yaml/Command/LintCommand.php HTTP/1.1" 500 - "https://mail.lambodraenterprisesghltd.com/src/vendor/symfony/yaml/Command/?C=M;O=A" "Mozilla/5.0 AppleWebKit/537.36 (KHTML, like Gecko; compatible; GPTBot/1.4; +https://openai.com/gptbot)"
74.7.242.55 - - [30/Jun/2026:05:14:05 -0700] "GET /src/vendor/symfony/psr-http-message-bridge/Factory/?C=S;O=D HTTP/1.1" 200 1334 "https://lambodraenterprisesghltd.com/src/vendor/symfony/psr-http-message-bridge/Factory/?C=S;O=A" "Mozilla/5.0 AppleWebKit/537.36 (KHTML, like Gecko; compatible; GPTBot/1.4; +https://openai.com/gptbot)"
74.7.227.141 - - [30/Jun/2026:05:14:08 -0700] "GET /src/vendor/symfony/http-foundation/Session/Flash/FlashBagInterface.php HTTP/1.1" 500 - "https://mail.lambodraenterprisesghltd.com/src/vendor/symfony/http-foundation/Session/Flash/?C=D;O=A" "Mozilla/5.0 AppleWebKit/537.36 (KHTML, like Gecko; compatible; GPTBot/1.4; +https://openai.com/gptbot)"
74.7.242.55 - - [30/Jun/2026:05:14:57 -0700] "GET /src/vendor/symfony/psr-http-message-bridge/Factory/?C=D;O=D HTTP/1.1" 200 1334 "https://lambodraenterprisesghltd.com/src/vendor/symfony/psr-http-message-bridge/Factory/?C=D;O=A" "Mozilla/5.0 AppleWebKit/537.36 (KHTML, like Gecko; compatible; GPTBot/1.4; +https://openai.com/gptbot)"
74.7.227.141 - - [30/Jun/2026:05:15:13 -0700] "GET /src/vendor/symfony/http-foundation/Session/Flash/AutoExpireFlashBag.php HTTP/1.1" 500 - "https://mail.lambodraenterprisesghltd.com/src/vendor/symfony/http-foundation/Session/Flash/?C=D;O=A" "Mozilla/5.0 AppleWebKit/537.36 (KHTML, like Gecko; compatible; GPTBot/1.4; +https://openai.com/gptbot)"
74.7.242.55 - - [30/Jun/2026:05:15:42 -0700] "GET /src/vendor/symfony/psr-http-message-bridge/Factory/?C=M;O=D HTTP/1.1" 200 1334 "https://lambodraenterprisesghltd.com/src/vendor/symfony/psr-http-message-bridge/Factory/?C=M;O=A" "Mozilla/5.0 AppleWebKit/537.36 (KHTML, like Gecko; compatible; GPTBot/1.4; +https://openai.com/gptbot)"
114.119.136.174 - - [30/Jun/2026:05:15:50 -0700] "GET /src/plugins/orangehrmCoreOAuthPlugin/ HTTP/1.1" 200 2638 "https://lambodraenterprisesghltd.com/src/plugins/?C=N%3BO%3DD" "Mozilla/5.0 (Linux; Android 7.0;) AppleWebKit/537.36 (HTML, like Gecko) Mobile Safari/537.36 (compatible; PetalBot;+https://webmaster.petalsearch.com/site/petalbot)"
74.7.227.141 - - [30/Jun/2026:05:16:17 -0700] "GET /src/vendor/symfony/http-foundation/Session/Flash/FlashBag.php HTTP/1.1" 500 - "https://mail.lambodraenterprisesghltd.com/src/vendor/symfony/http-foundation/Session/Flash/?C=D;O=A" "Mozilla/5.0 AppleWebKit/537.36 (KHTML, like Gecko; compatible; GPTBot/1.4; +https://openai.com/gptbot)"
74.7.242.55 - - [30/Jun/2026:05:16:22 -0700] "GET /src/vendor/symfony/psr-http-message-bridge/Factory/?C=N;O=A HTTP/1.1" 200 1334 "https://lambodraenterprisesghltd.com/src/vendor/symfony/psr-http-message-bridge/Factory/?C=N;O=D" "Mozilla/5.0 AppleWebKit/537.36 (KHTML, like Gecko; compatible; GPTBot/1.4; +https://openai.com/gptbot)"
74.7.242.55 - - [30/Jun/2026:05:16:58 -0700] "GET /src/plugins/orangehrmCorePlugin/entity/Listener/?C=S;O=A HTTP/1.1" 200 942 "https://lambodraenterprisesghltd.com/src/plugins/orangehrmCorePlugin/entity/Listener/" "Mozilla/5.0 AppleWebKit/537.36 (KHTML, like Gecko; compatible; GPTBot/1.4; +https://openai.com/gptbot)"
74.7.227.141 - - [30/Jun/2026:05:17:21 -0700] "GET /src/vendor/symfony/mime/Encoder/?C=D;O=D HTTP/1.1" 200 3206 "https://mail.lambodraenterprisesghltd.com/src/vendor/symfony/mime/Encoder/?C=D;O=A" "Mozilla/5.0 AppleWebKit/537.36 (KHTML, like Gecko; compatible; GPTBot/1.4; +https://openai.com/gptbot)"
114.119.129.199 - - [30/Jun/2026:05:17:22 -0700] "GET /src/plugins/orangehrmBuzzPlugin/?C=D%3BO%3DA HTTP/1.1" 200 2452 "https://lambodraenterprisesghltd.com/src/plugins/orangehrmBuzzPlugin/" "Mozilla/5.0 (Linux; Android 7.0;) AppleWebKit/537.36 (HTML, like Gecko) Mobile Safari/537.36 (compatible; PetalBot;+https://webmaster.petalsearch.com/site/petalbot)"
74.7.242.55 - - [30/Jun/2026:05:17:31 -0700] "GET /src/plugins/orangehrmPimPlugin/entity/Decorator/?C=D;O=D HTTP/1.1" 200 4139 "https://lambodraenterprisesghltd.com/src/plugins/orangehrmPimPlugin/entity/Decorator/?C=D;O=A" "Mozilla/5.0 AppleWebKit/537.36 (KHTML, like Gecko; compatible; GPTBot/1.4; +https://openai.com/gptbot)"
74.7.242.55 - - [30/Jun/2026:05:18:02 -0700] "GET /src/plugins/orangehrmCorePlugin/entity/Listener/?C=M;O=A HTTP/1.1" 200 942 "https://lambodraenterprisesghltd.com/src/plugins/orangehrmCorePlugin/entity/Listener/" "Mozilla/5.0 AppleWebKit/537.36 (KHTML, like Gecko; compatible; GPTBot/1.4; +https://openai.com/gptbot)"
74.7.227.141 - - [30/Jun/2026:05:18:27 -0700] "GET /src/vendor/symfony/yaml/Command/?C=D;O=D HTTP/1.1" 200 894 "https://mail.lambodraenterprisesghltd.com/src/vendor/symfony/yaml/Command/?C=D;O=A" "Mozilla/5.0 AppleWebKit/537.36 (KHTML, like Gecko; compatible; GPTBot/1.4; +https://openai.com/gptbot)"
74.7.242.55 - - [30/Jun/2026:05:18:29 -0700] "GET /src/plugins/orangehrmCorePlugin/entity/Listener/?C=N;O=D HTTP/1.1" 200 942 "https://lambodraenterprisesghltd.com/src/plugins/orangehrmCorePlugin/entity/Listener/" "Mozilla/5.0 AppleWebKit/537.36 (KHTML, like Gecko; compatible; GPTBot/1.4; +https://openai.com/gptbot)"
114.119.155.111 - - [30/Jun/2026:05:18:51 -0700] "GET /?SD&product-page=7 HTTP/1.1" 200 1694 "http://www.lambodraenterprisesghltd.com/?SD&product-page=7" "Mozilla/5.0 (Linux; Android 7.0;) AppleWebKit/537.36 (HTML, like Gecko) Mobile Safari/537.36 (compatible; PetalBot;+https://webmaster.petalsearch.com/site/petalbot)"
74.7.242.55 - - [30/Jun/2026:05:18:53 -0700] "GET /src/plugins/orangehrmCorePlugin/entity/Listener/?C=D;O=A HTTP/1.1" 200 942 "https://lambodraenterprisesghltd.com/src/plugins/orangehrmCorePlugin/entity/Listener/" "Mozilla/5.0 AppleWebKit/537.36 (KHTML, like Gecko; compatible; GPTBot/1.4; +https://openai.com/gptbot)"
74.7.242.55 - - [30/Jun/2026:05:19:16 -0700] "GET /src/plugins/orangehrmLeavePlugin/Mail/Processor/?C=M;O=A HTTP/1.1" 200 1367 "https://lambodraenterprisesghltd.com/src/plugins/orangehrmLeavePlugin/Mail/Processor/" "Mozilla/5.0 AppleWebKit/537.36 (KHTML, like Gecko; compatible; GPTBot/1.4; +https://openai.com/gptbot)"
74.7.227.141 - - [30/Jun/2026:05:19:26 -0700] "GET /src/vendor/symfony/mime/Encoder/?C=N;O=A HTTP/1.1" 200 3206 "https://mail.lambodraenterprisesghltd.com/src/vendor/symfony/mime/Encoder/?C=N;O=D" "Mozilla/5.0 AppleWebKit/537.36 (KHTML, like Gecko; compatible; GPTBot/1.4; +https://openai.com/gptbot)"
74.7.242.55 - - [30/Jun/2026:05:19:35 -0700] "GET /src/lib/framework/Logger/?C=S;O=A HTTP/1.1" 200 1054 "https://lambodraenterprisesghltd.com/src/lib/framework/Logger/" "Mozilla/5.0 AppleWebKit/537.36 (KHTML, like Gecko; compatible; GPTBot/1.4; +https://openai.com/gptbot)"
74.7.242.55 - - [30/Jun/2026:05:19:53 -0700] "GET /src/lib/framework/Logger/?C=M;O=A HTTP/1.1" 200 1054 "https://lambodraenterprisesghltd.com/src/lib/framework/Logger/" "Mozilla/5.0 AppleWebKit/537.36 (KHTML, like Gecko; compatible; GPTBot/1.4; +https://openai.com/gptbot)"
74.7.242.55 - - [30/Jun/2026:05:20:09 -0700] "GET /src/lib/framework/Logger/?C=N;O=D HTTP/1.1" 200 1054 "https://lambodraenterprisesghltd.com/src/lib/framework/Logger/" "Mozilla/5.0 AppleWebKit/537.36 (KHTML, like Gecko; compatible; GPTBot/1.4; +https://openai.com/gptbot)"
114.119.162.58 - - [30/Jun/2026:05:20:13 -0700] "GET /?product-page=14 HTTP/1.1" 200 1694 "http://www.lambodraenterprisesghltd.com/?product-page=14" "Mozilla/5.0 (Linux; Android 7.0;) AppleWebKit/537.36 (HTML, like Gecko) Mobile Safari/537.36 (compatible; PetalBot;+https://webmaster.petalsearch.com/site/petalbot)"
74.7.227.141 - - [30/Jun/2026:05:20:18 -0700] "GET /src/vendor/symfony/yaml/Command/?C=M;O=D HTTP/1.1" 200 894 "https://mail.lambodraenterprisesghltd.com/src/vendor/symfony/yaml/Command/?C=M;O=A" "Mozilla/5.0 AppleWebKit/537.36 (KHTML, like Gecko; compatible; GPTBot/1.4; +https://openai.com/gptbot)"
74.7.242.55 - - [30/Jun/2026:05:20:23 -0700] "GET /src/lib/framework/Logger/?C=D;O=A HTTP/1.1" 200 1054 "https://lambodraenterprisesghltd.com/src/lib/framework/Logger/" "Mozilla/5.0 AppleWebKit/537.36 (KHTML, like Gecko; compatible; GPTBot/1.4; +https://openai.com/gptbot)"
74.7.242.55 - - [30/Jun/2026:05:20:35 -0700] "GET /src/vendor/defuse/php-encryption/docs/classes/?C=D;O=A HTTP/1.1" 200 1475 "https://lambodraenterprisesghltd.com/src/vendor/defuse/php-encryption/docs/classes/" "Mozilla/5.0 AppleWebKit/537.36 (KHTML, like Gecko; compatible; GPTBot/1.4; +https://openai.com/gptbot)"
74.7.242.55 - - [30/Jun/2026:05:20:48 -0700] "GET /src/plugins/orangehrmCorePlugin/entity/Listener/BaseListener.php HTTP/1.1" 500 - "https://lambodraenterprisesghltd.com/src/plugins/orangehrmCorePlugin/entity/Listener/?C=S;O=A" "Mozilla/5.0 AppleWebKit/537.36 (KHTML, like Gecko; compatible; GPTBot/1.4; +https://openai.com/gptbot)"
74.7.242.55 - - [30/Jun/2026:05:20:58 -0700] "GET /src/plugins/orangehrmCorePlugin/entity/Listener/?C=N;O=A HTTP/1.1" 200 942 "https://lambodraenterprisesghltd.com/src/plugins/orangehrmCorePlugin/entity/Listener/?C=S;O=A" "Mozilla/5.0 AppleWebKit/537.36 (KHTML, like Gecko; compatible; GPTBot/1.4; +https://openai.com/gptbot)"
74.7.227.141 - - [30/Jun/2026:05:21:05 -0700] "GET /src/vendor/symfony/yaml/Command/?C=N;O=A HTTP/1.1" 200 894 "https://mail.lambodraenterprisesghltd.com/src/vendor/symfony/yaml/Command/?C=M;O=A" "Mozilla/5.0 AppleWebKit/537.36 (KHTML, like Gecko; compatible; GPTBot/1.4; +https://openai.com/gptbot)"
114.119.129.199 - - [30/Jun/2026:05:21:25 -0700] "GET /src/client/src/orangehrmLeavePlugin/?C=S%3BO%3DA HTTP/1.1" 200 1412 "https://lambodraenterprisesghltd.com/src/client/src/orangehrmLeavePlugin/" "Mozilla/5.0 (Linux; Android 7.0;) AppleWebKit/537.36 (HTML, like Gecko) Mobile Safari/537.36 (compatible; PetalBot;+https://webmaster.petalsearch.com/site/petalbot)"
74.7.242.55 - - [30/Jun/2026:05:21:38 -0700] "GET /src/plugins/orangehrmCorePlugin/entity/Listener/?C=M;O=D HTTP/1.1" 200 942 "https://lambodraenterprisesghltd.com/src/plugins/orangehrmCorePlugin/entity/Listener/?C=M;O=A" "Mozilla/5.0 AppleWebKit/537.36 (KHTML, like Gecko; compatible; GPTBot/1.4; +https://openai.com/gptbot)"
74.7.227.141 - - [30/Jun/2026:05:21:52 -0700] "GET /src/vendor/symfony/mime/Encoder/?C=M;O=D HTTP/1.1" 200 3206 "https://mail.lambodraenterprisesghltd.com/src/vendor/symfony/mime/Encoder/?C=M;O=A" "Mozilla/5.0 AppleWebKit/537.36 (KHTML, like Gecko; compatible; GPTBot/1.4; +https://openai.com/gptbot)"
74.7.242.55 - - [30/Jun/2026:05:22:04 -0700] "GET /src/plugins/orangehrmCorePlugin/entity/Listener/?C=S;O=D HTTP/1.1" 200 942 "https://lambodraenterprisesghltd.com/src/plugins/orangehrmCorePlugin/entity/Listener/?C=S;O=A" "Mozilla/5.0 AppleWebKit/537.36 (KHTML, like Gecko; compatible; GPTBot/1.4; +https://openai.com/gptbot)"
74.7.227.141 - - [30/Jun/2026:05:22:24 -0700] "GET /src/vendor/symfony/mime/Encoder/?C=S;O=D HTTP/1.1" 200 3206 "https://mail.lambodraenterprisesghltd.com/src/vendor/symfony/mime/Encoder/?C=S;O=A" "Mozilla/5.0 AppleWebKit/537.36 (KHTML, like Gecko; compatible; GPTBot/1.4; +https://openai.com/gptbot)"
74.7.242.55 - - [30/Jun/2026:05:22:24 -0700] "GET /src/plugins/orangehrmCorePlugin/entity/Listener/?C=D;O=D HTTP/1.1" 200 942 "https://lambodraenterprisesghltd.com/src/plugins/orangehrmCorePlugin/entity/Listener/?C=D;O=A" "Mozilla/5.0 AppleWebKit/537.36 (KHTML, like Gecko; compatible; GPTBot/1.4; +https://openai.com/gptbot)"
74.7.242.55 - - [30/Jun/2026:05:22:48 -0700] "GET /src/plugins/orangehrmLeavePlugin/Mail/Processor/?C=M;O=D HTTP/1.1" 200 1367 "https://lambodraenterprisesghltd.com/src/plugins/orangehrmLeavePlugin/Mail/Processor/?C=M;O=A" "Mozilla/5.0 AppleWebKit/537.36 (KHTML, like Gecko; compatible; GPTBot/1.4; +https://openai.com/gptbot)"
114.119.153.56 - - [30/Jun/2026:05:22:49 -0700] "GET /?SD HTTP/1.1" 200 1694 "http://www.lambodraenterprisesghltd.com/?SD" "Mozilla/5.0 (Linux; Android 7.0;) AppleWebKit/537.36 (HTML, like Gecko) Mobile Safari/537.36 (compatible; PetalBot;+https://webmaster.petalsearch.com/site/petalbot)"
74.7.227.141 - - [30/Jun/2026:05:22:57 -0700] "GET /src/vendor/symfony/yaml/Command/?C=S;O=D HTTP/1.1" 200 894 "https://mail.lambodraenterprisesghltd.com/src/vendor/symfony/yaml/Command/?C=S;O=A" "Mozilla/5.0 AppleWebKit/537.36 (KHTML, like Gecko; compatible; GPTBot/1.4; +https://openai.com/gptbot)"
74.7.242.55 - - [30/Jun/2026:05:23:08 -0700] "GET /src/lib/framework/Logger/Logger.php HTTP/1.1" 500 - "https://lambodraenterprisesghltd.com/src/lib/framework/Logger/?C=S;O=A" "Mozilla/5.0 AppleWebKit/537.36 (KHTML, like Gecko; compatible; GPTBot/1.4; +https://openai.com/gptbot)"
49.51.33.159 - - [30/Jun/2026:05:23:13 -0700] "GET / HTTP/1.1" 200 1694 "-" "Mozilla/5.0 (iPhone; CPU iPhone OS 13_2_3 like Mac OS X) AppleWebKit/605.1.15 (KHTML, like Gecko) Version/13.0.3 Mobile/15E148 Safari/604.1"
80.118.219.220 - - [30/Jun/2026:05:23:20 -0700] "GET /src/?C=S;O=A HTTP/1.1" 200 2212 "-" "Mozilla/5.0 (Macintosh; Intel Mac OS X 15_2_1) AppleWebKit/537.36 (KHTML, like Gecko) Chrome/131.0.6778.139 Safari/537.36"
74.7.242.55 - - [30/Jun/2026:05:23:26 -0700] "GET /src/lib/framework/Logger/?C=N;O=A HTTP/1.1" 200 1054 "https://lambodraenterprisesghltd.com/src/lib/framework/Logger/?C=S;O=A" "Mozilla/5.0 AppleWebKit/537.36 (KHTML, like Gecko; compatible; GPTBot/1.4; +https://openai.com/gptbot)"
74.7.227.141 - - [30/Jun/2026:05:23:28 -0700] "GET /src/vendor/symfony/http-foundation/Session/Flash/?C=M;O=A HTTP/1.1" 200 1323 "https://mail.lambodraenterprisesghltd.com/src/vendor/symfony/http-foundation/Session/Flash/" "Mozilla/5.0 AppleWebKit/537.36 (KHTML, like Gecko; compatible; GPTBot/1.4; +https://openai.com/gptbot)"
74.7.227.141 - - [30/Jun/2026:05:23:56 -0700] "GET /src/vendor/symfony/http-foundation/Session/Flash/?C=N;O=D HTTP/1.1" 200 1323 "https://mail.lambodraenterprisesghltd.com/src/vendor/symfony/http-foundation/Session/Flash/" "Mozilla/5.0 AppleWebKit/537.36 (KHTML, like Gecko; compatible; GPTBot/1.4; +https://openai.com/gptbot)"
114.119.136.174 - - [30/Jun/2026:05:24:13 -0700] "GET /?MD&product-page=4 HTTP/1.1" 200 1694 "http://www.lambodraenterprisesghltd.com/?MD&product-page=4" "Mozilla/5.0 (Linux; Android 7.0;) AppleWebKit/537.36 (HTML, like Gecko) Mobile Safari/537.36 (compatible; PetalBot;+https://webmaster.petalsearch.com/site/petalbot)"
74.7.242.55 - - [30/Jun/2026:05:24:20 -0700] "GET /src/lib/framework/Logger/?C=M;O=D HTTP/1.1" 200 1054 "https://lambodraenterprisesghltd.com/src/lib/framework/Logger/?C=M;O=A" "Mozilla/5.0 AppleWebKit/537.36 (KHTML, like Gecko; compatible; GPTBot/1.4; +https://openai.com/gptbot)"
74.7.227.141 - - [30/Jun/2026:05:24:20 -0700] "GET /src/vendor/symfony/http-foundation/Session/Flash/?C=N;O=A HTTP/1.1" 200 1323 "https://mail.lambodraenterprisesghltd.com/src/vendor/symfony/http-foundation/Session/Flash/?C=D;O=A" "Mozilla/5.0 AppleWebKit/537.36 (KHTML, like Gecko; compatible; GPTBot/1.4; +https://openai.com/gptbot)"
74.7.227.141 - - [30/Jun/2026:05:24:42 -0700] "GET /src/vendor/symfony/http-foundation/Session/Flash/?C=D;O=D HTTP/1.1" 200 1323 "https://mail.lambodraenterprisesghltd.com/src/vendor/symfony/http-foundation/Session/Flash/?C=D;O=A" "Mozilla/5.0 AppleWebKit/537.36 (KHTML, like Gecko; compatible; GPTBot/1.4; +https://openai.com/gptbot)"
74.7.227.141 - - [30/Jun/2026:05:25:02 -0700] "GET /src/vendor/symfony/http-foundation/Session/Flash/?C=S;O=A HTTP/1.1" 200 1323 "https://mail.lambodraenterprisesghltd.com/src/vendor/symfony/http-foundation/Session/Flash/" "Mozilla/5.0 AppleWebKit/537.36 (KHTML, like Gecko; compatible; GPTBot/1.4; +https://openai.com/gptbot)"
74.7.242.55 - - [30/Jun/2026:05:25:08 -0700] "GET /src/lib/framework/Logger/?C=D;O=D HTTP/1.1" 200 1054 "https://lambodraenterprisesghltd.com/src/lib/framework/Logger/?C=D;O=A" "Mozilla/5.0 AppleWebKit/537.36 (KHTML, like Gecko; compatible; GPTBot/1.4; +https://openai.com/gptbot)"
74.7.227.141 - - [30/Jun/2026:05:25:21 -0700] "GET /crm/skin/external/inputmask/jquery.inputmask.min.js?v=1773093624 HTTP/1.1" 200 117412 "https://mail.lambodraenterprisesghltd.com/crm/" "Mozilla/5.0 AppleWebKit/537.36 (KHTML, like Gecko; compatible; GPTBot/1.4; +https://openai.com/gptbot)"
74.7.227.141 - - [30/Jun/2026:05:25:38 -0700] "GET /src/vendor/symfony/cache/Traits/?C=D;O=A HTTP/1.1" 200 2407 "https://mail.lambodraenterprisesghltd.com/src/vendor/symfony/cache/Traits/" "Mozilla/5.0 AppleWebKit/537.36 (KHTML, like Gecko; compatible; GPTBot/1.4; +https://openai.com/gptbot)"
74.7.227.141 - - [30/Jun/2026:05:25:52 -0700] "GET /src/vendor/symfony/cache/Traits/?C=M;O=A HTTP/1.1" 200 2407 "https://mail.lambodraenterprisesghltd.com/src/vendor/symfony/cache/Traits/" "Mozilla/5.0 AppleWebKit/537.36 (KHTML, like Gecko; compatible; GPTBot/1.4; +https://openai.com/gptbot)"
74.7.242.55 - - [30/Jun/2026:05:25:55 -0700] "GET /src/lib/framework/Logger/?C=S;O=D HTTP/1.1" 200 1054 "https://lambodraenterprisesghltd.com/src/lib/framework/Logger/?C=S;O=A" "Mozilla/5.0 AppleWebKit/537.36 (KHTML, like Gecko; compatible; GPTBot/1.4; +https://openai.com/gptbot)"
74.7.227.141 - - [30/Jun/2026:05:26:05 -0700] "GET /src/vendor/symfony/cache/Traits/?C=N;O=D HTTP/1.1" 200 2407 "https://mail.lambodraenterprisesghltd.com/src/vendor/symfony/cache/Traits/" "Mozilla/5.0 AppleWebKit/537.36 (KHTML, like Gecko; compatible; GPTBot/1.4; +https://openai.com/gptbot)"
74.7.227.141 - - [30/Jun/2026:05:26:16 -0700] "GET /src/vendor/symfony/cache/Traits/?C=S;O=A HTTP/1.1" 200 2407 "https://mail.lambodraenterprisesghltd.com/src/vendor/symfony/cache/Traits/" "Mozilla/5.0 AppleWebKit/537.36 (KHTML, like Gecko; compatible; GPTBot/1.4; +https://openai.com/gptbot)"
74.7.227.141 - - [30/Jun/2026:05:26:26 -0700] "GET /src/vendor/doctrine/annotations/lib/Doctrine/Common/Annotations/ImplicitlyIgnoredAnnotationNames.php HTTP/1.1" 200 - "https://mail.lambodraenterprisesghltd.com/src/vendor/doctrine/annotations/lib/Doctrine/Common/Annotations/" "Mozilla/5.0 AppleWebKit/537.36 (KHTML, like Gecko; compatible; GPTBot/1.4; +https://openai.com/gptbot)"
74.7.227.141 - - [30/Jun/2026:05:26:36 -0700] "GET /src/vendor/symfony/http-foundation/Session/Flash/?C=M;O=D HTTP/1.1" 200 1323 "https://mail.lambodraenterprisesghltd.com/src/vendor/symfony/http-foundation/Session/Flash/?C=M;O=A" "Mozilla/5.0 AppleWebKit/537.36 (KHTML, like Gecko; compatible; GPTBot/1.4; +https://openai.com/gptbot)"
74.7.242.55 - - [30/Jun/2026:05:26:37 -0700] "GET /src/vendor/defuse/php-encryption/docs/classes/?C=N;O=D HTTP/1.1" 200 1475 "https://lambodraenterprisesghltd.com/src/vendor/defuse/php-encryption/docs/classes/" "Mozilla/5.0 AppleWebKit/537.36 (KHTML, like Gecko; compatible; GPTBot/1.4; +https://openai.com/gptbot)"
74.7.227.141 - - [30/Jun/2026:05:26:45 -0700] "GET /src/vendor/symfony/yaml/Exception/?C=M;O=A HTTP/1.1" 200 1464 "https://mail.lambodraenterprisesghltd.com/src/vendor/symfony/yaml/Exception/" "Mozilla/5.0 AppleWebKit/537.36 (KHTML, like Gecko; compatible; GPTBot/1.4; +https://openai.com/gptbot)"
74.7.227.141 - - [30/Jun/2026:05:26:53 -0700] "GET /src/vendor/symfony/ldap/Exception/?C=S;O=A HTTP/1.1" 200 2467 "https://mail.lambodraenterprisesghltd.com/src/vendor/symfony/ldap/Exception/" "Mozilla/5.0 AppleWebKit/537.36 (KHTML, like Gecko; compatible; GPTBot/1.4; +https://openai.com/gptbot)"
74.7.227.141 - - [30/Jun/2026:05:27:00 -0700] "GET /src/vendor/symfony/ldap/Exception/?C=N;O=D HTTP/1.1" 200 2467 "https://mail.lambodraenterprisesghltd.com/src/vendor/symfony/ldap/Exception/" "Mozilla/5.0 AppleWebKit/537.36 (KHTML, like Gecko; compatible; GPTBot/1.4; +https://openai.com/gptbot)"
74.7.227.141 - - [30/Jun/2026:05:27:06 -0700] "GET /src/vendor/symfony/http-foundation/Session/Flash/?C=S;O=D HTTP/1.1" 200 1323 "https://mail.lambodraenterprisesghltd.com/src/vendor/symfony/http-foundation/Session/Flash/?C=S;O=A" "Mozilla/5.0 AppleWebKit/537.36 (KHTML, like Gecko; compatible; GPTBot/1.4; +https://openai.com/gptbot)"
74.7.227.141 - - [30/Jun/2026:05:27:12 -0700] "GET /src/vendor/symfony/lock/Exception/?C=N;O=D HTTP/1.1" 200 2674 "https://mail.lambodraenterprisesghltd.com/src/vendor/symfony/lock/Exception/" "Mozilla/5.0 AppleWebKit/537.36 (KHTML, like Gecko; compatible; GPTBot/1.4; +https://openai.com/gptbot)"
74.7.242.55 - - [30/Jun/2026:05:27:15 -0700] "GET /src/vendor/defuse/php-encryption/docs/classes/?C=S;O=A HTTP/1.1" 200 1475 "https://lambodraenterprisesghltd.com/src/vendor/defuse/php-encryption/docs/classes/" "Mozilla/5.0 AppleWebKit/537.36 (KHTML, like Gecko; compatible; GPTBot/1.4; +https://openai.com/gptbot)"
74.7.227.141 - - [30/Jun/2026:05:27:17 -0700] "GET /src/vendor/symfony/cache/Traits/AbstractAdapterTrait.php HTTP/1.1" 500 - "https://mail.lambodraenterprisesghltd.com/src/vendor/symfony/cache/Traits/?C=D;O=A" "Mozilla/5.0 AppleWebKit/537.36 (KHTML, like Gecko; compatible; GPTBot/1.4; +https://openai.com/gptbot)"
74.7.227.141 - - [30/Jun/2026:05:27:21 -0700] "GET /src/vendor/symfony/cache/Traits/FilesystemTrait.php HTTP/1.1" 500 - "https://mail.lambodraenterprisesghltd.com/src/vendor/symfony/cache/Traits/?C=D;O=A" "Mozilla/5.0 AppleWebKit/537.36 (KHTML, like Gecko; compatible; GPTBot/1.4; +https://openai.com/gptbot)"
74.7.227.141 - - [30/Jun/2026:05:27:34 -0700] "GET /src/vendor/symfony/cache/Traits/ContractsTrait.php HTTP/1.1" 500 - "https://mail.lambodraenterprisesghltd.com/src/vendor/symfony/cache/Traits/?C=D;O=A" "Mozilla/5.0 AppleWebKit/537.36 (KHTML, like Gecko; compatible; GPTBot/1.4; +https://openai.com/gptbot)"
74.7.242.55 - - [30/Jun/2026:05:27:48 -0700] "GET /src/vendor/defuse/php-encryption/docs/classes/?C=D;O=D HTTP/1.1" 200 1475 "https://lambodraenterprisesghltd.com/src/vendor/defuse/php-encryption/docs/classes/?C=D;O=A" "Mozilla/5.0 AppleWebKit/537.36 (KHTML, like Gecko; compatible; GPTBot/1.4; +https://openai.com/gptbot)"
74.7.227.141 - - [30/Jun/2026:05:28:15 -0700] "GET /src/vendor/symfony/cache/Traits/?C=M;O=D HTTP/1.1" 200 2407 "https://mail.lambodraenterprisesghltd.com/src/vendor/symfony/cache/Traits/?C=M;O=A" "Mozilla/5.0 AppleWebKit/537.36 (KHTML, like Gecko; compatible; GPTBot/1.4; +https://openai.com/gptbot)"
74.7.242.55 - - [30/Jun/2026:05:28:17 -0700] "GET /src/vendor/defuse/php-encryption/docs/classes/?C=M;O=A HTTP/1.1" 200 1475 "https://lambodraenterprisesghltd.com/src/vendor/defuse/php-encryption/docs/classes/" "Mozilla/5.0 AppleWebKit/537.36 (KHTML, like Gecko; compatible; GPTBot/1.4; +https://openai.com/gptbot)"
74.7.242.55 - - [30/Jun/2026:05:28:44 -0700] "GET /src/vendor/defuse/php-encryption/docs/classes/?C=N;O=A HTTP/1.1" 200 1475 "https://lambodraenterprisesghltd.com/src/vendor/defuse/php-encryption/docs/classes/?C=D;O=A" "Mozilla/5.0 AppleWebKit/537.36 (KHTML, like Gecko; compatible; GPTBot/1.4; +https://openai.com/gptbot)"
74.7.242.55 - - [30/Jun/2026:05:29:08 -0700] "GET /src/vendor/doctrine/annotations/docs/en/index.rst HTTP/1.1" 200 3569 "https://lambodraenterprisesghltd.com/src/vendor/doctrine/annotations/docs/en/" "Mozilla/5.0 AppleWebKit/537.36 (KHTML, like Gecko; compatible; GPTBot/1.4; +https://openai.com/gptbot)"
74.7.227.141 - - [30/Jun/2026:05:29:21 -0700] "GET /src/vendor/symfony/cache/Traits/?C=D;O=D HTTP/1.1" 200 2407 "https://mail.lambodraenterprisesghltd.com/src/vendor/symfony/cache/Traits/?C=D;O=A" "Mozilla/5.0 AppleWebKit/537.36 (KHTML, like Gecko; compatible; GPTBot/1.4; +https://openai.com/gptbot)"
74.7.230.16 - - [30/Jun/2026:05:29:21 -0700] "GET /robots.txt HTTP/1.1" 404 236 "-" "Mozilla/5.0 (Macintosh; Intel Mac OS X 10_15_7) AppleWebKit/537.36 (KHTML, like Gecko) Chrome/131.0.0.0 Safari/537.36; compatible; OAI-SearchBot/1.4; robots.txt; +https://openai.com/searchbot"
74.7.242.55 - - [30/Jun/2026:05:29:29 -0700] "GET /src/vendor/doctrine/collections/lib/Doctrine/Common/Collections/Selectable.php HTTP/1.1" 200 - "https://lambodraenterprisesghltd.com/src/vendor/doctrine/collections/lib/Doctrine/Common/Collections/" "Mozilla/5.0 AppleWebKit/537.36 (KHTML, like Gecko; compatible; GPTBot/1.4; +https://openai.com/gptbot)"
74.7.242.55 - - [30/Jun/2026:05:29:49 -0700] "GET /src/vendor/doctrine/collections/lib/Doctrine/Common/Collections/Criteria.php HTTP/1.1" 200 - "https://lambodraenterprisesghltd.com/src/vendor/doctrine/collections/lib/Doctrine/Common/Collections/" "Mozilla/5.0 AppleWebKit/537.36 (KHTML, like Gecko; compatible; GPTBot/1.4; +https://openai.com/gptbot)"
74.7.242.55 - - [30/Jun/2026:05:30:07 -0700] "GET /src/vendor/symfony/http-foundation/File/?C=S;O=A HTTP/1.1" 200 1454 "https://lambodraenterprisesghltd.com/src/vendor/symfony/http-foundation/File/" "Mozilla/5.0 AppleWebKit/537.36 (KHTML, like Gecko; compatible; GPTBot/1.4; +https://openai.com/gptbot)"
74.7.227.141 - - [30/Jun/2026:05:30:16 -0700] "GET /src/vendor/symfony/cache/Traits/?C=S;O=D HTTP/1.1" 200 2407 "https://mail.lambodraenterprisesghltd.com/src/vendor/symfony/cache/Traits/?C=S;O=A" "Mozilla/5.0 AppleWebKit/537.36 (KHTML, like Gecko; compatible; GPTBot/1.4; +https://openai.com/gptbot)"
74.7.242.55 - - [30/Jun/2026:05:30:22 -0700] "GET /src/vendor/symfony/http-foundation/File/?C=N;O=D HTTP/1.1" 200 1454 "https://lambodraenterprisesghltd.com/src/vendor/symfony/http-foundation/File/" "Mozilla/5.0 AppleWebKit/537.36 (KHTML, like Gecko; compatible; GPTBot/1.4; +https://openai.com/gptbot)"
74.7.242.55 - - [30/Jun/2026:05:30:37 -0700] "GET /src/vendor/symfony/http-foundation/File/?C=D;O=A HTTP/1.1" 200 1454 "https://lambodraenterprisesghltd.com/src/vendor/symfony/http-foundation/File/" "Mozilla/5.0 AppleWebKit/537.36 (KHTML, like Gecko; compatible; GPTBot/1.4; +https://openai.com/gptbot)"
74.7.242.55 - - [30/Jun/2026:05:30:49 -0700] "GET /src/vendor/symfony/http-kernel/Fragment/?C=N;O=D HTTP/1.1" 200 2705 "https://lambodraenterprisesghltd.com/src/vendor/symfony/http-kernel/Fragment/" "Mozilla/5.0 AppleWebKit/537.36 (KHTML, like Gecko; compatible; GPTBot/1.4; +https://openai.com/gptbot)"
74.7.242.55 - - [30/Jun/2026:05:31:01 -0700] "GET /src/vendor/defuse/php-encryption/docs/classes/?C=S;O=D HTTP/1.1" 200 1475 "https://lambodraenterprisesghltd.com/src/vendor/defuse/php-encryption/docs/classes/?C=S;O=A" "Mozilla/5.0 AppleWebKit/537.36 (KHTML, like Gecko; compatible; GPTBot/1.4; +https://openai.com/gptbot)"
74.7.227.141 - - [30/Jun/2026:05:31:09 -0700] "GET /src/vendor/symfony/yaml/Exception/DumpException.php HTTP/1.1" 500 - "https://mail.lambodraenterprisesghltd.com/src/vendor/symfony/yaml/Exception/?C=M;O=A" "Mozilla/5.0 AppleWebKit/537.36 (KHTML, like Gecko; compatible; GPTBot/1.4; +https://openai.com/gptbot)"
74.7.242.55 - - [30/Jun/2026:05:31:12 -0700] "GET /src/vendor/symfony/http-kernel/Fragment/?C=D;O=A HTTP/1.1" 200 2705 "https://lambodraenterprisesghltd.com/src/vendor/symfony/http-kernel/Fragment/" "Mozilla/5.0 AppleWebKit/537.36 (KHTML, like Gecko; compatible; GPTBot/1.4; +https://openai.com/gptbot)"
74.7.242.55 - - [30/Jun/2026:05:31:21 -0700] "GET /src/vendor/defuse/php-encryption/docs/classes/?C=M;O=D HTTP/1.1" 200 1475 "https://lambodraenterprisesghltd.com/src/vendor/defuse/php-encryption/docs/classes/?C=M;O=A" "Mozilla/5.0 AppleWebKit/537.36 (KHTML, like Gecko; compatible; GPTBot/1.4; +https://openai.com/gptbot)"
74.7.242.55 - - [30/Jun/2026:05:31:30 -0700] "GET /src/vendor/symfony/http-kernel/Fragment/?C=S;O=A HTTP/1.1" 200 2705 "https://lambodraenterprisesghltd.com/src/vendor/symfony/http-kernel/Fragment/" "Mozilla/5.0 AppleWebKit/537.36 (KHTML, like Gecko; compatible; GPTBot/1.4; +https://openai.com/gptbot)"
74.7.242.55 - - [30/Jun/2026:05:31:37 -0700] "GET /src/vendor/symfony/var-dumper/Exception/?C=S;O=A HTTP/1.1" 200 931 "https://lambodraenterprisesghltd.com/src/vendor/symfony/var-dumper/Exception/" "Mozilla/5.0 AppleWebKit/537.36 (KHTML, like Gecko; compatible; GPTBot/1.4; +https://openai.com/gptbot)"
74.7.242.55 - - [30/Jun/2026:05:31:44 -0700] "GET /src/vendor/symfony/var-dumper/Exception/?C=M;O=A HTTP/1.1" 200 931 "https://lambodraenterprisesghltd.com/src/vendor/symfony/var-dumper/Exception/" "Mozilla/5.0 AppleWebKit/537.36 (KHTML, like Gecko; compatible; GPTBot/1.4; +https://openai.com/gptbot)"
74.7.242.55 - - [30/Jun/2026:05:31:51 -0700] "GET /src/vendor/symfony/http-kernel/Fragment/?C=M;O=A HTTP/1.1" 200 2705 "https://lambodraenterprisesghltd.com/src/vendor/symfony/http-kernel/Fragment/" "Mozilla/5.0 AppleWebKit/537.36 (KHTML, like Gecko; compatible; GPTBot/1.4; +https://openai.com/gptbot)"
74.7.227.141 - - [30/Jun/2026:05:31:55 -0700] "GET /src/vendor/symfony/ldap/Exception/InvalidCredentialsException.php HTTP/1.1" 500 - "https://mail.lambodraenterprisesghltd.com/src/vendor/symfony/ldap/Exception/?C=S;O=A" "Mozilla/5.0 AppleWebKit/537.36 (KHTML, like Gecko; compatible; GPTBot/1.4; +https://openai.com/gptbot)"
74.7.242.55 - - [30/Jun/2026:05:31:56 -0700] "GET /src/vendor/symfony/http-foundation/File/UploadedFile.php HTTP/1.1" 500 - "https://lambodraenterprisesghltd.com/src/vendor/symfony/http-foundation/File/?C=S;O=A" "Mozilla/5.0 AppleWebKit/537.36 (KHTML, like Gecko; compatible; GPTBot/1.4; +https://openai.com/gptbot)"
74.7.242.55 - - [30/Jun/2026:05:32:01 -0700] "GET /src/vendor/symfony/http-foundation/File/Stream.php HTTP/1.1" 500 - "https://lambodraenterprisesghltd.com/src/vendor/symfony/http-foundation/File/?C=S;O=A" "Mozilla/5.0 AppleWebKit/537.36 (KHTML, like Gecko; compatible; GPTBot/1.4; +https://openai.com/gptbot)"
74.7.242.55 - - [30/Jun/2026:05:32:16 -0700] "GET /src/vendor/symfony/http-foundation/File/?C=D;O=D HTTP/1.1" 200 1454 "https://lambodraenterprisesghltd.com/src/vendor/symfony/http-foundation/File/?C=D;O=A" "Mozilla/5.0 AppleWebKit/537.36 (KHTML, like Gecko; compatible; GPTBot/1.4; +https://openai.com/gptbot)"
114.119.162.58 - - [30/Jun/2026:05:32:22 -0700] "GET /bin/ HTTP/1.1" 200 806 "http://www.lambodraenterprisesghltd.com/?NA&product-page=12" "Mozilla/5.0 (Linux; Android 7.0;) AppleWebKit/537.36 (HTML, like Gecko) Mobile Safari/537.36 (compatible; PetalBot;+https://webmaster.petalsearch.com/site/petalbot)"
74.7.227.141 - - [30/Jun/2026:05:33:01 -0700] "GET /src/vendor/symfony/ldap/Exception/AlreadyExistsException.php HTTP/1.1" 500 - "https://mail.lambodraenterprisesghltd.com/src/vendor/symfony/ldap/Exception/?C=S;O=A" "Mozilla/5.0 AppleWebKit/537.36 (KHTML, like Gecko; compatible; GPTBot/1.4; +https://openai.com/gptbot)"
74.7.242.55 - - [30/Jun/2026:05:33:01 -0700] "GET /src/vendor/symfony/http-kernel/Fragment/RoutableFragmentRenderer.php HTTP/1.1" 500 - "https://lambodraenterprisesghltd.com/src/vendor/symfony/http-kernel/Fragment/?C=N;O=D" "Mozilla/5.0 AppleWebKit/537.36 (KHTML, like Gecko; compatible; GPTBot/1.4; +https://openai.com/gptbot)"
74.7.242.55 - - [30/Jun/2026:05:33:41 -0700] "GET /src/vendor/symfony/http-kernel/Fragment/HIncludeFragmentRenderer.php HTTP/1.1" 500 - "https://lambodraenterprisesghltd.com/src/vendor/symfony/http-kernel/Fragment/?C=N;O=D" "Mozilla/5.0 AppleWebKit/537.36 (KHTML, like Gecko; compatible; GPTBot/1.4; +https://openai.com/gptbot)"
114.119.136.174 - - [30/Jun/2026:05:34:01 -0700] "GET /?NA&product-page=5 HTTP/1.1" 200 1694 "http://www.lambodraenterprisesghltd.com/?NA&product-page=5" "Mozilla/5.0 (Linux; Android 7.0;) AppleWebKit/537.36 (HTML, like Gecko) Mobile Safari/537.36 (compatible; PetalBot;+https://webmaster.petalsearch.com/site/petalbot)"
74.7.227.141 - - [30/Jun/2026:05:34:07 -0700] "GET /src/vendor/symfony/ldap/Exception/DriverNotFoundException.php HTTP/1.1" 500 - "https://mail.lambodraenterprisesghltd.com/src/vendor/symfony/ldap/Exception/?C=S;O=A" "Mozilla/5.0 AppleWebKit/537.36 (KHTML, like Gecko; compatible; GPTBot/1.4; +https://openai.com/gptbot)"
74.7.242.55 - - [30/Jun/2026:05:34:43 -0700] "GET /src/vendor/symfony/http-kernel/Fragment/SsiFragmentRenderer.php HTTP/1.1" 500 - "https://lambodraenterprisesghltd.com/src/vendor/symfony/http-kernel/Fragment/?C=N;O=D" "Mozilla/5.0 AppleWebKit/537.36 (KHTML, like Gecko; compatible; GPTBot/1.4; +https://openai.com/gptbot)"
74.7.227.141 - - [30/Jun/2026:05:35:07 -0700] "GET /src/vendor/symfony/lock/Exception/InvalidArgumentException.php HTTP/1.1" 500 - "https://mail.lambodraenterprisesghltd.com/src/vendor/symfony/lock/Exception/?C=N;O=D" "Mozilla/5.0 AppleWebKit/537.36 (KHTML, like Gecko; compatible; GPTBot/1.4; +https://openai.com/gptbot)"
114.119.144.7 - - [30/Jun/2026:05:35:12 -0700] "GET /wp-content/uploads/2022/09/HP-30A-CF230A.png HTTP/1.1" 404 236 "https://lambodraenterprisesghltd.com/wp-content/uploads/2022/09/HP-30A-CF230A.png" "Mozilla/5.0 (Linux; Android 7.0;) AppleWebKit/537.36 (HTML, like Gecko) Mobile Safari/537.36 (compatible; PetalBot;+https://webmaster.petalsearch.com/site/petalbot)"
74.7.242.55 - - [30/Jun/2026:05:35:45 -0700] "GET /src/vendor/symfony/http-kernel/Fragment/EsiFragmentRenderer.php HTTP/1.1" 500 - "https://lambodraenterprisesghltd.com/src/vendor/symfony/http-kernel/Fragment/?C=N;O=D" "Mozilla/5.0 AppleWebKit/537.36 (KHTML, like Gecko; compatible; GPTBot/1.4; +https://openai.com/gptbot)"
74.7.227.141 - - [30/Jun/2026:05:36:10 -0700] "GET /src/vendor/symfony/lock/Exception/UnserializableKeyException.php HTTP/1.1" 500 - "https://mail.lambodraenterprisesghltd.com/src/vendor/symfony/lock/Exception/?C=N;O=D" "Mozilla/5.0 AppleWebKit/537.36 (KHTML, like Gecko; compatible; GPTBot/1.4; +https://openai.com/gptbot)"
114.119.155.111 - - [30/Jun/2026:05:36:33 -0700] "GET /?ND&product-page=15 HTTP/1.1" 200 1694 "https://www.lambodraenterprisesghltd.com/?ND&product-page=15" "Mozilla/5.0 (Linux; Android 7.0;) AppleWebKit/537.36 (HTML, like Gecko) Mobile Safari/537.36 (compatible; PetalBot;+https://webmaster.petalsearch.com/site/petalbot)"
74.7.242.55 - - [30/Jun/2026:05:36:48 -0700] "GET /src/vendor/symfony/http-kernel/Fragment/FragmentUriGenerator.php HTTP/1.1" 500 - "https://lambodraenterprisesghltd.com/src/vendor/symfony/http-kernel/Fragment/?C=N;O=D" "Mozilla/5.0 AppleWebKit/537.36 (KHTML, like Gecko; compatible; GPTBot/1.4; +https://openai.com/gptbot)"
74.7.227.141 - - [30/Jun/2026:05:37:14 -0700] "GET /src/vendor/symfony/lock/Exception/LockAcquiringException.php HTTP/1.1" 500 - "https://mail.lambodraenterprisesghltd.com/src/vendor/symfony/lock/Exception/?C=N;O=D" "Mozilla/5.0 AppleWebKit/537.36 (KHTML, like Gecko; compatible; GPTBot/1.4; +https://openai.com/gptbot)"
74.7.242.55 - - [30/Jun/2026:05:37:54 -0700] "GET /src/vendor/symfony/http-kernel/Fragment/InlineFragmentRenderer.php HTTP/1.1" 500 - "https://lambodraenterprisesghltd.com/src/vendor/symfony/http-kernel/Fragment/?C=N;O=D" "Mozilla/5.0 AppleWebKit/537.36 (KHTML, like Gecko; compatible; GPTBot/1.4; +https://openai.com/gptbot)"
74.7.227.141 - - [30/Jun/2026:05:38:15 -0700] "GET /src/vendor/symfony/lock/Exception/NotSupportedException.php HTTP/1.1" 500 - "https://mail.lambodraenterprisesghltd.com/src/vendor/symfony/lock/Exception/?C=N;O=D" "Mozilla/5.0 AppleWebKit/537.36 (KHTML, like Gecko; compatible; GPTBot/1.4; +https://openai.com/gptbot)"
74.7.242.55 - - [30/Jun/2026:05:38:57 -0700] "GET /src/vendor/symfony/http-kernel/Fragment/AbstractSurrogateFragmentRenderer.php HTTP/1.1" 500 - "https://lambodraenterprisesghltd.com/src/vendor/symfony/http-kernel/Fragment/?C=N;O=D" "Mozilla/5.0 AppleWebKit/537.36 (KHTML, like Gecko; compatible; GPTBot/1.4; +https://openai.com/gptbot)"
74.7.227.141 - - [30/Jun/2026:05:39:21 -0700] "GET /src/vendor/symfony/lock/Exception/LockConflictedException.php HTTP/1.1" 500 - "https://mail.lambodraenterprisesghltd.com/src/vendor/symfony/lock/Exception/?C=N;O=D" "Mozilla/5.0 AppleWebKit/537.36 (KHTML, like Gecko; compatible; GPTBot/1.4; +https://openai.com/gptbot)"
74.7.242.55 - - [30/Jun/2026:05:40:00 -0700] "GET /src/vendor/symfony/http-kernel/Fragment/?C=S;O=D HTTP/1.1" 200 2705 "https://lambodraenterprisesghltd.com/src/vendor/symfony/http-kernel/Fragment/?C=S;O=A" "Mozilla/5.0 AppleWebKit/537.36 (KHTML, like Gecko; compatible; GPTBot/1.4; +https://openai.com/gptbot)"
74.7.227.141 - - [30/Jun/2026:05:40:26 -0700] "GET /src/vendor/symfony/ldap/Exception/UpdateOperationException.php HTTP/1.1" 500 - "https://mail.lambodraenterprisesghltd.com/src/vendor/symfony/ldap/Exception/?C=S;O=A" "Mozilla/5.0 AppleWebKit/537.36 (KHTML, like Gecko; compatible; GPTBot/1.4; +https://openai.com/gptbot)"
74.7.242.55 - - [30/Jun/2026:05:41:04 -0700] "GET /src/vendor/symfony/http-kernel/Fragment/?C=N;O=A HTTP/1.1" 200 2705 "https://lambodraenterprisesghltd.com/src/vendor/symfony/http-kernel/Fragment/?C=N;O=D" "Mozilla/5.0 AppleWebKit/537.36 (KHTML, like Gecko; compatible; GPTBot/1.4; +https://openai.com/gptbot)"
74.7.227.141 - - [30/Jun/2026:05:41:27 -0700] "GET /src/vendor/symfony/ldap/Exception/ConnectionTimeoutException.php HTTP/1.1" 500 - "https://mail.lambodraenterprisesghltd.com/src/vendor/symfony/ldap/Exception/?C=S;O=A" "Mozilla/5.0 AppleWebKit/537.36 (KHTML, like Gecko; compatible; GPTBot/1.4; +https://openai.com/gptbot)"
74.7.242.55 - - [30/Jun/2026:05:41:58 -0700] "GET /src/vendor/symfony/http-foundation/File/?C=S;O=D HTTP/1.1" 200 1454 "https://lambodraenterprisesghltd.com/src/vendor/symfony/http-foundation/File/?C=S;O=A" "Mozilla/5.0 AppleWebKit/537.36 (KHTML, like Gecko; compatible; GPTBot/1.4; +https://openai.com/gptbot)"
74.7.227.141 - - [30/Jun/2026:05:42:29 -0700] "GET /src/vendor/symfony/ldap/Exception/ConnectionException.php HTTP/1.1" 500 - "https://mail.lambodraenterprisesghltd.com/src/vendor/symfony/ldap/Exception/?C=S;O=A" "Mozilla/5.0 AppleWebKit/537.36 (KHTML, like Gecko; compatible; GPTBot/1.4; +https://openai.com/gptbot)"
74.7.242.55 - - [30/Jun/2026:05:42:53 -0700] "GET /src/vendor/symfony/var-dumper/Exception/?C=M;O=D HTTP/1.1" 200 931 "https://lambodraenterprisesghltd.com/src/vendor/symfony/var-dumper/Exception/?C=M;O=A" "Mozilla/5.0 AppleWebKit/537.36 (KHTML, like Gecko; compatible; GPTBot/1.4; +https://openai.com/gptbot)"
74.7.227.141 - - [30/Jun/2026:05:43:33 -0700] "GET /src/vendor/symfony/lock/Exception/LockExpiredException.php HTTP/1.1" 500 - "https://mail.lambodraenterprisesghltd.com/src/vendor/symfony/lock/Exception/?C=N;O=D" "Mozilla/5.0 AppleWebKit/537.36 (KHTML, like Gecko; compatible; GPTBot/1.4; +https://openai.com/gptbot)"
74.7.242.55 - - [30/Jun/2026:05:43:37 -0700] "GET /src/vendor/symfony/var-dumper/Exception/?C=S;O=D HTTP/1.1" 200 931 "https://lambodraenterprisesghltd.com/src/vendor/symfony/var-dumper/Exception/?C=S;O=A" "Mozilla/5.0 AppleWebKit/537.36 (KHTML, like Gecko; compatible; GPTBot/1.4; +https://openai.com/gptbot)"
74.7.242.55 - - [30/Jun/2026:05:44:19 -0700] "GET /src/vendor/symfony/var-dumper/Exception/?C=N;O=A HTTP/1.1" 200 931 "https://lambodraenterprisesghltd.com/src/vendor/symfony/var-dumper/Exception/?C=S;O=A" "Mozilla/5.0 AppleWebKit/537.36 (KHTML, like Gecko; compatible; GPTBot/1.4; +https://openai.com/gptbot)"
74.7.227.141 - - [30/Jun/2026:05:44:34 -0700] "GET /src/vendor/symfony/lock/Exception/LockReleasingException.php HTTP/1.1" 500 - "https://mail.lambodraenterprisesghltd.com/src/vendor/symfony/lock/Exception/?C=N;O=D" "Mozilla/5.0 AppleWebKit/537.36 (KHTML, like Gecko; compatible; GPTBot/1.4; +https://openai.com/gptbot)"
74.7.242.55 - - [30/Jun/2026:05:44:55 -0700] "GET /src/vendor/symfony/var-dumper/Exception/?C=D;O=A HTTP/1.1" 200 931 "https://lambodraenterprisesghltd.com/src/vendor/symfony/var-dumper/Exception/" "Mozilla/5.0 AppleWebKit/537.36 (KHTML, like Gecko; compatible; GPTBot/1.4; +https://openai.com/gptbot)"
74.7.242.55 - - [30/Jun/2026:05:45:28 -0700] "GET /src/vendor/symfony/http-kernel/Fragment/?C=M;O=D HTTP/1.1" 200 2705 "https://lambodraenterprisesghltd.com/src/vendor/symfony/http-kernel/Fragment/?C=M;O=A" "Mozilla/5.0 AppleWebKit/537.36 (KHTML, like Gecko; compatible; GPTBot/1.4; +https://openai.com/gptbot)"
74.7.230.51 - - [30/Jun/2026:05:45:29 -0700] "GET /robots.txt HTTP/1.1" 404 236 "-" "Mozilla/5.0 (Macintosh; Intel Mac OS X 10_15_7) AppleWebKit/537.36 (KHTML, like Gecko) Chrome/131.0.0.0 Safari/537.36; compatible; OAI-SearchBot/1.4; robots.txt; +https://openai.com/searchbot"
74.7.227.141 - - [30/Jun/2026:05:45:34 -0700] "GET /src/vendor/symfony/lock/Exception/InvalidTtlException.php HTTP/1.1" 500 - "https://mail.lambodraenterprisesghltd.com/src/vendor/symfony/lock/Exception/?C=N;O=D" "Mozilla/5.0 AppleWebKit/537.36 (KHTML, like Gecko; compatible; GPTBot/1.4; +https://openai.com/gptbot)"
74.7.242.55 - - [30/Jun/2026:05:45:59 -0700] "GET /src/vendor/symfony/http-foundation/File/?C=M;O=A HTTP/1.1" 200 1454 "https://lambodraenterprisesghltd.com/src/vendor/symfony/http-foundation/File/" "Mozilla/5.0 AppleWebKit/537.36 (KHTML, like Gecko; compatible; GPTBot/1.4; +https://openai.com/gptbot)"
74.7.242.55 - - [30/Jun/2026:05:46:26 -0700] "GET /src/vendor/symfony/var-dumper/Exception/?C=N;O=D HTTP/1.1" 200 931 "https://lambodraenterprisesghltd.com/src/vendor/symfony/var-dumper/Exception/" "Mozilla/5.0 AppleWebKit/537.36 (KHTML, like Gecko; compatible; GPTBot/1.4; +https://openai.com/gptbot)"
66.249.75.1 - - [30/Jun/2026:05:46:28 -0700] "GET /robots.txt HTTP/1.1" 404 236 "-" "Mozilla/5.0 (compatible; Googlebot/2.1; +http://www.google.com/bot.html)"
66.249.75.8 - - [30/Jun/2026:05:46:29 -0700] "GET /src/plugins/orangehrmRecruitmentPlugin/ HTTP/1.1" 200 2282 "-" "Mozilla/5.0 (Linux; Android 6.0.1; Nexus 5X Build/MMB29P) AppleWebKit/537.36 (KHTML, like Gecko) Chrome/148.0.7778.96 Mobile Safari/537.36 (compatible; GoogleOther)"
74.7.227.141 - - [30/Jun/2026:05:46:35 -0700] "GET /src/vendor/symfony/lock/Exception/ExceptionInterface.php HTTP/1.1" 200 - "https://mail.lambodraenterprisesghltd.com/src/vendor/symfony/lock/Exception/?C=N;O=D" "Mozilla/5.0 AppleWebKit/537.36 (KHTML, like Gecko; compatible; GPTBot/1.4; +https://openai.com/gptbot)"
74.7.242.55 - - [30/Jun/2026:05:46:50 -0700] "GET /src/vendor/symfony/http-foundation/File/?C=N;O=A HTTP/1.1" 200 1454 "https://lambodraenterprisesghltd.com/src/vendor/symfony/http-foundation/File/?C=S;O=A" "Mozilla/5.0 AppleWebKit/537.36 (KHTML, like Gecko; compatible; GPTBot/1.4; +https://openai.com/gptbot)"
74.7.242.55 - - [30/Jun/2026:05:47:13 -0700] "GET /src/vendor/symfony/http-foundation/Test/?C=S;O=A HTTP/1.1" 200 917 "https://lambodraenterprisesghltd.com/src/vendor/symfony/http-foundation/Test/" "Mozilla/5.0 AppleWebKit/537.36 (KHTML, like Gecko; compatible; GPTBot/1.4; +https://openai.com/gptbot)"
74.7.242.55 - - [30/Jun/2026:05:47:33 -0700] "GET /src/vendor/symfony/http-kernel/Profiler/?C=N;O=D HTTP/1.1" 200 1483 "https://lambodraenterprisesghltd.com/src/vendor/symfony/http-kernel/Profiler/" "Mozilla/5.0 AppleWebKit/537.36 (KHTML, like Gecko; compatible; GPTBot/1.4; +https://openai.com/gptbot)"
74.7.227.141 - - [30/Jun/2026:05:47:40 -0700] "GET /src/vendor/symfony/lock/Exception/LockStorageException.php HTTP/1.1" 500 - "https://mail.lambodraenterprisesghltd.com/src/vendor/symfony/lock/Exception/?C=N;O=D" "Mozilla/5.0 AppleWebKit/537.36 (KHTML, like Gecko; compatible; GPTBot/1.4; +https://openai.com/gptbot)"
74.7.242.55 - - [30/Jun/2026:05:47:51 -0700] "GET /src/vendor/symfony/http-kernel/Resources/?C=N;O=D HTTP/1.1" 200 920 "https://lambodraenterprisesghltd.com/src/vendor/symfony/http-kernel/Resources/" "Mozilla/5.0 AppleWebKit/537.36 (KHTML, like Gecko; compatible; GPTBot/1.4; +https://openai.com/gptbot)"
74.7.242.55 - - [30/Jun/2026:05:48:07 -0700] "GET /src/vendor/symfony/var-exporter/Exception/?C=N;O=D HTTP/1.1" 200 1329 "https://lambodraenterprisesghltd.com/src/vendor/symfony/var-exporter/Exception/" "Mozilla/5.0 AppleWebKit/537.36 (KHTML, like Gecko; compatible; GPTBot/1.4; +https://openai.com/gptbot)"
74.7.242.55 - - [30/Jun/2026:05:48:21 -0700] "GET /src/vendor/symfony/options-resolver/Debug/?C=M;O=A HTTP/1.1" 200 945 "https://lambodraenterprisesghltd.com/src/vendor/symfony/options-resolver/Debug/" "Mozilla/5.0 AppleWebKit/537.36 (KHTML, like Gecko; compatible; GPTBot/1.4; +https://openai.com/gptbot)"
74.7.242.55 - - [30/Jun/2026:05:48:35 -0700] "GET /src/vendor/symfony/http-foundation/Test/?C=M;O=A HTTP/1.1" 200 917 "https://lambodraenterprisesghltd.com/src/vendor/symfony/http-foundation/Test/" "Mozilla/5.0 AppleWebKit/537.36 (KHTML, like Gecko; compatible; GPTBot/1.4; +https://openai.com/gptbot)"
74.7.227.141 - - [30/Jun/2026:05:48:38 -0700] "GET /src/vendor/symfony/ldap/Exception/NotBoundException.php HTTP/1.1" 500 - "https://mail.lambodraenterprisesghltd.com/src/vendor/symfony/ldap/Exception/?C=S;O=A" "Mozilla/5.0 AppleWebKit/537.36 (KHTML, like Gecko; compatible; GPTBot/1.4; +https://openai.com/gptbot)"
74.7.242.55 - - [30/Jun/2026:05:48:46 -0700] "GET /src/vendor/symfony/var-dumper/Exception/?C=D;O=D HTTP/1.1" 200 931 "https://lambodraenterprisesghltd.com/src/vendor/symfony/var-dumper/Exception/?C=D;O=A" "Mozilla/5.0 AppleWebKit/537.36 (KHTML, like Gecko; compatible; GPTBot/1.4; +https://openai.com/gptbot)"
74.7.242.55 - - [30/Jun/2026:05:48:57 -0700] "GET /src/vendor/symfony/http-foundation/Test/?C=D;O=A HTTP/1.1" 200 917 "https://lambodraenterprisesghltd.com/src/vendor/symfony/http-foundation/Test/" "Mozilla/5.0 AppleWebKit/537.36 (KHTML, like Gecko; compatible; GPTBot/1.4; +https://openai.com/gptbot)"
74.7.242.55 - - [30/Jun/2026:05:49:06 -0700] "GET /src/vendor/symfony/http-foundation/File/?C=M;O=D HTTP/1.1" 200 1454 "https://lambodraenterprisesghltd.com/src/vendor/symfony/http-foundation/File/?C=M;O=A" "Mozilla/5.0 AppleWebKit/537.36 (KHTML, like Gecko; compatible; GPTBot/1.4; +https://openai.com/gptbot)"
74.7.242.55 - - [30/Jun/2026:05:49:15 -0700] "GET /src/vendor/symfony/options-resolver/Debug/?C=N;O=D HTTP/1.1" 200 945 "https://lambodraenterprisesghltd.com/src/vendor/symfony/options-resolver/Debug/" "Mozilla/5.0 AppleWebKit/537.36 (KHTML, like Gecko; compatible; GPTBot/1.4; +https://openai.com/gptbot)"
66.249.75.40 - - [30/Jun/2026:05:49:21 -0700] "GET / HTTP/1.1" 200 1694 "-" "Mozilla/5.0 (compatible; Googlebot/2.1; +http://www.google.com/bot.html)"
74.7.242.55 - - [30/Jun/2026:05:49:23 -0700] "GET /src/vendor/symfony/http-kernel/Resources/?C=D;O=A HTTP/1.1" 200 920 "https://lambodraenterprisesghltd.com/src/vendor/symfony/http-kernel/Resources/" "Mozilla/5.0 AppleWebKit/537.36 (KHTML, like Gecko; compatible; GPTBot/1.4; +https://openai.com/gptbot)"
