74.7.227.141 - - [30/Jun/2026:03:01:54 -0700] "GET /src/cache/doctrine_metadata/M/I/?C=M;O=D HTTP/1.1" 200 1093 "https://mail.lambodraenterprisesghltd.com/src/cache/doctrine_metadata/M/I/?C=M;O=A" "Mozilla/5.0 AppleWebKit/537.36 (KHTML, like Gecko; compatible; GPTBot/1.4; +https://openai.com/gptbot)"
74.7.227.141 - - [30/Jun/2026:03:02:11 -0700] "GET /src/cache/doctrine_metadata/G/N/?C=S;O=D HTTP/1.1" 200 905 "https://mail.lambodraenterprisesghltd.com/src/cache/doctrine_metadata/G/N/?C=S;O=A" "Mozilla/5.0 AppleWebKit/537.36 (KHTML, like Gecko; compatible; GPTBot/1.4; +https://openai.com/gptbot)"
160.250.8.160 - - [30/Jun/2026:03:02:21 -0700] "GET /consulting-services/ HTTP/1.1" 404 236 "-" "Mozilla/5.0 (Macintosh; Intel Mac OS X 10_15_7) AppleWebKit/537.36 (KHTML, like Gecko) Chrome/127.0.6533.72 Safari/537.36"
74.7.242.55 - - [30/Jun/2026:03:02:21 -0700] "GET /src/vendor/symfony/translation/Dumper/MoFileDumper.php HTTP/1.1" 500 - "https://lambodraenterprisesghltd.com/src/vendor/symfony/translation/Dumper/?C=D;O=A" "Mozilla/5.0 AppleWebKit/537.36 (KHTML, like Gecko; compatible; GPTBot/1.4; +https://openai.com/gptbot)"
74.7.227.141 - - [30/Jun/2026:03:02:25 -0700] "GET /src/cache/doctrine_metadata/R/L/?C=M;O=D HTTP/1.1" 200 905 "https://mail.lambodraenterprisesghltd.com/src/cache/doctrine_metadata/R/L/?C=M;O=A" "Mozilla/5.0 AppleWebKit/537.36 (KHTML, like Gecko; compatible; GPTBot/1.4; +https://openai.com/gptbot)"
74.7.227.141 - - [30/Jun/2026:03:02:38 -0700] "GET /src/cache/doctrine_metadata/V/L/?C=S;O=D HTTP/1.1" 200 905 "https://mail.lambodraenterprisesghltd.com/src/cache/doctrine_metadata/V/L/?C=S;O=A" "Mozilla/5.0 AppleWebKit/537.36 (KHTML, like Gecko; compatible; GPTBot/1.4; +https://openai.com/gptbot)"
74.7.227.141 - - [30/Jun/2026:03:02:50 -0700] "GET /src/cache/doctrine_metadata/Z/N/?C=S;O=A HTTP/1.1" 200 1093 "https://mail.lambodraenterprisesghltd.com/src/cache/doctrine_metadata/Z/N/" "Mozilla/5.0 AppleWebKit/537.36 (KHTML, like Gecko; compatible; GPTBot/1.4; +https://openai.com/gptbot)"
74.7.227.141 - - [30/Jun/2026:03:03:00 -0700] "GET /src/cache/doctrine_metadata/U/D/?C=S;O=A HTTP/1.1" 200 905 "https://mail.lambodraenterprisesghltd.com/src/cache/doctrine_metadata/U/D/" "Mozilla/5.0 AppleWebKit/537.36 (KHTML, like Gecko; compatible; GPTBot/1.4; +https://openai.com/gptbot)"
74.7.227.141 - - [30/Jun/2026:03:03:09 -0700] "GET /src/cache/doctrine_metadata/H/A/?C=D;O=D HTTP/1.1" 429 17 "https://mail.lambodraenterprisesghltd.com/src/cache/doctrine_metadata/H/A/?C=D;O=A" "Mozilla/5.0 AppleWebKit/537.36 (KHTML, like Gecko; compatible; GPTBot/1.4; +https://openai.com/gptbot)"
74.7.227.141 - - [30/Jun/2026:03:03:18 -0700] "GET /src/cache/doctrine_metadata/G/N/?C=N;O=D HTTP/1.1" 429 17 "https://mail.lambodraenterprisesghltd.com/src/cache/doctrine_metadata/G/N/" "Mozilla/5.0 AppleWebKit/537.36 (KHTML, like Gecko; compatible; GPTBot/1.4; +https://openai.com/gptbot)"
74.7.242.55 - - [30/Jun/2026:03:03:26 -0700] "GET /src/vendor/symfony/console/Event/ConsoleSignalEvent.php HTTP/1.1" 500 - "https://lambodraenterprisesghltd.com/src/vendor/symfony/console/Event/?C=D;O=A" "Mozilla/5.0 AppleWebKit/537.36 (KHTML, like Gecko; compatible; GPTBot/1.4; +https://openai.com/gptbot)"
74.7.227.141 - - [30/Jun/2026:03:03:44 -0700] "GET /src/cache/doctrine_metadata/V/L/?C=M;O=D HTTP/1.1" 429 17 "https://mail.lambodraenterprisesghltd.com/src/cache/doctrine_metadata/V/L/?C=M;O=A" "Mozilla/5.0 AppleWebKit/537.36 (KHTML, like Gecko; compatible; GPTBot/1.4; +https://openai.com/gptbot)"
74.7.242.55 - - [30/Jun/2026:03:04:31 -0700] "GET /src/vendor/symfony/console/Event/ConsoleErrorEvent.php HTTP/1.1" 500 - "https://lambodraenterprisesghltd.com/src/vendor/symfony/console/Event/?C=D;O=A" "Mozilla/5.0 AppleWebKit/537.36 (KHTML, like Gecko; compatible; GPTBot/1.4; +https://openai.com/gptbot)"
74.7.227.141 - - [30/Jun/2026:03:04:48 -0700] "GET /src/cache/doctrine_metadata/K/P/?C=M;O=D HTTP/1.1" 429 17 "https://mail.lambodraenterprisesghltd.com/src/cache/doctrine_metadata/K/P/?C=M;O=A" "Mozilla/5.0 AppleWebKit/537.36 (KHTML, like Gecko; compatible; GPTBot/1.4; +https://openai.com/gptbot)"
74.7.242.55 - - [30/Jun/2026:03:05:35 -0700] "GET /src/vendor/symfony/console/Style/OutputStyle.php HTTP/1.1" 500 - "https://lambodraenterprisesghltd.com/src/vendor/symfony/console/Style/?C=M;O=A" "Mozilla/5.0 AppleWebKit/537.36 (KHTML, like Gecko; compatible; GPTBot/1.4; +https://openai.com/gptbot)"
74.7.227.141 - - [30/Jun/2026:03:05:50 -0700] "GET /src/cache/doctrine_metadata/M/Q/?C=M;O=A HTTP/1.1" 200 905 "https://mail.lambodraenterprisesghltd.com/src/cache/doctrine_metadata/M/Q/" "Mozilla/5.0 AppleWebKit/537.36 (KHTML, like Gecko; compatible; GPTBot/1.4; +https://openai.com/gptbot)"
74.7.242.55 - - [30/Jun/2026:03:06:40 -0700] "GET /src/vendor/symfony/console/Event/?C=N;O=A HTTP/1.1" 200 1666 "https://lambodraenterprisesghltd.com/src/vendor/symfony/console/Event/?C=D;O=A" "Mozilla/5.0 AppleWebKit/537.36 (KHTML, like Gecko; compatible; GPTBot/1.4; +https://openai.com/gptbot)"
74.7.227.141 - - [30/Jun/2026:03:06:56 -0700] "GET /src/cache/doctrine_metadata/R/U/?C=M;O=D HTTP/1.1" 200 905 "https://mail.lambodraenterprisesghltd.com/src/cache/doctrine_metadata/R/U/?C=M;O=A" "Mozilla/5.0 AppleWebKit/537.36 (KHTML, like Gecko; compatible; GPTBot/1.4; +https://openai.com/gptbot)"
74.7.242.55 - - [30/Jun/2026:03:07:42 -0700] "GET /src/vendor/symfony/console/Style/?C=D;O=D HTTP/1.1" 200 1269 "https://lambodraenterprisesghltd.com/src/vendor/symfony/console/Style/?C=D;O=A" "Mozilla/5.0 AppleWebKit/537.36 (KHTML, like Gecko; compatible; GPTBot/1.4; +https://openai.com/gptbot)"
74.7.227.141 - - [30/Jun/2026:03:07:54 -0700] "GET /src/cache/doctrine_metadata/D/F/?C=S;O=D HTTP/1.1" 200 905 "https://mail.lambodraenterprisesghltd.com/src/cache/doctrine_metadata/D/F/?C=S;O=A" "Mozilla/5.0 AppleWebKit/537.36 (KHTML, like Gecko; compatible; GPTBot/1.4; +https://openai.com/gptbot)"
74.7.242.55 - - [30/Jun/2026:03:08:44 -0700] "GET /src/vendor/symfony/console/Style/?C=M;O=D HTTP/1.1" 200 1269 "https://lambodraenterprisesghltd.com/src/vendor/symfony/console/Style/?C=M;O=A" "Mozilla/5.0 AppleWebKit/537.36 (KHTML, like Gecko; compatible; GPTBot/1.4; +https://openai.com/gptbot)"
74.7.227.141 - - [30/Jun/2026:03:08:49 -0700] "GET /src/cache/doctrine_metadata/-/N/?C=S;O=D HTTP/1.1" 200 905 "https://mail.lambodraenterprisesghltd.com/src/cache/doctrine_metadata/-/N/?C=S;O=A" "Mozilla/5.0 AppleWebKit/537.36 (KHTML, like Gecko; compatible; GPTBot/1.4; +https://openai.com/gptbot)"
74.7.242.55 - - [30/Jun/2026:03:09:30 -0700] "GET /src/vendor/symfony/var-dumper/Server/?C=S;O=A HTTP/1.1" 200 1091 "https://lambodraenterprisesghltd.com/src/vendor/symfony/var-dumper/Server/" "Mozilla/5.0 AppleWebKit/537.36 (KHTML, like Gecko; compatible; GPTBot/1.4; +https://openai.com/gptbot)"
74.7.227.141 - - [30/Jun/2026:03:09:32 -0700] "GET /src/cache/doctrine_metadata/C/V/?C=D;O=A HTTP/1.1" 200 905 "https://mail.lambodraenterprisesghltd.com/src/cache/doctrine_metadata/C/V/" "Mozilla/5.0 AppleWebKit/537.36 (KHTML, like Gecko; compatible; GPTBot/1.4; +https://openai.com/gptbot)"
74.7.227.141 - - [30/Jun/2026:03:10:12 -0700] "GET /src/cache/doctrine_metadata/Z/N/?C=S;O=D HTTP/1.1" 200 1093 "https://mail.lambodraenterprisesghltd.com/src/cache/doctrine_metadata/Z/N/?C=S;O=A" "Mozilla/5.0 AppleWebKit/537.36 (KHTML, like Gecko; compatible; GPTBot/1.4; +https://openai.com/gptbot)"
74.7.242.55 - - [30/Jun/2026:03:10:15 -0700] "GET /src/vendor/symfony/console/Style/?C=N;O=A HTTP/1.1" 200 1269 "https://lambodraenterprisesghltd.com/src/vendor/symfony/console/Style/?C=M;O=A" "Mozilla/5.0 AppleWebKit/537.36 (KHTML, like Gecko; compatible; GPTBot/1.4; +https://openai.com/gptbot)"
74.7.227.141 - - [30/Jun/2026:03:10:49 -0700] "GET /src/cache/doctrine_metadata/U/D/?C=S;O=D HTTP/1.1" 200 905 "https://mail.lambodraenterprisesghltd.com/src/cache/doctrine_metadata/U/D/?C=S;O=A" "Mozilla/5.0 AppleWebKit/537.36 (KHTML, like Gecko; compatible; GPTBot/1.4; +https://openai.com/gptbot)"
74.7.242.55 - - [30/Jun/2026:03:10:56 -0700] "GET /src/vendor/symfony/console/Event/?C=M;O=D HTTP/1.1" 200 1666 "https://lambodraenterprisesghltd.com/src/vendor/symfony/console/Event/?C=M;O=A" "Mozilla/5.0 AppleWebKit/537.36 (KHTML, like Gecko; compatible; GPTBot/1.4; +https://openai.com/gptbot)"
74.7.227.141 - - [30/Jun/2026:03:11:21 -0700] "GET /src/cache/doctrine_metadata/A/S/?C=N;O=D HTTP/1.1" 200 905 "https://mail.lambodraenterprisesghltd.com/src/cache/doctrine_metadata/A/S/" "Mozilla/5.0 AppleWebKit/537.36 (KHTML, like Gecko; compatible; GPTBot/1.4; +https://openai.com/gptbot)"
74.7.242.55 - - [30/Jun/2026:03:11:35 -0700] "GET /src/vendor/symfony/console/Event/?C=D;O=D HTTP/1.1" 200 1666 "https://lambodraenterprisesghltd.com/src/vendor/symfony/console/Event/?C=D;O=A" "Mozilla/5.0 AppleWebKit/537.36 (KHTML, like Gecko; compatible; GPTBot/1.4; +https://openai.com/gptbot)"
74.7.227.141 - - [30/Jun/2026:03:11:52 -0700] "GET /src/cache/doctrine_metadata/B/R/?C=D;O=D HTTP/1.1" 200 905 "https://mail.lambodraenterprisesghltd.com/src/cache/doctrine_metadata/B/R/?C=D;O=A" "Mozilla/5.0 AppleWebKit/537.36 (KHTML, like Gecko; compatible; GPTBot/1.4; +https://openai.com/gptbot)"
74.7.242.55 - - [30/Jun/2026:03:12:10 -0700] "GET /src/vendor/symfony/console/Event/?C=S;O=A HTTP/1.1" 200 1666 "https://lambodraenterprisesghltd.com/src/vendor/symfony/console/Event/" "Mozilla/5.0 AppleWebKit/537.36 (KHTML, like Gecko; compatible; GPTBot/1.4; +https://openai.com/gptbot)"
74.7.227.141 - - [30/Jun/2026:03:12:19 -0700] "GET /src/cache/doctrine_metadata/Y/H/?C=S;O=D HTTP/1.1" 200 905 "https://mail.lambodraenterprisesghltd.com/src/cache/doctrine_metadata/Y/H/?C=S;O=A" "Mozilla/5.0 AppleWebKit/537.36 (KHTML, like Gecko; compatible; GPTBot/1.4; +https://openai.com/gptbot)"
74.7.242.55 - - [30/Jun/2026:03:12:40 -0700] "GET /src/vendor/symfony/console/Style/?C=S;O=A HTTP/1.1" 200 1269 "https://lambodraenterprisesghltd.com/src/vendor/symfony/console/Style/" "Mozilla/5.0 AppleWebKit/537.36 (KHTML, like Gecko; compatible; GPTBot/1.4; +https://openai.com/gptbot)"
74.7.227.141 - - [30/Jun/2026:03:12:43 -0700] "GET /src/cache/doctrine_metadata/K/P/?C=N;O=A HTTP/1.1" 200 905 "https://mail.lambodraenterprisesghltd.com/src/cache/doctrine_metadata/K/P/?C=D;O=A" "Mozilla/5.0 AppleWebKit/537.36 (KHTML, like Gecko; compatible; GPTBot/1.4; +https://openai.com/gptbot)"
74.7.227.141 - - [30/Jun/2026:03:13:05 -0700] "GET /src/cache/doctrine_metadata/M/Q/?C=M;O=D HTTP/1.1" 200 905 "https://mail.lambodraenterprisesghltd.com/src/cache/doctrine_metadata/M/Q/?C=M;O=A" "Mozilla/5.0 AppleWebKit/537.36 (KHTML, like Gecko; compatible; GPTBot/1.4; +https://openai.com/gptbot)"
74.7.242.55 - - [30/Jun/2026:03:13:08 -0700] "GET /src/vendor/doctrine/collections/lib/Doctrine/Common/Collections/Expr/Expression.php HTTP/1.1" 200 - "https://lambodraenterprisesghltd.com/src/vendor/doctrine/collections/lib/Doctrine/Common/Collections/Expr/" "Mozilla/5.0 AppleWebKit/537.36 (KHTML, like Gecko; compatible; GPTBot/1.4; +https://openai.com/gptbot)"
74.7.227.141 - - [30/Jun/2026:03:13:24 -0700] "GET /src/cache/doctrine_metadata/O/G/?C=D;O=A HTTP/1.1" 200 905 "https://mail.lambodraenterprisesghltd.com/src/cache/doctrine_metadata/O/G/?C=N;O=D" "Mozilla/5.0 AppleWebKit/537.36 (KHTML, like Gecko; compatible; GPTBot/1.4; +https://openai.com/gptbot)"
74.7.242.55 - - [30/Jun/2026:03:13:33 -0700] "GET /src/plugins/orangehrmBuzzPlugin/Dto/BuzzVideoURL/?C=M;O=D HTTP/1.1" 200 1726 "https://lambodraenterprisesghltd.com/src/plugins/orangehrmBuzzPlugin/Dto/BuzzVideoURL/?C=M;O=A" "Mozilla/5.0 AppleWebKit/537.36 (KHTML, like Gecko; compatible; GPTBot/1.4; +https://openai.com/gptbot)"
74.7.227.141 - - [30/Jun/2026:03:13:41 -0700] "GET /src/cache/doctrine_metadata/-/O/?C=N;O=A HTTP/1.1" 200 905 "https://mail.lambodraenterprisesghltd.com/src/cache/doctrine_metadata/-/O/?C=S;O=A" "Mozilla/5.0 AppleWebKit/537.36 (KHTML, like Gecko; compatible; GPTBot/1.4; +https://openai.com/gptbot)"
74.7.242.55 - - [30/Jun/2026:03:13:55 -0700] "GET /src/plugins/orangehrmBuzzPlugin/Dto/BuzzVideoURL/?C=S;O=D HTTP/1.1" 200 1726 "https://lambodraenterprisesghltd.com/src/plugins/orangehrmBuzzPlugin/Dto/BuzzVideoURL/?C=S;O=A" "Mozilla/5.0 AppleWebKit/537.36 (KHTML, like Gecko; compatible; GPTBot/1.4; +https://openai.com/gptbot)"
74.7.227.141 - - [30/Jun/2026:03:13:58 -0700] "GET /src/cache/doctrine_metadata/N/W/?C=N;O=D HTTP/1.1" 200 905 "https://mail.lambodraenterprisesghltd.com/src/cache/doctrine_metadata/N/W/" "Mozilla/5.0 AppleWebKit/537.36 (KHTML, like Gecko; compatible; GPTBot/1.4; +https://openai.com/gptbot)"
74.7.227.141 - - [30/Jun/2026:03:14:12 -0700] "GET /src/cache/doctrine_metadata/C/V/?C=D;O=D HTTP/1.1" 200 905 "https://mail.lambodraenterprisesghltd.com/src/cache/doctrine_metadata/C/V/?C=D;O=A" "Mozilla/5.0 AppleWebKit/537.36 (KHTML, like Gecko; compatible; GPTBot/1.4; +https://openai.com/gptbot)"
74.7.242.55 - - [30/Jun/2026:03:14:14 -0700] "GET /src/plugins/orangehrmBuzzPlugin/Dto/BuzzVideoURL/?C=D;O=A HTTP/1.1" 200 1726 "https://lambodraenterprisesghltd.com/src/plugins/orangehrmBuzzPlugin/Dto/BuzzVideoURL/" "Mozilla/5.0 AppleWebKit/537.36 (KHTML, like Gecko; compatible; GPTBot/1.4; +https://openai.com/gptbot)"
74.7.227.141 - - [30/Jun/2026:03:14:25 -0700] "GET /src/cache/doctrine_metadata/M/I/?C=D;O=A HTTP/1.1" 200 1093 "https://mail.lambodraenterprisesghltd.com/src/cache/doctrine_metadata/M/I/" "Mozilla/5.0 AppleWebKit/537.36 (KHTML, like Gecko; compatible; GPTBot/1.4; +https://openai.com/gptbot)"
74.7.242.55 - - [30/Jun/2026:03:14:32 -0700] "GET /src/plugins/orangehrmBuzzPlugin/Dto/BuzzVideoURL/?C=N;O=D HTTP/1.1" 200 1726 "https://lambodraenterprisesghltd.com/src/plugins/orangehrmBuzzPlugin/Dto/BuzzVideoURL/" "Mozilla/5.0 AppleWebKit/537.36 (KHTML, like Gecko; compatible; GPTBot/1.4; +https://openai.com/gptbot)"
74.7.227.141 - - [30/Jun/2026:03:14:36 -0700] "GET /src/cache/doctrine_metadata/H/A/?C=M;O=A HTTP/1.1" 200 905 "https://mail.lambodraenterprisesghltd.com/src/cache/doctrine_metadata/H/A/" "Mozilla/5.0 AppleWebKit/537.36 (KHTML, like Gecko; compatible; GPTBot/1.4; +https://openai.com/gptbot)"
74.7.227.141 - - [30/Jun/2026:03:14:47 -0700] "GET /src/cache/doctrine_metadata/M/Q/?C=S;O=A HTTP/1.1" 200 905 "https://mail.lambodraenterprisesghltd.com/src/cache/doctrine_metadata/M/Q/" "Mozilla/5.0 AppleWebKit/537.36 (KHTML, like Gecko; compatible; GPTBot/1.4; +https://openai.com/gptbot)"
74.7.242.55 - - [30/Jun/2026:03:14:47 -0700] "GET /src/vendor/symfony/var-dumper/Server/?C=S;O=D HTTP/1.1" 200 1091 "https://lambodraenterprisesghltd.com/src/vendor/symfony/var-dumper/Server/?C=S;O=A" "Mozilla/5.0 AppleWebKit/537.36 (KHTML, like Gecko; compatible; GPTBot/1.4; +https://openai.com/gptbot)"
74.7.227.141 - - [30/Jun/2026:03:14:56 -0700] "GET /src/cache/doctrine_metadata/Y/K/?C=N;O=D HTTP/1.1" 429 17 "https://mail.lambodraenterprisesghltd.com/src/cache/doctrine_metadata/Y/K/" "Mozilla/5.0 AppleWebKit/537.36 (KHTML, like Gecko; compatible; GPTBot/1.4; +https://openai.com/gptbot)"
74.7.242.55 - - [30/Jun/2026:03:15:02 -0700] "GET /src/plugins/orangehrmCorePlugin/Api/V2/Validator/ValidatorException.php HTTP/1.1" 200 - "https://lambodraenterprisesghltd.com/src/plugins/orangehrmCorePlugin/Api/V2/Validator/" "Mozilla/5.0 AppleWebKit/537.36 (KHTML, like Gecko; compatible; GPTBot/1.4; +https://openai.com/gptbot)"
74.7.227.141 - - [30/Jun/2026:03:15:05 -0700] "GET /src/cache/doctrine_metadata/D/R/?C=N;O=A HTTP/1.1" 429 17 "https://mail.lambodraenterprisesghltd.com/src/cache/doctrine_metadata/D/R/?C=N;O=D" "Mozilla/5.0 AppleWebKit/537.36 (KHTML, like Gecko; compatible; GPTBot/1.4; +https://openai.com/gptbot)"
74.7.242.55 - - [30/Jun/2026:03:15:15 -0700] "GET /src/vendor/symfony/translation/Provider/?C=S;O=D HTTP/1.1" 200 2474 "https://lambodraenterprisesghltd.com/src/vendor/symfony/translation/Provider/?C=S;O=A" "Mozilla/5.0 AppleWebKit/537.36 (KHTML, like Gecko; compatible; GPTBot/1.4; +https://openai.com/gptbot)"
74.7.242.55 - - [30/Jun/2026:03:15:27 -0700] "GET /src/vendor/symfony/translation/Provider/?C=D;O=A HTTP/1.1" 200 2474 "https://lambodraenterprisesghltd.com/src/vendor/symfony/translation/Provider/" "Mozilla/5.0 AppleWebKit/537.36 (KHTML, like Gecko; compatible; GPTBot/1.4; +https://openai.com/gptbot)"
74.7.227.141 - - [30/Jun/2026:03:15:30 -0700] "GET /src/cache/doctrine_metadata/K/P/?C=S;O=A HTTP/1.1" 429 17 "https://mail.lambodraenterprisesghltd.com/src/cache/doctrine_metadata/K/P/?C=N;O=A" "Mozilla/5.0 AppleWebKit/537.36 (KHTML, like Gecko; compatible; GPTBot/1.4; +https://openai.com/gptbot)"
74.7.242.55 - - [30/Jun/2026:03:15:37 -0700] "GET /src/vendor/symfony/console/Event/?C=S;O=D HTTP/1.1" 200 1666 "https://lambodraenterprisesghltd.com/src/vendor/symfony/console/Event/?C=S;O=A" "Mozilla/5.0 AppleWebKit/537.36 (KHTML, like Gecko; compatible; GPTBot/1.4; +https://openai.com/gptbot)"
74.7.242.55 - - [30/Jun/2026:03:15:47 -0700] "GET /src/vendor/symfony/console/Style/?C=S;O=D HTTP/1.1" 200 1269 "https://lambodraenterprisesghltd.com/src/vendor/symfony/console/Style/?C=S;O=A" "Mozilla/5.0 AppleWebKit/537.36 (KHTML, like Gecko; compatible; GPTBot/1.4; +https://openai.com/gptbot)"
74.7.242.55 - - [30/Jun/2026:03:15:55 -0700] "GET /src/vendor/symfony/translation/Provider/?C=M;O=A HTTP/1.1" 200 2474 "https://lambodraenterprisesghltd.com/src/vendor/symfony/translation/Provider/" "Mozilla/5.0 AppleWebKit/537.36 (KHTML, like Gecko; compatible; GPTBot/1.4; +https://openai.com/gptbot)"
74.7.242.55 - - [30/Jun/2026:03:16:03 -0700] "GET /src/vendor/symfony/translation/Provider/?C=N;O=A HTTP/1.1" 200 2474 "https://lambodraenterprisesghltd.com/src/vendor/symfony/translation/Provider/?C=S;O=A" "Mozilla/5.0 AppleWebKit/537.36 (KHTML, like Gecko; compatible; GPTBot/1.4; +https://openai.com/gptbot)"
74.7.242.55 - - [30/Jun/2026:03:16:10 -0700] "GET /src/vendor/symfony/translation/Provider/?C=N;O=D HTTP/1.1" 200 2474 "https://lambodraenterprisesghltd.com/src/vendor/symfony/translation/Provider/" "Mozilla/5.0 AppleWebKit/537.36 (KHTML, like Gecko; compatible; GPTBot/1.4; +https://openai.com/gptbot)"
74.7.242.55 - - [30/Jun/2026:03:16:16 -0700] "GET /src/plugins/orangehrmBuzzPlugin/Dto/BuzzVideoURL/?C=D;O=D HTTP/1.1" 200 1726 "https://lambodraenterprisesghltd.com/src/plugins/orangehrmBuzzPlugin/Dto/BuzzVideoURL/?C=D;O=A" "Mozilla/5.0 AppleWebKit/537.36 (KHTML, like Gecko; compatible; GPTBot/1.4; +https://openai.com/gptbot)"
74.7.242.55 - - [30/Jun/2026:03:16:22 -0700] "GET /src/vendor/symfony/http-kernel/CacheWarmer/?C=D;O=A HTTP/1.1" 200 1502 "https://lambodraenterprisesghltd.com/src/vendor/symfony/http-kernel/CacheWarmer/" "Mozilla/5.0 AppleWebKit/537.36 (KHTML, like Gecko; compatible; GPTBot/1.4; +https://openai.com/gptbot)"
74.7.242.55 - - [30/Jun/2026:03:16:27 -0700] "GET /src/vendor/symfony/http-kernel/CacheWarmer/?C=N;O=D HTTP/1.1" 200 1502 "https://lambodraenterprisesghltd.com/src/vendor/symfony/http-kernel/CacheWarmer/" "Mozilla/5.0 AppleWebKit/537.36 (KHTML, like Gecko; compatible; GPTBot/1.4; +https://openai.com/gptbot)"
74.7.242.55 - - [30/Jun/2026:03:16:31 -0700] "GET /src/vendor/symfony/security-csrf/Exception/?C=N;O=D HTTP/1.1" 200 939 "https://lambodraenterprisesghltd.com/src/vendor/symfony/security-csrf/Exception/" "Mozilla/5.0 AppleWebKit/537.36 (KHTML, like Gecko; compatible; GPTBot/1.4; +https://openai.com/gptbot)"
74.7.227.141 - - [30/Jun/2026:03:16:32 -0700] "GET /src/cache/doctrine_metadata/U/Q/?C=D;O=D HTTP/1.1" 200 905 "https://mail.lambodraenterprisesghltd.com/src/cache/doctrine_metadata/U/Q/?C=D;O=A" "Mozilla/5.0 AppleWebKit/537.36 (KHTML, like Gecko; compatible; GPTBot/1.4; +https://openai.com/gptbot)"
74.7.242.55 - - [30/Jun/2026:03:16:35 -0700] "GET /src/vendor/symfony/translation/Provider/NullProviderFactory.php HTTP/1.1" 500 - "https://lambodraenterprisesghltd.com/src/vendor/symfony/translation/Provider/?C=S;O=D" "Mozilla/5.0 AppleWebKit/537.36 (KHTML, like Gecko; compatible; GPTBot/1.4; +https://openai.com/gptbot)"
74.7.242.55 - - [30/Jun/2026:03:16:39 -0700] "GET /src/vendor/symfony/translation/Provider/FilteringProvider.php HTTP/1.1" 500 - "https://lambodraenterprisesghltd.com/src/vendor/symfony/translation/Provider/?C=S;O=D" "Mozilla/5.0 AppleWebKit/537.36 (KHTML, like Gecko; compatible; GPTBot/1.4; +https://openai.com/gptbot)"
74.7.242.55 - - [30/Jun/2026:03:16:49 -0700] "GET /src/vendor/symfony/translation/Provider/AbstractProviderFactory.php HTTP/1.1" 500 - "https://lambodraenterprisesghltd.com/src/vendor/symfony/translation/Provider/?C=S;O=D" "Mozilla/5.0 AppleWebKit/537.36 (KHTML, like Gecko; compatible; GPTBot/1.4; +https://openai.com/gptbot)"
74.7.242.55 - - [30/Jun/2026:03:17:24 -0700] "GET /src/vendor/symfony/translation/Provider/NullProvider.php HTTP/1.1" 500 - "https://lambodraenterprisesghltd.com/src/vendor/symfony/translation/Provider/?C=S;O=D" "Mozilla/5.0 AppleWebKit/537.36 (KHTML, like Gecko; compatible; GPTBot/1.4; +https://openai.com/gptbot)"
74.7.227.141 - - [30/Jun/2026:03:17:34 -0700] "GET /src/cache/doctrine_metadata/O/G/?C=D;O=D HTTP/1.1" 200 905 "https://mail.lambodraenterprisesghltd.com/src/cache/doctrine_metadata/O/G/?C=D;O=A" "Mozilla/5.0 AppleWebKit/537.36 (KHTML, like Gecko; compatible; GPTBot/1.4; +https://openai.com/gptbot)"
66.249.75.2 - - [30/Jun/2026:03:18:19 -0700] "GET /src/cache/ HTTP/1.1" 200 1196 "-" "Mozilla/5.0 (Linux; Android 6.0.1; Nexus 5X Build/MMB29P) AppleWebKit/537.36 (KHTML, like Gecko) Chrome/148.0.7778.96 Mobile Safari/537.36 (compatible; GoogleOther)"
74.7.242.55 - - [30/Jun/2026:03:18:27 -0700] "GET /src/vendor/symfony/translation/Provider/?C=D;O=D HTTP/1.1" 200 2474 "https://lambodraenterprisesghltd.com/src/vendor/symfony/translation/Provider/?C=D;O=A" "Mozilla/5.0 AppleWebKit/537.36 (KHTML, like Gecko; compatible; GPTBot/1.4; +https://openai.com/gptbot)"
74.7.227.141 - - [30/Jun/2026:03:18:32 -0700] "GET /src/cache/doctrine_metadata/X/L/?C=M;O=A HTTP/1.1" 200 905 "https://mail.lambodraenterprisesghltd.com/src/cache/doctrine_metadata/X/L/" "Mozilla/5.0 AppleWebKit/537.36 (KHTML, like Gecko; compatible; GPTBot/1.4; +https://openai.com/gptbot)"
114.119.133.63 - - [30/Jun/2026:03:19:22 -0700] "GET /?product-page=3 HTTP/1.1" 200 1694 "http://www.lambodraenterprisesghltd.com/?SA&product-page=10" "Mozilla/5.0 (Linux; Android 7.0;) AppleWebKit/537.36 (HTML, like Gecko) Mobile Safari/537.36 (compatible; PetalBot;+https://webmaster.petalsearch.com/site/petalbot)"
74.7.227.141 - - [30/Jun/2026:03:19:27 -0700] "GET /src/cache/doctrine_metadata/T/S/?C=N;O=D HTTP/1.1" 200 905 "https://mail.lambodraenterprisesghltd.com/src/cache/doctrine_metadata/T/S/" "Mozilla/5.0 AppleWebKit/537.36 (KHTML, like Gecko; compatible; GPTBot/1.4; +https://openai.com/gptbot)"
74.7.242.55 - - [30/Jun/2026:03:19:34 -0700] "GET /src/vendor/symfony/translation/Provider/?C=M;O=D HTTP/1.1" 200 2474 "https://lambodraenterprisesghltd.com/src/vendor/symfony/translation/Provider/?C=M;O=A" "Mozilla/5.0 AppleWebKit/537.36 (KHTML, like Gecko; compatible; GPTBot/1.4; +https://openai.com/gptbot)"
74.7.227.141 - - [30/Jun/2026:03:20:10 -0700] "GET /src/cache/doctrine_metadata/W/L/?C=M;O=A HTTP/1.1" 200 905 "https://mail.lambodraenterprisesghltd.com/src/cache/doctrine_metadata/W/L/" "Mozilla/5.0 AppleWebKit/537.36 (KHTML, like Gecko; compatible; GPTBot/1.4; +https://openai.com/gptbot)"
74.7.242.55 - - [30/Jun/2026:03:20:28 -0700] "GET /src/vendor/symfony/http-kernel/CacheWarmer/?C=M;O=A HTTP/1.1" 200 1502 "https://lambodraenterprisesghltd.com/src/vendor/symfony/http-kernel/CacheWarmer/" "Mozilla/5.0 AppleWebKit/537.36 (KHTML, like Gecko; compatible; GPTBot/1.4; +https://openai.com/gptbot)"
74.7.227.141 - - [30/Jun/2026:03:20:53 -0700] "GET /src/cache/doctrine_metadata/M/I/?C=D;O=D HTTP/1.1" 200 1093 "https://mail.lambodraenterprisesghltd.com/src/cache/doctrine_metadata/M/I/?C=D;O=A" "Mozilla/5.0 AppleWebKit/537.36 (KHTML, like Gecko; compatible; GPTBot/1.4; +https://openai.com/gptbot)"
74.7.242.55 - - [30/Jun/2026:03:21:18 -0700] "GET /src/vendor/symfony/security-csrf/Exception/?C=D;O=A HTTP/1.1" 200 939 "https://lambodraenterprisesghltd.com/src/vendor/symfony/security-csrf/Exception/" "Mozilla/5.0 AppleWebKit/537.36 (KHTML, like Gecko; compatible; GPTBot/1.4; +https://openai.com/gptbot)"
74.7.227.141 - - [30/Jun/2026:03:21:32 -0700] "GET /src/cache/doctrine_metadata/H/A/?C=M;O=D HTTP/1.1" 200 905 "https://mail.lambodraenterprisesghltd.com/src/cache/doctrine_metadata/H/A/?C=M;O=A" "Mozilla/5.0 AppleWebKit/537.36 (KHTML, like Gecko; compatible; GPTBot/1.4; +https://openai.com/gptbot)"
74.7.242.55 - - [30/Jun/2026:03:22:05 -0700] "GET /src/vendor/symfony/http-kernel/CacheWarmer/CacheWarmerAggregate.php HTTP/1.1" 500 - "https://lambodraenterprisesghltd.com/src/vendor/symfony/http-kernel/CacheWarmer/?C=D;O=A" "Mozilla/5.0 AppleWebKit/537.36 (KHTML, like Gecko; compatible; GPTBot/1.4; +https://openai.com/gptbot)"
74.7.227.141 - - [30/Jun/2026:03:22:05 -0700] "GET /src/cache/doctrine_metadata/M/Q/?C=S;O=D HTTP/1.1" 200 905 "https://mail.lambodraenterprisesghltd.com/src/cache/doctrine_metadata/M/Q/?C=S;O=A" "Mozilla/5.0 AppleWebKit/537.36 (KHTML, like Gecko; compatible; GPTBot/1.4; +https://openai.com/gptbot)"
74.7.230.16 - - [30/Jun/2026:03:22:06 -0700] "GET /robots.txt HTTP/1.1" 404 236 "-" "Mozilla/5.0 (Macintosh; Intel Mac OS X 10_15_7) AppleWebKit/537.36 (KHTML, like Gecko) Chrome/131.0.0.0 Safari/537.36; compatible; OAI-SearchBot/1.4; robots.txt; +https://openai.com/searchbot"
74.7.227.141 - - [30/Jun/2026:03:22:36 -0700] "GET /src/cache/doctrine_metadata/Q/W/?C=M;O=A HTTP/1.1" 200 905 "https://mail.lambodraenterprisesghltd.com/src/cache/doctrine_metadata/Q/W/" "Mozilla/5.0 AppleWebKit/537.36 (KHTML, like Gecko; compatible; GPTBot/1.4; +https://openai.com/gptbot)"
74.7.242.55 - - [30/Jun/2026:03:22:48 -0700] "GET /src/vendor/symfony/http-kernel/CacheWarmer/CacheWarmerInterface.php HTTP/1.1" 500 - "https://lambodraenterprisesghltd.com/src/vendor/symfony/http-kernel/CacheWarmer/?C=D;O=A" "Mozilla/5.0 AppleWebKit/537.36 (KHTML, like Gecko; compatible; GPTBot/1.4; +https://openai.com/gptbot)"
74.7.227.141 - - [30/Jun/2026:03:23:02 -0700] "GET /src/cache/doctrine_metadata/V/I/?C=D;O=A HTTP/1.1" 200 905 "https://mail.lambodraenterprisesghltd.com/src/cache/doctrine_metadata/V/I/" "Mozilla/5.0 AppleWebKit/537.36 (KHTML, like Gecko; compatible; GPTBot/1.4; +https://openai.com/gptbot)"
74.7.227.141 - - [30/Jun/2026:03:23:26 -0700] "GET /src/cache/doctrine_metadata/N/Z/?C=S;O=D HTTP/1.1" 200 1093 "https://mail.lambodraenterprisesghltd.com/src/cache/doctrine_metadata/N/Z/?C=S;O=A" "Mozilla/5.0 AppleWebKit/537.36 (KHTML, like Gecko; compatible; GPTBot/1.4; +https://openai.com/gptbot)"
74.7.227.141 - - [30/Jun/2026:03:23:48 -0700] "GET /src/cache/doctrine_metadata/L/A/?C=N;O=A HTTP/1.1" 200 905 "https://mail.lambodraenterprisesghltd.com/src/cache/doctrine_metadata/L/A/?C=M;O=A" "Mozilla/5.0 AppleWebKit/537.36 (KHTML, like Gecko; compatible; GPTBot/1.4; +https://openai.com/gptbot)"
74.7.242.55 - - [30/Jun/2026:03:23:52 -0700] "GET /src/vendor/symfony/security-csrf/Exception/TokenNotFoundException.php HTTP/1.1" 500 - "https://lambodraenterprisesghltd.com/src/vendor/symfony/security-csrf/Exception/?C=N;O=D" "Mozilla/5.0 AppleWebKit/537.36 (KHTML, like Gecko; compatible; GPTBot/1.4; +https://openai.com/gptbot)"
74.7.227.141 - - [30/Jun/2026:03:24:08 -0700] "GET /src/cache/doctrine_metadata/R/L/?C=D;O=A HTTP/1.1" 200 905 "https://mail.lambodraenterprisesghltd.com/src/cache/doctrine_metadata/R/L/" "Mozilla/5.0 AppleWebKit/537.36 (KHTML, like Gecko; compatible; GPTBot/1.4; +https://openai.com/gptbot)"
74.7.227.141 - - [30/Jun/2026:03:24:26 -0700] "GET /src/cache/doctrine_metadata/X/L/?C=M;O=D HTTP/1.1" 200 905 "https://mail.lambodraenterprisesghltd.com/src/cache/doctrine_metadata/X/L/?C=M;O=A" "Mozilla/5.0 AppleWebKit/537.36 (KHTML, like Gecko; compatible; GPTBot/1.4; +https://openai.com/gptbot)"
74.7.227.141 - - [30/Jun/2026:03:24:42 -0700] "GET /src/cache/doctrine_metadata/L/U/?C=N;O=A HTTP/1.1" 200 905 "https://mail.lambodraenterprisesghltd.com/src/cache/doctrine_metadata/L/U/?C=S;O=A" "Mozilla/5.0 AppleWebKit/537.36 (KHTML, like Gecko; compatible; GPTBot/1.4; +https://openai.com/gptbot)"
74.7.242.55 - - [30/Jun/2026:03:24:52 -0700] "GET /src/vendor/symfony/http-kernel/CacheWarmer/CacheWarmer.php HTTP/1.1" 500 - "https://lambodraenterprisesghltd.com/src/vendor/symfony/http-kernel/CacheWarmer/?C=D;O=A" "Mozilla/5.0 AppleWebKit/537.36 (KHTML, like Gecko; compatible; GPTBot/1.4; +https://openai.com/gptbot)"
74.7.227.141 - - [30/Jun/2026:03:24:56 -0700] "GET /src/cache/doctrine_metadata/W/L/?C=M;O=D HTTP/1.1" 200 905 "https://mail.lambodraenterprisesghltd.com/src/cache/doctrine_metadata/W/L/?C=M;O=A" "Mozilla/5.0 AppleWebKit/537.36 (KHTML, like Gecko; compatible; GPTBot/1.4; +https://openai.com/gptbot)"
74.7.227.141 - - [30/Jun/2026:03:25:10 -0700] "GET /src/cache/doctrine_metadata/K/P/?C=N;O=D HTTP/1.1" 200 905 "https://mail.lambodraenterprisesghltd.com/src/cache/doctrine_metadata/K/P/" "Mozilla/5.0 AppleWebKit/537.36 (KHTML, like Gecko; compatible; GPTBot/1.4; +https://openai.com/gptbot)"
74.7.227.141 - - [30/Jun/2026:03:25:21 -0700] "GET /src/cache/doctrine_metadata/O/G/?C=N;O=A HTTP/1.1" 200 905 "https://mail.lambodraenterprisesghltd.com/src/cache/doctrine_metadata/O/G/?C=N;O=D" "Mozilla/5.0 AppleWebKit/537.36 (KHTML, like Gecko; compatible; GPTBot/1.4; +https://openai.com/gptbot)"
74.7.227.141 - - [30/Jun/2026:03:25:31 -0700] "GET /src/cache/doctrine_metadata/G/N/?C=N;O=A HTTP/1.1" 200 905 "https://mail.lambodraenterprisesghltd.com/src/cache/doctrine_metadata/G/N/?C=D;O=A" "Mozilla/5.0 AppleWebKit/537.36 (KHTML, like Gecko; compatible; GPTBot/1.4; +https://openai.com/gptbot)"
74.7.227.141 - - [30/Jun/2026:03:25:40 -0700] "GET /src/cache/doctrine_metadata/Q/W/?C=M;O=D HTTP/1.1" 429 17 "https://mail.lambodraenterprisesghltd.com/src/cache/doctrine_metadata/Q/W/?C=M;O=A" "Mozilla/5.0 AppleWebKit/537.36 (KHTML, like Gecko; compatible; GPTBot/1.4; +https://openai.com/gptbot)"
74.7.227.141 - - [30/Jun/2026:03:25:49 -0700] "GET /src/cache/doctrine_metadata/V/I/?C=N;O=A HTTP/1.1" 429 17 "https://mail.lambodraenterprisesghltd.com/src/cache/doctrine_metadata/V/I/?C=D;O=A" "Mozilla/5.0 AppleWebKit/537.36 (KHTML, like Gecko; compatible; GPTBot/1.4; +https://openai.com/gptbot)"
74.7.242.55 - - [30/Jun/2026:03:25:56 -0700] "GET /src/vendor/symfony/http-kernel/CacheWarmer/?C=S;O=A HTTP/1.1" 200 1502 "https://lambodraenterprisesghltd.com/src/vendor/symfony/http-kernel/CacheWarmer/" "Mozilla/5.0 AppleWebKit/537.36 (KHTML, like Gecko; compatible; GPTBot/1.4; +https://openai.com/gptbot)"
74.7.227.141 - - [30/Jun/2026:03:26:14 -0700] "GET /src/cache/doctrine_metadata/V/I/?C=D;O=D HTTP/1.1" 429 17 "https://mail.lambodraenterprisesghltd.com/src/cache/doctrine_metadata/V/I/?C=D;O=A" "Mozilla/5.0 AppleWebKit/537.36 (KHTML, like Gecko; compatible; GPTBot/1.4; +https://openai.com/gptbot)"
74.7.242.55 - - [30/Jun/2026:03:27:01 -0700] "GET /src/vendor/symfony/http-kernel/CacheWarmer/?C=D;O=D HTTP/1.1" 200 1502 "https://lambodraenterprisesghltd.com/src/vendor/symfony/http-kernel/CacheWarmer/?C=D;O=A" "Mozilla/5.0 AppleWebKit/537.36 (KHTML, like Gecko; compatible; GPTBot/1.4; +https://openai.com/gptbot)"
74.7.227.141 - - [30/Jun/2026:03:27:14 -0700] "GET /src/cache/doctrine_metadata/Q/W/?C=D;O=A HTTP/1.1" 429 17 "https://mail.lambodraenterprisesghltd.com/src/cache/doctrine_metadata/Q/W/?C=M;O=A" "Mozilla/5.0 AppleWebKit/537.36 (KHTML, like Gecko; compatible; GPTBot/1.4; +https://openai.com/gptbot)"
74.7.242.55 - - [30/Jun/2026:03:28:00 -0700] "GET /src/vendor/symfony/security-csrf/Exception/?C=N;O=A HTTP/1.1" 200 939 "https://lambodraenterprisesghltd.com/src/vendor/symfony/security-csrf/Exception/?C=N;O=D" "Mozilla/5.0 AppleWebKit/537.36 (KHTML, like Gecko; compatible; GPTBot/1.4; +https://openai.com/gptbot)"
74.7.227.141 - - [30/Jun/2026:03:28:19 -0700] "GET /src/cache/doctrine_metadata/R/L/?C=D;O=D HTTP/1.1" 200 905 "https://mail.lambodraenterprisesghltd.com/src/cache/doctrine_metadata/R/L/?C=D;O=A" "Mozilla/5.0 AppleWebKit/537.36 (KHTML, like Gecko; compatible; GPTBot/1.4; +https://openai.com/gptbot)"
74.7.242.55 - - [30/Jun/2026:03:28:53 -0700] "GET /src/vendor/symfony/http-kernel/CacheWarmer/?C=N;O=A HTTP/1.1" 200 1502 "https://lambodraenterprisesghltd.com/src/vendor/symfony/http-kernel/CacheWarmer/?C=D;O=A" "Mozilla/5.0 AppleWebKit/537.36 (KHTML, like Gecko; compatible; GPTBot/1.4; +https://openai.com/gptbot)"
74.7.227.141 - - [30/Jun/2026:03:29:21 -0700] "GET /src/cache/doctrine_metadata/V/I/?C=M;O=A HTTP/1.1" 200 905 "https://mail.lambodraenterprisesghltd.com/src/cache/doctrine_metadata/V/I/" "Mozilla/5.0 AppleWebKit/537.36 (KHTML, like Gecko; compatible; GPTBot/1.4; +https://openai.com/gptbot)"
74.7.242.55 - - [30/Jun/2026:03:29:37 -0700] "GET /src/vendor/symfony/security-csrf/Exception/?C=M;O=A HTTP/1.1" 200 939 "https://lambodraenterprisesghltd.com/src/vendor/symfony/security-csrf/Exception/" "Mozilla/5.0 AppleWebKit/537.36 (KHTML, like Gecko; compatible; GPTBot/1.4; +https://openai.com/gptbot)"
74.7.227.141 - - [30/Jun/2026:03:30:18 -0700] "GET /src/cache/doctrine_metadata/-/N/?C=M;O=D HTTP/1.1" 200 905 "https://mail.lambodraenterprisesghltd.com/src/cache/doctrine_metadata/-/N/?C=M;O=A" "Mozilla/5.0 AppleWebKit/537.36 (KHTML, like Gecko; compatible; GPTBot/1.4; +https://openai.com/gptbot)"
74.7.242.55 - - [30/Jun/2026:03:30:18 -0700] "GET /src/vendor/symfony/http-kernel/CacheWarmer/?C=M;O=D HTTP/1.1" 200 1502 "https://lambodraenterprisesghltd.com/src/vendor/symfony/http-kernel/CacheWarmer/?C=M;O=A" "Mozilla/5.0 AppleWebKit/537.36 (KHTML, like Gecko; compatible; GPTBot/1.4; +https://openai.com/gptbot)"
74.7.242.55 - - [30/Jun/2026:03:30:54 -0700] "GET /src/vendor/symfony/security-csrf/Exception/?C=D;O=D HTTP/1.1" 200 939 "https://lambodraenterprisesghltd.com/src/vendor/symfony/security-csrf/Exception/?C=D;O=A" "Mozilla/5.0 AppleWebKit/537.36 (KHTML, like Gecko; compatible; GPTBot/1.4; +https://openai.com/gptbot)"
185.252.223.35 - - [30/Jun/2026:03:30:56 -0700] "GET / HTTP/1.1" 200 1694 "-" "Mozilla/5.0 (Linux; Android 11; Nokia G50) AppleWebKit/537.36 (KHTML, like Gecko) Chrome/123.0.6312.61 Mobile Safari/537.36"
185.252.223.35 - - [30/Jun/2026:03:30:57 -0700] "GET /?rest_route=/wp/v2/users HTTP/1.1" 200 1694 "-" "Mozilla/5.0 (X11; Linux x86_64) AppleWebKit/537.36 (KHTML, like Gecko) Chrome/92.0.4515.107 Safari/537.36"
74.7.227.141 - - [30/Jun/2026:03:31:08 -0700] "GET /src/cache/doctrine_metadata/V/T/?C=S;O=A HTTP/1.1" 200 905 "https://mail.lambodraenterprisesghltd.com/src/cache/doctrine_metadata/V/T/" "Mozilla/5.0 AppleWebKit/537.36 (KHTML, like Gecko; compatible; GPTBot/1.4; +https://openai.com/gptbot)"
74.7.242.55 - - [30/Jun/2026:03:31:28 -0700] "GET /src/vendor/symfony/security-csrf/Exception/?C=S;O=A HTTP/1.1" 200 939 "https://lambodraenterprisesghltd.com/src/vendor/symfony/security-csrf/Exception/" "Mozilla/5.0 AppleWebKit/537.36 (KHTML, like Gecko; compatible; GPTBot/1.4; +https://openai.com/gptbot)"
74.7.227.141 - - [30/Jun/2026:03:31:53 -0700] "GET /src/cache/doctrine_metadata/K/P/?C=S;O=A HTTP/1.1" 200 905 "https://mail.lambodraenterprisesghltd.com/src/cache/doctrine_metadata/K/P/?C=N;O=D" "Mozilla/5.0 AppleWebKit/537.36 (KHTML, like Gecko; compatible; GPTBot/1.4; +https://openai.com/gptbot)"
74.7.242.55 - - [30/Jun/2026:03:31:59 -0700] "GET /src/vendor/doctrine/collections/lib/Doctrine/Common/Collections/ArrayCollection.php HTTP/1.1" 500 - "https://lambodraenterprisesghltd.com/src/vendor/doctrine/collections/lib/Doctrine/Common/Collections/" "Mozilla/5.0 AppleWebKit/537.36 (KHTML, like Gecko; compatible; GPTBot/1.4; +https://openai.com/gptbot)"
74.7.242.55 - - [30/Jun/2026:03:32:27 -0700] "GET /src/vendor/respect/validation/library/?C=M;O=A HTTP/1.1" 200 2352 "https://lambodraenterprisesghltd.com/src/vendor/respect/validation/library/" "Mozilla/5.0 AppleWebKit/537.36 (KHTML, like Gecko; compatible; GPTBot/1.4; +https://openai.com/gptbot)"
74.7.227.141 - - [30/Jun/2026:03:32:33 -0700] "GET /src/cache/doctrine_metadata/C/V/?C=S;O=D HTTP/1.1" 200 905 "https://mail.lambodraenterprisesghltd.com/src/cache/doctrine_metadata/C/V/?C=S;O=A" "Mozilla/5.0 AppleWebKit/537.36 (KHTML, like Gecko; compatible; GPTBot/1.4; +https://openai.com/gptbot)"
74.7.227.141 - - [30/Jun/2026:03:33:09 -0700] "GET /src/cache/doctrine_metadata/G/N/?C=N;O=D HTTP/1.1" 200 905 "https://mail.lambodraenterprisesghltd.com/src/cache/doctrine_metadata/G/N/?C=N;O=A" "Mozilla/5.0 AppleWebKit/537.36 (KHTML, like Gecko; compatible; GPTBot/1.4; +https://openai.com/gptbot)"
74.7.242.55 - - [30/Jun/2026:03:33:30 -0700] "GET /src/vendor/symfony/translation/Dumper/?C=D;O=D HTTP/1.1" 200 2953 "https://lambodraenterprisesghltd.com/src/vendor/symfony/translation/Dumper/?C=D;O=A" "Mozilla/5.0 AppleWebKit/537.36 (KHTML, like Gecko; compatible; GPTBot/1.4; +https://openai.com/gptbot)"
74.7.227.141 - - [30/Jun/2026:03:33:41 -0700] "GET /src/cache/doctrine_metadata/N/W/?C=N;O=A HTTP/1.1" 200 905 "https://mail.lambodraenterprisesghltd.com/src/cache/doctrine_metadata/N/W/?C=D;O=A" "Mozilla/5.0 AppleWebKit/537.36 (KHTML, like Gecko; compatible; GPTBot/1.4; +https://openai.com/gptbot)"
74.7.227.141 - - [30/Jun/2026:03:34:12 -0700] "GET /src/cache/doctrine_metadata/H/K/?C=D;O=D HTTP/1.1" 200 905 "https://mail.lambodraenterprisesghltd.com/src/cache/doctrine_metadata/H/K/?C=D;O=A" "Mozilla/5.0 AppleWebKit/537.36 (KHTML, like Gecko; compatible; GPTBot/1.4; +https://openai.com/gptbot)"
74.7.242.55 - - [30/Jun/2026:03:34:24 -0700] "GET /src/vendor/symfony/http-kernel/CacheWarmer/?C=S;O=D HTTP/1.1" 200 1502 "https://lambodraenterprisesghltd.com/src/vendor/symfony/http-kernel/CacheWarmer/?C=S;O=A" "Mozilla/5.0 AppleWebKit/537.36 (KHTML, like Gecko; compatible; GPTBot/1.4; +https://openai.com/gptbot)"
74.7.227.141 - - [30/Jun/2026:03:34:39 -0700] "GET /src/cache/doctrine_metadata/C/K/?C=N;O=D HTTP/1.1" 200 905 "https://mail.lambodraenterprisesghltd.com/src/cache/doctrine_metadata/C/K/" "Mozilla/5.0 AppleWebKit/537.36 (KHTML, like Gecko; compatible; GPTBot/1.4; +https://openai.com/gptbot)"
74.7.227.141 - - [30/Jun/2026:03:35:04 -0700] "GET /src/cache/doctrine_metadata/Q/W/?C=N;O=A HTTP/1.1" 200 905 "https://mail.lambodraenterprisesghltd.com/src/cache/doctrine_metadata/Q/W/?C=N;O=D" "Mozilla/5.0 AppleWebKit/537.36 (KHTML, like Gecko; compatible; GPTBot/1.4; +https://openai.com/gptbot)"
74.7.242.55 - - [30/Jun/2026:03:35:16 -0700] "GET /src/vendor/symfony/translation/Reader/?C=D;O=A HTTP/1.1" 200 1120 "https://lambodraenterprisesghltd.com/src/vendor/symfony/translation/Reader/" "Mozilla/5.0 AppleWebKit/537.36 (KHTML, like Gecko; compatible; GPTBot/1.4; +https://openai.com/gptbot)"
74.7.227.141 - - [30/Jun/2026:03:35:26 -0700] "GET /src/cache/doctrine_metadata/Y/K/?C=M;O=D HTTP/1.1" 200 905 "https://mail.lambodraenterprisesghltd.com/src/cache/doctrine_metadata/Y/K/?C=M;O=A" "Mozilla/5.0 AppleWebKit/537.36 (KHTML, like Gecko; compatible; GPTBot/1.4; +https://openai.com/gptbot)"
74.7.227.141 - - [30/Jun/2026:03:35:45 -0700] "GET /src/cache/doctrine_metadata/V/I/?C=M;O=D HTTP/1.1" 200 905 "https://mail.lambodraenterprisesghltd.com/src/cache/doctrine_metadata/V/I/?C=M;O=A" "Mozilla/5.0 AppleWebKit/537.36 (KHTML, like Gecko; compatible; GPTBot/1.4; +https://openai.com/gptbot)"
74.7.242.55 - - [30/Jun/2026:03:36:01 -0700] "GET /src/vendor/symfony/translation/Loader/?C=S;O=A HTTP/1.1" 200 3324 "https://lambodraenterprisesghltd.com/src/vendor/symfony/translation/Loader/" "Mozilla/5.0 AppleWebKit/537.36 (KHTML, like Gecko; compatible; GPTBot/1.4; +https://openai.com/gptbot)"
74.7.227.141 - - [30/Jun/2026:03:36:03 -0700] "GET /src/cache/doctrine_metadata/V/I/?C=N;O=A HTTP/1.1" 200 905 "https://mail.lambodraenterprisesghltd.com/src/cache/doctrine_metadata/V/I/?C=M;O=A" "Mozilla/5.0 AppleWebKit/537.36 (KHTML, like Gecko; compatible; GPTBot/1.4; +https://openai.com/gptbot)"
74.7.227.141 - - [30/Jun/2026:03:36:19 -0700] "GET /src/cache/doctrine_metadata/V/T/?C=S;O=D HTTP/1.1" 200 905 "https://mail.lambodraenterprisesghltd.com/src/cache/doctrine_metadata/V/T/?C=S;O=A" "Mozilla/5.0 AppleWebKit/537.36 (KHTML, like Gecko; compatible; GPTBot/1.4; +https://openai.com/gptbot)"
74.7.227.141 - - [30/Jun/2026:03:36:33 -0700] "GET /src/cache/doctrine_metadata/K/P/?C=S;O=D HTTP/1.1" 200 905 "https://mail.lambodraenterprisesghltd.com/src/cache/doctrine_metadata/K/P/?C=S;O=A" "Mozilla/5.0 AppleWebKit/537.36 (KHTML, like Gecko; compatible; GPTBot/1.4; +https://openai.com/gptbot)"
74.7.242.55 - - [30/Jun/2026:03:36:41 -0700] "GET /src/vendor/symfony/translation/Reader/?C=M;O=A HTTP/1.1" 200 1120 "https://lambodraenterprisesghltd.com/src/vendor/symfony/translation/Reader/" "Mozilla/5.0 AppleWebKit/537.36 (KHTML, like Gecko; compatible; GPTBot/1.4; +https://openai.com/gptbot)"
74.7.227.141 - - [30/Jun/2026:03:36:45 -0700] "GET /src/cache/doctrine_metadata/N/Z/?C=M;O=A HTTP/1.1" 200 1093 "https://mail.lambodraenterprisesghltd.com/src/cache/doctrine_metadata/N/Z/" "Mozilla/5.0 AppleWebKit/537.36 (KHTML, like Gecko; compatible; GPTBot/1.4; +https://openai.com/gptbot)"
74.7.227.141 - - [30/Jun/2026:03:36:57 -0700] "GET /src/cache/doctrine_metadata/B/G/?C=N;O=D HTTP/1.1" 200 905 "https://mail.lambodraenterprisesghltd.com/src/cache/doctrine_metadata/B/G/" "Mozilla/5.0 AppleWebKit/537.36 (KHTML, like Gecko; compatible; GPTBot/1.4; +https://openai.com/gptbot)"
74.7.227.141 - - [30/Jun/2026:03:37:08 -0700] "GET /src/cache/doctrine_metadata/V/T/?C=N;O=A HTTP/1.1" 200 905 "https://mail.lambodraenterprisesghltd.com/src/cache/doctrine_metadata/V/T/?C=D;O=A" "Mozilla/5.0 AppleWebKit/537.36 (KHTML, like Gecko; compatible; GPTBot/1.4; +https://openai.com/gptbot)"
74.7.227.141 - - [30/Jun/2026:03:37:17 -0700] "GET /src/cache/doctrine_metadata/V/J/?C=S;O=A HTTP/1.1" 429 17 "https://mail.lambodraenterprisesghltd.com/src/cache/doctrine_metadata/V/J/" "Mozilla/5.0 AppleWebKit/537.36 (KHTML, like Gecko; compatible; GPTBot/1.4; +https://openai.com/gptbot)"
74.7.242.55 - - [30/Jun/2026:03:37:20 -0700] "GET /src/vendor/symfony/security-csrf/Exception/?C=M;O=D HTTP/1.1" 200 939 "https://lambodraenterprisesghltd.com/src/vendor/symfony/security-csrf/Exception/?C=M;O=A" "Mozilla/5.0 AppleWebKit/537.36 (KHTML, like Gecko; compatible; GPTBot/1.4; +https://openai.com/gptbot)"
74.7.227.141 - - [30/Jun/2026:03:37:26 -0700] "GET /src/cache/doctrine_metadata/C/K/?C=S;O=A HTTP/1.1" 429 17 "https://mail.lambodraenterprisesghltd.com/src/cache/doctrine_metadata/C/K/?C=N;O=D" "Mozilla/5.0 AppleWebKit/537.36 (KHTML, like Gecko; compatible; GPTBot/1.4; +https://openai.com/gptbot)"
74.7.227.141 - - [30/Jun/2026:03:37:51 -0700] "GET /src/cache/doctrine_metadata/C/K/?C=N;O=A HTTP/1.1" 429 17 "https://mail.lambodraenterprisesghltd.com/src/cache/doctrine_metadata/C/K/?C=N;O=D" "Mozilla/5.0 AppleWebKit/537.36 (KHTML, like Gecko; compatible; GPTBot/1.4; +https://openai.com/gptbot)"
74.7.242.55 - - [30/Jun/2026:03:37:55 -0700] "GET /src/vendor/respect/validation/library/?C=S;O=A HTTP/1.1" 200 2352 "https://lambodraenterprisesghltd.com/src/vendor/respect/validation/library/" "Mozilla/5.0 AppleWebKit/537.36 (KHTML, like Gecko; compatible; GPTBot/1.4; +https://openai.com/gptbot)"
74.7.230.51 - - [30/Jun/2026:03:37:55 -0700] "GET /robots.txt HTTP/1.1" 404 236 "-" "Mozilla/5.0 (Macintosh; Intel Mac OS X 10_15_7) AppleWebKit/537.36 (KHTML, like Gecko) Chrome/131.0.0.0 Safari/537.36; compatible; OAI-SearchBot/1.4; robots.txt; +https://openai.com/searchbot"
74.7.242.55 - - [30/Jun/2026:03:38:24 -0700] "GET /src/vendor/symfony/translation/Reader/?C=S;O=A HTTP/1.1" 200 1120 "https://lambodraenterprisesghltd.com/src/vendor/symfony/translation/Reader/" "Mozilla/5.0 AppleWebKit/537.36 (KHTML, like Gecko; compatible; GPTBot/1.4; +https://openai.com/gptbot)"
74.7.242.55 - - [30/Jun/2026:03:38:51 -0700] "GET /src/vendor/symfony/security-csrf/Exception/?C=S;O=D HTTP/1.1" 200 939 "https://lambodraenterprisesghltd.com/src/vendor/symfony/security-csrf/Exception/?C=S;O=A" "Mozilla/5.0 AppleWebKit/537.36 (KHTML, like Gecko; compatible; GPTBot/1.4; +https://openai.com/gptbot)"
74.7.227.141 - - [30/Jun/2026:03:38:53 -0700] "GET /src/cache/doctrine_metadata/C/K/?C=M;O=A HTTP/1.1" 429 17 "https://mail.lambodraenterprisesghltd.com/src/cache/doctrine_metadata/C/K/?C=N;O=D" "Mozilla/5.0 AppleWebKit/537.36 (KHTML, like Gecko; compatible; GPTBot/1.4; +https://openai.com/gptbot)"
74.7.242.55 - - [30/Jun/2026:03:39:17 -0700] "GET /src/vendor/symfony/translation/Writer/?C=S;O=A HTTP/1.1" 200 1120 "https://lambodraenterprisesghltd.com/src/vendor/symfony/translation/Writer/" "Mozilla/5.0 AppleWebKit/537.36 (KHTML, like Gecko; compatible; GPTBot/1.4; +https://openai.com/gptbot)"
74.7.242.55 - - [30/Jun/2026:03:39:38 -0700] "GET /src/vendor/respect/validation/library/Validator.php HTTP/1.1" 500 - "https://lambodraenterprisesghltd.com/src/vendor/respect/validation/library/?C=M;O=A" "Mozilla/5.0 AppleWebKit/537.36 (KHTML, like Gecko; compatible; GPTBot/1.4; +https://openai.com/gptbot)"
74.7.227.141 - - [30/Jun/2026:03:39:57 -0700] "GET /src/cache/doctrine_metadata/Q/W/?C=D;O=A HTTP/1.1" 200 905 "https://mail.lambodraenterprisesghltd.com/src/cache/doctrine_metadata/Q/W/?C=N;O=A" "Mozilla/5.0 AppleWebKit/537.36 (KHTML, like Gecko; compatible; GPTBot/1.4; +https://openai.com/gptbot)"
74.7.242.55 - - [30/Jun/2026:03:39:58 -0700] "GET /src/vendor/respect/validation/library/ChainedValidator.php HTTP/1.1" 500 - "https://lambodraenterprisesghltd.com/src/vendor/respect/validation/library/?C=M;O=A" "Mozilla/5.0 AppleWebKit/537.36 (KHTML, like Gecko; compatible; GPTBot/1.4; +https://openai.com/gptbot)"
74.7.242.55 - - [30/Jun/2026:03:40:55 -0700] "GET /src/vendor/symfony/translation/Reader/TranslationReader.php HTTP/1.1" 500 - "https://lambodraenterprisesghltd.com/src/vendor/symfony/translation/Reader/?C=D;O=A" "Mozilla/5.0 AppleWebKit/537.36 (KHTML, like Gecko; compatible; GPTBot/1.4; +https://openai.com/gptbot)"
74.7.227.141 - - [30/Jun/2026:03:41:01 -0700] "GET /src/cache/doctrine_metadata/V/I/?C=N;O=D HTTP/1.1" 200 905 "https://mail.lambodraenterprisesghltd.com/src/cache/doctrine_metadata/V/I/?C=N;O=A" "Mozilla/5.0 AppleWebKit/537.36 (KHTML, like Gecko; compatible; GPTBot/1.4; +https://openai.com/gptbot)"
74.7.242.55 - - [30/Jun/2026:03:41:55 -0700] "GET /src/vendor/symfony/translation/Loader/FileLoader.php HTTP/1.1" 500 - "https://lambodraenterprisesghltd.com/src/vendor/symfony/translation/Loader/?C=S;O=A" "Mozilla/5.0 AppleWebKit/537.36 (KHTML, like Gecko; compatible; GPTBot/1.4; +https://openai.com/gptbot)"
74.7.227.141 - - [30/Jun/2026:03:42:00 -0700] "GET /src/cache/doctrine_metadata/C/K/?C=D;O=A HTTP/1.1" 200 905 "https://mail.lambodraenterprisesghltd.com/src/cache/doctrine_metadata/C/K/?C=N;O=D" "Mozilla/5.0 AppleWebKit/537.36 (KHTML, like Gecko; compatible; GPTBot/1.4; +https://openai.com/gptbot)"
74.7.227.141 - - [30/Jun/2026:03:42:52 -0700] "GET /src/cache/doctrine_metadata/U/Q/?C=S;O=A HTTP/1.1" 200 905 "https://mail.lambodraenterprisesghltd.com/src/cache/doctrine_metadata/U/Q/" "Mozilla/5.0 AppleWebKit/537.36 (KHTML, like Gecko; compatible; GPTBot/1.4; +https://openai.com/gptbot)"
74.7.242.55 - - [30/Jun/2026:03:42:55 -0700] "GET /src/vendor/symfony/translation/Loader/IcuDatFileLoader.php HTTP/1.1" 500 - "https://lambodraenterprisesghltd.com/src/vendor/symfony/translation/Loader/?C=S;O=A" "Mozilla/5.0 AppleWebKit/537.36 (KHTML, like Gecko; compatible; GPTBot/1.4; +https://openai.com/gptbot)"
74.7.227.141 - - [30/Jun/2026:03:43:39 -0700] "GET /src/cache/doctrine_metadata/N/Z/?C=M;O=D HTTP/1.1" 200 1093 "https://mail.lambodraenterprisesghltd.com/src/cache/doctrine_metadata/N/Z/?C=M;O=A" "Mozilla/5.0 AppleWebKit/537.36 (KHTML, like Gecko; compatible; GPTBot/1.4; +https://openai.com/gptbot)"
74.7.242.55 - - [30/Jun/2026:03:43:58 -0700] "GET /src/vendor/symfony/translation/Loader/IcuResFileLoader.php HTTP/1.1" 500 - "https://lambodraenterprisesghltd.com/src/vendor/symfony/translation/Loader/?C=S;O=A" "Mozilla/5.0 AppleWebKit/537.36 (KHTML, like Gecko; compatible; GPTBot/1.4; +https://openai.com/gptbot)"
74.7.227.141 - - [30/Jun/2026:03:44:19 -0700] "GET /src/cache/doctrine_metadata/Q/W/?C=S;O=A HTTP/1.1" 200 905 "https://mail.lambodraenterprisesghltd.com/src/cache/doctrine_metadata/Q/W/" "Mozilla/5.0 AppleWebKit/537.36 (KHTML, like Gecko; compatible; GPTBot/1.4; +https://openai.com/gptbot)"
74.7.227.141 - - [30/Jun/2026:03:44:55 -0700] "GET /src/cache/doctrine_metadata/L/U/?C=D;O=A HTTP/1.1" 200 905 "https://mail.lambodraenterprisesghltd.com/src/cache/doctrine_metadata/L/U/" "Mozilla/5.0 AppleWebKit/537.36 (KHTML, like Gecko; compatible; GPTBot/1.4; +https://openai.com/gptbot)"
74.7.242.55 - - [30/Jun/2026:03:45:03 -0700] "GET /src/vendor/symfony/translation/Loader/YamlFileLoader.php HTTP/1.1" 500 - "https://lambodraenterprisesghltd.com/src/vendor/symfony/translation/Loader/?C=S;O=A" "Mozilla/5.0 AppleWebKit/537.36 (KHTML, like Gecko; compatible; GPTBot/1.4; +https://openai.com/gptbot)"
74.7.227.141 - - [30/Jun/2026:03:45:28 -0700] "GET /src/cache/doctrine_metadata/S/+/?C=M;O=A HTTP/1.1" 200 905 "https://mail.lambodraenterprisesghltd.com/src/cache/doctrine_metadata/S/+/" "Mozilla/5.0 AppleWebKit/537.36 (KHTML, like Gecko; compatible; GPTBot/1.4; +https://openai.com/gptbot)"
74.7.227.141 - - [30/Jun/2026:03:45:57 -0700] "GET /src/cache/doctrine_metadata/+/N/?C=D;O=A HTTP/1.1" 200 905 "https://mail.lambodraenterprisesghltd.com/src/cache/doctrine_metadata/+/N/" "Mozilla/5.0 AppleWebKit/537.36 (KHTML, like Gecko; compatible; GPTBot/1.4; +https://openai.com/gptbot)"
74.7.242.55 - - [30/Jun/2026:03:46:05 -0700] "GET /src/vendor/symfony/translation/Loader/JsonFileLoader.php HTTP/1.1" 500 - "https://lambodraenterprisesghltd.com/src/vendor/symfony/translation/Loader/?C=S;O=A" "Mozilla/5.0 AppleWebKit/537.36 (KHTML, like Gecko; compatible; GPTBot/1.4; +https://openai.com/gptbot)"
