74.7.227.141 - - [30/Jun/2026:03:46:25 -0700] "GET /src/cache/doctrine_metadata/D/F/?C=N;O=A HTTP/1.1" 200 905 "https://mail.lambodraenterprisesghltd.com/src/cache/doctrine_metadata/D/F/?C=N;O=D" "Mozilla/5.0 AppleWebKit/537.36 (KHTML, like Gecko; compatible; GPTBot/1.4; +https://openai.com/gptbot)"
74.7.227.141 - - [30/Jun/2026:03:46:48 -0700] "GET /src/cache/doctrine_metadata/H/K/?C=M;O=A HTTP/1.1" 200 905 "https://mail.lambodraenterprisesghltd.com/src/cache/doctrine_metadata/H/K/?C=D;O=D" "Mozilla/5.0 AppleWebKit/537.36 (KHTML, like Gecko; compatible; GPTBot/1.4; +https://openai.com/gptbot)"
74.7.242.55 - - [30/Jun/2026:03:47:09 -0700] "GET /src/vendor/symfony/translation/Loader/XliffFileLoader.php HTTP/1.1" 500 - "https://lambodraenterprisesghltd.com/src/vendor/symfony/translation/Loader/?C=S;O=A" "Mozilla/5.0 AppleWebKit/537.36 (KHTML, like Gecko; compatible; GPTBot/1.4; +https://openai.com/gptbot)"
74.7.227.141 - - [30/Jun/2026:03:47:09 -0700] "GET /src/cache/doctrine_metadata/Q/W/?C=D;O=D HTTP/1.1" 200 905 "https://mail.lambodraenterprisesghltd.com/src/cache/doctrine_metadata/Q/W/?C=D;O=A" "Mozilla/5.0 AppleWebKit/537.36 (KHTML, like Gecko; compatible; GPTBot/1.4; +https://openai.com/gptbot)"
74.7.227.141 - - [30/Jun/2026:03:47:28 -0700] "GET /src/cache/doctrine_metadata/H/B/?C=M;O=D HTTP/1.1" 200 905 "https://mail.lambodraenterprisesghltd.com/src/cache/doctrine_metadata/H/B/?C=M;O=A" "Mozilla/5.0 AppleWebKit/537.36 (KHTML, like Gecko; compatible; GPTBot/1.4; +https://openai.com/gptbot)"
74.7.227.141 - - [30/Jun/2026:03:47:46 -0700] "GET /src/cache/doctrine_metadata/C/K/?C=D;O=D HTTP/1.1" 200 905 "https://mail.lambodraenterprisesghltd.com/src/cache/doctrine_metadata/C/K/?C=D;O=A" "Mozilla/5.0 AppleWebKit/537.36 (KHTML, like Gecko; compatible; GPTBot/1.4; +https://openai.com/gptbot)"
74.7.227.141 - - [30/Jun/2026:03:48:02 -0700] "GET /src/cache/doctrine_metadata/C/K/?C=M;O=A HTTP/1.1" 200 905 "https://mail.lambodraenterprisesghltd.com/src/cache/doctrine_metadata/C/K/?C=D;O=A" "Mozilla/5.0 AppleWebKit/537.36 (KHTML, like Gecko; compatible; GPTBot/1.4; +https://openai.com/gptbot)"
74.7.242.55 - - [30/Jun/2026:03:48:09 -0700] "GET /src/vendor/symfony/translation/Loader/MoFileLoader.php HTTP/1.1" 500 - "https://lambodraenterprisesghltd.com/src/vendor/symfony/translation/Loader/?C=S;O=A" "Mozilla/5.0 AppleWebKit/537.36 (KHTML, like Gecko; compatible; GPTBot/1.4; +https://openai.com/gptbot)"
74.7.227.141 - - [30/Jun/2026:03:48:17 -0700] "GET /src/cache/doctrine_metadata/C/K/?C=S;O=A HTTP/1.1" 200 905 "https://mail.lambodraenterprisesghltd.com/src/cache/doctrine_metadata/C/K/?C=D;O=A" "Mozilla/5.0 AppleWebKit/537.36 (KHTML, like Gecko; compatible; GPTBot/1.4; +https://openai.com/gptbot)"
74.7.227.141 - - [30/Jun/2026:03:48:30 -0700] "GET /src/cache/doctrine_metadata/C/K/?C=N;O=A HTTP/1.1" 200 905 "https://mail.lambodraenterprisesghltd.com/src/cache/doctrine_metadata/C/K/?C=D;O=A" "Mozilla/5.0 AppleWebKit/537.36 (KHTML, like Gecko; compatible; GPTBot/1.4; +https://openai.com/gptbot)"
74.7.227.141 - - [30/Jun/2026:03:48:42 -0700] "GET /src/cache/doctrine_metadata/U/Q/?C=S;O=D HTTP/1.1" 200 905 "https://mail.lambodraenterprisesghltd.com/src/cache/doctrine_metadata/U/Q/?C=S;O=A" "Mozilla/5.0 AppleWebKit/537.36 (KHTML, like Gecko; compatible; GPTBot/1.4; +https://openai.com/gptbot)"
74.7.227.141 - - [30/Jun/2026:03:48:52 -0700] "GET /src/cache/doctrine_metadata/S/+/?C=M;O=D HTTP/1.1" 200 905 "https://mail.lambodraenterprisesghltd.com/src/cache/doctrine_metadata/S/+/?C=M;O=A" "Mozilla/5.0 AppleWebKit/537.36 (KHTML, like Gecko; compatible; GPTBot/1.4; +https://openai.com/gptbot)"
74.7.227.141 - - [30/Jun/2026:03:49:02 -0700] "GET /src/cache/doctrine_metadata/+/N/?C=D;O=D HTTP/1.1" 200 905 "https://mail.lambodraenterprisesghltd.com/src/cache/doctrine_metadata/+/N/?C=D;O=A" "Mozilla/5.0 AppleWebKit/537.36 (KHTML, like Gecko; compatible; GPTBot/1.4; +https://openai.com/gptbot)"
74.7.227.141 - - [30/Jun/2026:03:49:11 -0700] "GET /src/cache/doctrine_metadata/Q/W/?C=S;O=D HTTP/1.1" 429 17 "https://mail.lambodraenterprisesghltd.com/src/cache/doctrine_metadata/Q/W/?C=S;O=A" "Mozilla/5.0 AppleWebKit/537.36 (KHTML, like Gecko; compatible; GPTBot/1.4; +https://openai.com/gptbot)"
74.7.242.55 - - [30/Jun/2026:03:49:13 -0700] "GET /src/vendor/symfony/translation/Writer/TranslationWriter.php HTTP/1.1" 500 - "https://lambodraenterprisesghltd.com/src/vendor/symfony/translation/Writer/?C=S;O=A" "Mozilla/5.0 AppleWebKit/537.36 (KHTML, like Gecko; compatible; GPTBot/1.4; +https://openai.com/gptbot)"
74.7.227.141 - - [30/Jun/2026:03:49:19 -0700] "GET /src/cache/doctrine_metadata/H/K/?C=M;O=D HTTP/1.1" 429 17 "https://mail.lambodraenterprisesghltd.com/src/cache/doctrine_metadata/H/K/?C=M;O=A" "Mozilla/5.0 AppleWebKit/537.36 (KHTML, like Gecko; compatible; GPTBot/1.4; +https://openai.com/gptbot)"
74.7.227.141 - - [30/Jun/2026:03:49:41 -0700] "GET /src/cache/doctrine_metadata/L/U/?C=D;O=D HTTP/1.1" 429 17 "https://mail.lambodraenterprisesghltd.com/src/cache/doctrine_metadata/L/U/?C=D;O=A" "Mozilla/5.0 AppleWebKit/537.36 (KHTML, like Gecko; compatible; GPTBot/1.4; +https://openai.com/gptbot)"
74.7.242.55 - - [30/Jun/2026:03:50:14 -0700] "GET /src/vendor/symfony/translation/Loader/QtFileLoader.php HTTP/1.1" 500 - "https://lambodraenterprisesghltd.com/src/vendor/symfony/translation/Loader/?C=S;O=A" "Mozilla/5.0 AppleWebKit/537.36 (KHTML, like Gecko; compatible; GPTBot/1.4; +https://openai.com/gptbot)"
74.7.227.141 - - [30/Jun/2026:03:50:44 -0700] "GET /src/cache/doctrine_metadata/R/U/?C=D;O=A HTTP/1.1" 429 17 "https://mail.lambodraenterprisesghltd.com/src/cache/doctrine_metadata/R/U/" "Mozilla/5.0 AppleWebKit/537.36 (KHTML, like Gecko; compatible; GPTBot/1.4; +https://openai.com/gptbot)"
66.249.75.40 - - [30/Jun/2026:03:50:53 -0700] "GET / HTTP/1.1" 200 1694 "-" "Mozilla/5.0 (compatible; Googlebot/2.1; +http://www.google.com/bot.html)"
74.7.242.55 - - [30/Jun/2026:03:51:16 -0700] "GET /src/vendor/symfony/translation/Loader/CsvFileLoader.php HTTP/1.1" 500 - "https://lambodraenterprisesghltd.com/src/vendor/symfony/translation/Loader/?C=S;O=A" "Mozilla/5.0 AppleWebKit/537.36 (KHTML, like Gecko; compatible; GPTBot/1.4; +https://openai.com/gptbot)"
74.7.227.141 - - [30/Jun/2026:03:51:47 -0700] "GET /src/cache/doctrine_metadata/C/T/?C=N;O=A HTTP/1.1" 200 905 "https://mail.lambodraenterprisesghltd.com/src/cache/doctrine_metadata/C/T/?C=S;O=A" "Mozilla/5.0 AppleWebKit/537.36 (KHTML, like Gecko; compatible; GPTBot/1.4; +https://openai.com/gptbot)"
74.7.242.55 - - [30/Jun/2026:03:52:19 -0700] "GET /src/vendor/symfony/translation/Loader/PhpFileLoader.php HTTP/1.1" 500 - "https://lambodraenterprisesghltd.com/src/vendor/symfony/translation/Loader/?C=S;O=A" "Mozilla/5.0 AppleWebKit/537.36 (KHTML, like Gecko; compatible; GPTBot/1.4; +https://openai.com/gptbot)"
74.7.227.141 - - [30/Jun/2026:03:53:09 -0700] "GET /src/cache/doctrine_metadata/C/K/?C=M;O=D HTTP/1.1" 200 905 "https://mail.lambodraenterprisesghltd.com/src/cache/doctrine_metadata/C/K/?C=M;O=A" "Mozilla/5.0 AppleWebKit/537.36 (KHTML, like Gecko; compatible; GPTBot/1.4; +https://openai.com/gptbot)"
74.7.242.55 - - [30/Jun/2026:03:53:20 -0700] "GET /src/vendor/symfony/translation/Loader/IniFileLoader.php HTTP/1.1" 500 - "https://lambodraenterprisesghltd.com/src/vendor/symfony/translation/Loader/?C=S;O=A" "Mozilla/5.0 AppleWebKit/537.36 (KHTML, like Gecko; compatible; GPTBot/1.4; +https://openai.com/gptbot)"
74.7.227.141 - - [30/Jun/2026:03:53:50 -0700] "GET /src/cache/doctrine_metadata/C/K/?C=S;O=D HTTP/1.1" 200 905 "https://mail.lambodraenterprisesghltd.com/src/cache/doctrine_metadata/C/K/?C=S;O=A" "Mozilla/5.0 AppleWebKit/537.36 (KHTML, like Gecko; compatible; GPTBot/1.4; +https://openai.com/gptbot)"
74.7.242.55 - - [30/Jun/2026:03:54:26 -0700] "GET /src/vendor/symfony/translation/Loader/PoFileLoader.php HTTP/1.1" 500 - "https://lambodraenterprisesghltd.com/src/vendor/symfony/translation/Loader/?C=S;O=A" "Mozilla/5.0 AppleWebKit/537.36 (KHTML, like Gecko; compatible; GPTBot/1.4; +https://openai.com/gptbot)"
74.7.227.141 - - [30/Jun/2026:03:54:39 -0700] "GET /src/cache/doctrine_metadata/V/L/?C=D;O=D HTTP/1.1" 200 905 "https://mail.lambodraenterprisesghltd.com/src/cache/doctrine_metadata/V/L/?C=D;O=A" "Mozilla/5.0 AppleWebKit/537.36 (KHTML, like Gecko; compatible; GPTBot/1.4; +https://openai.com/gptbot)"
74.7.227.141 - - [30/Jun/2026:03:55:27 -0700] "GET /src/cache/doctrine_metadata/Y/U/?C=S;O=A HTTP/1.1" 200 905 "https://mail.lambodraenterprisesghltd.com/src/cache/doctrine_metadata/Y/U/" "Mozilla/5.0 AppleWebKit/537.36 (KHTML, like Gecko; compatible; GPTBot/1.4; +https://openai.com/gptbot)"
74.7.242.55 - - [30/Jun/2026:03:55:28 -0700] "GET /src/vendor/symfony/translation/Loader/ArrayLoader.php HTTP/1.1" 500 - "https://lambodraenterprisesghltd.com/src/vendor/symfony/translation/Loader/?C=S;O=A" "Mozilla/5.0 AppleWebKit/537.36 (KHTML, like Gecko; compatible; GPTBot/1.4; +https://openai.com/gptbot)"
74.7.227.141 - - [30/Jun/2026:03:56:08 -0700] "GET /src/cache/doctrine_metadata/X/L/?C=S;O=A HTTP/1.1" 200 905 "https://mail.lambodraenterprisesghltd.com/src/cache/doctrine_metadata/X/L/?C=M;O=A" "Mozilla/5.0 AppleWebKit/537.36 (KHTML, like Gecko; compatible; GPTBot/1.4; +https://openai.com/gptbot)"
74.7.242.55 - - [30/Jun/2026:03:56:32 -0700] "GET /src/vendor/symfony/translation/Writer/?C=S;O=D HTTP/1.1" 200 1120 "https://lambodraenterprisesghltd.com/src/vendor/symfony/translation/Writer/?C=S;O=A" "Mozilla/5.0 AppleWebKit/537.36 (KHTML, like Gecko; compatible; GPTBot/1.4; +https://openai.com/gptbot)"
74.7.227.141 - - [30/Jun/2026:03:56:44 -0700] "GET /src/cache/doctrine_metadata/S/+/?C=D;O=A HTTP/1.1" 200 905 "https://mail.lambodraenterprisesghltd.com/src/cache/doctrine_metadata/S/+/" "Mozilla/5.0 AppleWebKit/537.36 (KHTML, like Gecko; compatible; GPTBot/1.4; +https://openai.com/gptbot)"
74.7.227.141 - - [30/Jun/2026:03:57:19 -0700] "GET /src/cache/doctrine_metadata/Q/R/?C=N;O=A HTTP/1.1" 200 905 "https://mail.lambodraenterprisesghltd.com/src/cache/doctrine_metadata/Q/R/?C=D;O=A" "Mozilla/5.0 AppleWebKit/537.36 (KHTML, like Gecko; compatible; GPTBot/1.4; +https://openai.com/gptbot)"
74.7.242.55 - - [30/Jun/2026:03:57:32 -0700] "GET /src/vendor/symfony/translation/Loader/?C=S;O=D HTTP/1.1" 200 3324 "https://lambodraenterprisesghltd.com/src/vendor/symfony/translation/Loader/?C=S;O=A" "Mozilla/5.0 AppleWebKit/537.36 (KHTML, like Gecko; compatible; GPTBot/1.4; +https://openai.com/gptbot)"
74.7.227.141 - - [30/Jun/2026:03:57:50 -0700] "GET /src/cache/doctrine_metadata/Z/N/?C=N;O=A HTTP/1.1" 200 1093 "https://mail.lambodraenterprisesghltd.com/src/cache/doctrine_metadata/Z/N/?C=M;O=A" "Mozilla/5.0 AppleWebKit/537.36 (KHTML, like Gecko; compatible; GPTBot/1.4; +https://openai.com/gptbot)"
74.7.227.141 - - [30/Jun/2026:03:58:16 -0700] "GET /src/cache/doctrine_metadata/D/N/?C=M;O=A HTTP/1.1" 200 905 "https://mail.lambodraenterprisesghltd.com/src/cache/doctrine_metadata/D/N/" "Mozilla/5.0 AppleWebKit/537.36 (KHTML, like Gecko; compatible; GPTBot/1.4; +https://openai.com/gptbot)"
74.7.242.55 - - [30/Jun/2026:03:58:28 -0700] "GET /src/vendor/symfony/translation/Reader/?C=N;O=A HTTP/1.1" 200 1120 "https://lambodraenterprisesghltd.com/src/vendor/symfony/translation/Reader/?C=D;O=A" "Mozilla/5.0 AppleWebKit/537.36 (KHTML, like Gecko; compatible; GPTBot/1.4; +https://openai.com/gptbot)"
74.7.227.141 - - [30/Jun/2026:03:58:42 -0700] "GET /src/cache/doctrine_metadata/I/A/?C=S;O=A HTTP/1.1" 200 905 "https://mail.lambodraenterprisesghltd.com/src/cache/doctrine_metadata/I/A/" "Mozilla/5.0 AppleWebKit/537.36 (KHTML, like Gecko; compatible; GPTBot/1.4; +https://openai.com/gptbot)"
74.7.227.141 - - [30/Jun/2026:03:59:04 -0700] "GET /src/cache/doctrine_metadata/-/O/?C=D;O=A HTTP/1.1" 200 905 "https://mail.lambodraenterprisesghltd.com/src/cache/doctrine_metadata/-/O/" "Mozilla/5.0 AppleWebKit/537.36 (KHTML, like Gecko; compatible; GPTBot/1.4; +https://openai.com/gptbot)"
74.7.242.55 - - [30/Jun/2026:03:59:20 -0700] "GET /src/vendor/symfony/translation/Loader/?C=N;O=A HTTP/1.1" 200 3324 "https://lambodraenterprisesghltd.com/src/vendor/symfony/translation/Loader/?C=S;O=A" "Mozilla/5.0 AppleWebKit/537.36 (KHTML, like Gecko; compatible; GPTBot/1.4; +https://openai.com/gptbot)"
74.7.227.141 - - [30/Jun/2026:03:59:24 -0700] "GET /src/cache/doctrine_metadata/V/D/?C=N;O=A HTTP/1.1" 200 905 "https://mail.lambodraenterprisesghltd.com/src/cache/doctrine_metadata/V/D/?C=S;O=A" "Mozilla/5.0 AppleWebKit/537.36 (KHTML, like Gecko; compatible; GPTBot/1.4; +https://openai.com/gptbot)"
74.7.227.141 - - [30/Jun/2026:03:59:42 -0700] "GET /src/cache/doctrine_metadata/I/A/?C=N;O=D HTTP/1.1" 200 905 "https://mail.lambodraenterprisesghltd.com/src/cache/doctrine_metadata/I/A/" "Mozilla/5.0 AppleWebKit/537.36 (KHTML, like Gecko; compatible; GPTBot/1.4; +https://openai.com/gptbot)"
74.7.227.141 - - [30/Jun/2026:03:59:58 -0700] "GET /src/vendor/symfony/yaml/Resources/?C=S;O=A HTTP/1.1" 200 887 "https://mail.lambodraenterprisesghltd.com/src/vendor/symfony/yaml/Resources/" "Mozilla/5.0 AppleWebKit/537.36 (KHTML, like Gecko; compatible; GPTBot/1.4; +https://openai.com/gptbot)"
74.7.242.55 - - [30/Jun/2026:04:00:08 -0700] "GET /src/vendor/symfony/translation/Writer/?C=N;O=A HTTP/1.1" 200 1120 "https://lambodraenterprisesghltd.com/src/vendor/symfony/translation/Writer/?C=S;O=A" "Mozilla/5.0 AppleWebKit/537.36 (KHTML, like Gecko; compatible; GPTBot/1.4; +https://openai.com/gptbot)"
74.7.227.141 - - [30/Jun/2026:04:00:12 -0700] "GET /src/cache/doctrine_metadata/Y/U/?C=S;O=D HTTP/1.1" 200 905 "https://mail.lambodraenterprisesghltd.com/src/cache/doctrine_metadata/Y/U/?C=S;O=A" "Mozilla/5.0 AppleWebKit/537.36 (KHTML, like Gecko; compatible; GPTBot/1.4; +https://openai.com/gptbot)"
74.7.227.141 - - [30/Jun/2026:04:00:25 -0700] "GET /src/cache/doctrine_metadata/X/L/?C=S;O=D HTTP/1.1" 200 905 "https://mail.lambodraenterprisesghltd.com/src/cache/doctrine_metadata/X/L/?C=S;O=A" "Mozilla/5.0 AppleWebKit/537.36 (KHTML, like Gecko; compatible; GPTBot/1.4; +https://openai.com/gptbot)"
74.7.227.141 - - [30/Jun/2026:04:00:37 -0700] "GET /src/cache/doctrine_metadata/S/+/?C=D;O=D HTTP/1.1" 200 905 "https://mail.lambodraenterprisesghltd.com/src/cache/doctrine_metadata/S/+/?C=D;O=A" "Mozilla/5.0 AppleWebKit/537.36 (KHTML, like Gecko; compatible; GPTBot/1.4; +https://openai.com/gptbot)"
74.7.227.141 - - [30/Jun/2026:04:00:48 -0700] "GET /src/vendor/symfony/console/Logger/?C=D;O=A HTTP/1.1" 200 903 "https://mail.lambodraenterprisesghltd.com/src/vendor/symfony/console/Logger/" "Mozilla/5.0 AppleWebKit/537.36 (KHTML, like Gecko; compatible; GPTBot/1.4; +https://openai.com/gptbot)"
74.7.242.55 - - [30/Jun/2026:04:00:51 -0700] "GET /src/vendor/symfony/translation/Reader/?C=N;O=D HTTP/1.1" 200 1120 "https://lambodraenterprisesghltd.com/src/vendor/symfony/translation/Reader/" "Mozilla/5.0 AppleWebKit/537.36 (KHTML, like Gecko; compatible; GPTBot/1.4; +https://openai.com/gptbot)"
74.7.227.141 - - [30/Jun/2026:04:00:57 -0700] "GET /src/vendor/symfony/mime/Resources/?C=D;O=A HTTP/1.1" 429 17 "https://mail.lambodraenterprisesghltd.com/src/vendor/symfony/mime/Resources/" "Mozilla/5.0 AppleWebKit/537.36 (KHTML, like Gecko; compatible; GPTBot/1.4; +https://openai.com/gptbot)"
74.7.227.141 - - [30/Jun/2026:04:01:05 -0700] "GET /src/cache/doctrine_metadata/D/N/?C=M;O=D HTTP/1.1" 429 17 "https://mail.lambodraenterprisesghltd.com/src/cache/doctrine_metadata/D/N/?C=M;O=A" "Mozilla/5.0 AppleWebKit/537.36 (KHTML, like Gecko; compatible; GPTBot/1.4; +https://openai.com/gptbot)"
74.7.242.55 - - [30/Jun/2026:04:01:28 -0700] "GET /src/vendor/symfony/translation/Writer/?C=M;O=A HTTP/1.1" 200 1120 "https://lambodraenterprisesghltd.com/src/vendor/symfony/translation/Writer/" "Mozilla/5.0 AppleWebKit/537.36 (KHTML, like Gecko; compatible; GPTBot/1.4; +https://openai.com/gptbot)"
74.7.227.141 - - [30/Jun/2026:04:01:32 -0700] "GET /src/cache/doctrine_metadata/I/A/?C=S;O=D HTTP/1.1" 429 17 "https://mail.lambodraenterprisesghltd.com/src/cache/doctrine_metadata/I/A/?C=S;O=A" "Mozilla/5.0 AppleWebKit/537.36 (KHTML, like Gecko; compatible; GPTBot/1.4; +https://openai.com/gptbot)"
74.7.242.55 - - [30/Jun/2026:04:02:02 -0700] "GET /src/vendor/symfony/translation/Reader/?C=M;O=D HTTP/1.1" 200 1120 "https://lambodraenterprisesghltd.com/src/vendor/symfony/translation/Reader/?C=M;O=A" "Mozilla/5.0 AppleWebKit/537.36 (KHTML, like Gecko; compatible; GPTBot/1.4; +https://openai.com/gptbot)"
74.7.242.55 - - [30/Jun/2026:04:02:32 -0700] "GET /src/vendor/symfony/translation/Writer/?C=D;O=A HTTP/1.1" 200 1120 "https://lambodraenterprisesghltd.com/src/vendor/symfony/translation/Writer/" "Mozilla/5.0 AppleWebKit/537.36 (KHTML, like Gecko; compatible; GPTBot/1.4; +https://openai.com/gptbot)"
74.7.227.141 - - [30/Jun/2026:04:02:38 -0700] "GET /src/cache/doctrine_metadata/-/O/?C=D;O=D HTTP/1.1" 200 905 "https://mail.lambodraenterprisesghltd.com/src/cache/doctrine_metadata/-/O/?C=D;O=A" "Mozilla/5.0 AppleWebKit/537.36 (KHTML, like Gecko; compatible; GPTBot/1.4; +https://openai.com/gptbot)"
74.7.242.55 - - [30/Jun/2026:04:02:59 -0700] "GET /src/vendor/symfony/translation/Loader/?C=N;O=D HTTP/1.1" 200 3324 "https://lambodraenterprisesghltd.com/src/vendor/symfony/translation/Loader/" "Mozilla/5.0 AppleWebKit/537.36 (KHTML, like Gecko; compatible; GPTBot/1.4; +https://openai.com/gptbot)"
74.7.242.55 - - [30/Jun/2026:04:03:25 -0700] "GET /src/vendor/symfony/translation/Loader/?C=M;O=A HTTP/1.1" 200 3324 "https://lambodraenterprisesghltd.com/src/vendor/symfony/translation/Loader/" "Mozilla/5.0 AppleWebKit/537.36 (KHTML, like Gecko; compatible; GPTBot/1.4; +https://openai.com/gptbot)"
74.7.227.141 - - [30/Jun/2026:04:03:38 -0700] "GET /src/cache/doctrine_metadata/V/D/?C=N;O=D HTTP/1.1" 200 905 "https://mail.lambodraenterprisesghltd.com/src/cache/doctrine_metadata/V/D/?C=N;O=A" "Mozilla/5.0 AppleWebKit/537.36 (KHTML, like Gecko; compatible; GPTBot/1.4; +https://openai.com/gptbot)"
74.7.242.55 - - [30/Jun/2026:04:03:47 -0700] "GET /src/vendor/symfony/translation/Loader/?C=D;O=A HTTP/1.1" 200 3324 "https://lambodraenterprisesghltd.com/src/vendor/symfony/translation/Loader/" "Mozilla/5.0 AppleWebKit/537.36 (KHTML, like Gecko; compatible; GPTBot/1.4; +https://openai.com/gptbot)"
114.119.153.56 - - [30/Jun/2026:04:03:59 -0700] "GET /src/plugins/orangehrmI18NPlugin/ HTTP/1.1" 200 1923 "https://lambodraenterprisesghltd.com/src/plugins/?C=N%3BO%3DD" "Mozilla/5.0 (Linux; Android 7.0;) AppleWebKit/537.36 (HTML, like Gecko) Mobile Safari/537.36 (compatible; PetalBot;+https://webmaster.petalsearch.com/site/petalbot)"
74.7.242.55 - - [30/Jun/2026:04:04:07 -0700] "GET /src/vendor/respect/validation/library/?C=N;O=D HTTP/1.1" 200 2352 "https://lambodraenterprisesghltd.com/src/vendor/respect/validation/library/" "Mozilla/5.0 AppleWebKit/537.36 (KHTML, like Gecko; compatible; GPTBot/1.4; +https://openai.com/gptbot)"
74.7.242.55 - - [30/Jun/2026:04:04:26 -0700] "GET /src/vendor/respect/validation/library/?C=S;O=D HTTP/1.1" 200 2352 "https://lambodraenterprisesghltd.com/src/vendor/respect/validation/library/?C=S;O=A" "Mozilla/5.0 AppleWebKit/537.36 (KHTML, like Gecko; compatible; GPTBot/1.4; +https://openai.com/gptbot)"
74.7.227.141 - - [30/Jun/2026:04:04:37 -0700] "GET /src/vendor/symfony/console/Tester/?C=M;O=A HTTP/1.1" 200 1652 "https://mail.lambodraenterprisesghltd.com/src/vendor/symfony/console/Tester/" "Mozilla/5.0 AppleWebKit/537.36 (KHTML, like Gecko; compatible; GPTBot/1.4; +https://openai.com/gptbot)"
74.7.242.55 - - [30/Jun/2026:04:04:42 -0700] "GET /src/vendor/respect/validation/library/?C=D;O=A HTTP/1.1" 200 2352 "https://lambodraenterprisesghltd.com/src/vendor/respect/validation/library/" "Mozilla/5.0 AppleWebKit/537.36 (KHTML, like Gecko; compatible; GPTBot/1.4; +https://openai.com/gptbot)"
74.7.242.55 - - [30/Jun/2026:04:04:56 -0700] "GET /src/vendor/symfony/translation/Writer/?C=N;O=D HTTP/1.1" 200 1120 "https://lambodraenterprisesghltd.com/src/vendor/symfony/translation/Writer/" "Mozilla/5.0 AppleWebKit/537.36 (KHTML, like Gecko; compatible; GPTBot/1.4; +https://openai.com/gptbot)"
74.7.242.55 - - [30/Jun/2026:04:05:09 -0700] "GET /src/vendor/symfony/routing/Annotation/?C=N;O=D HTTP/1.1" 200 903 "https://lambodraenterprisesghltd.com/src/vendor/symfony/routing/Annotation/" "Mozilla/5.0 AppleWebKit/537.36 (KHTML, like Gecko; compatible; GPTBot/1.4; +https://openai.com/gptbot)"
74.7.242.55 - - [30/Jun/2026:04:05:21 -0700] "GET /src/vendor/symfony/translation/Writer/?C=M;O=D HTTP/1.1" 200 1120 "https://lambodraenterprisesghltd.com/src/vendor/symfony/translation/Writer/?C=M;O=A" "Mozilla/5.0 AppleWebKit/537.36 (KHTML, like Gecko; compatible; GPTBot/1.4; +https://openai.com/gptbot)"
74.7.227.141 - - [30/Jun/2026:04:05:28 -0700] "GET /src/vendor/symfony/console/Logger/?C=M;O=A HTTP/1.1" 200 903 "https://mail.lambodraenterprisesghltd.com/src/vendor/symfony/console/Logger/" "Mozilla/5.0 AppleWebKit/537.36 (KHTML, like Gecko; compatible; GPTBot/1.4; +https://openai.com/gptbot)"
74.7.242.55 - - [30/Jun/2026:04:05:31 -0700] "GET /src/vendor/respect/validation/library/?C=N;O=A HTTP/1.1" 200 2352 "https://lambodraenterprisesghltd.com/src/vendor/respect/validation/library/?C=M;O=A" "Mozilla/5.0 AppleWebKit/537.36 (KHTML, like Gecko; compatible; GPTBot/1.4; +https://openai.com/gptbot)"
74.7.242.55 - - [30/Jun/2026:04:05:41 -0700] "GET /src/vendor/symfony/translation/Reader/?C=S;O=D HTTP/1.1" 200 1120 "https://lambodraenterprisesghltd.com/src/vendor/symfony/translation/Reader/?C=S;O=A" "Mozilla/5.0 AppleWebKit/537.36 (KHTML, like Gecko; compatible; GPTBot/1.4; +https://openai.com/gptbot)"
74.7.242.55 - - [30/Jun/2026:04:05:50 -0700] "GET /src/vendor/respect/validation/library/?C=M;O=D HTTP/1.1" 200 2352 "https://lambodraenterprisesghltd.com/src/vendor/respect/validation/library/?C=M;O=A" "Mozilla/5.0 AppleWebKit/537.36 (KHTML, like Gecko; compatible; GPTBot/1.4; +https://openai.com/gptbot)"
74.7.242.55 - - [30/Jun/2026:04:05:57 -0700] "GET /src/vendor/symfony/translation/Loader/?C=M;O=D HTTP/1.1" 200 3324 "https://lambodraenterprisesghltd.com/src/vendor/symfony/translation/Loader/?C=M;O=A" "Mozilla/5.0 AppleWebKit/537.36 (KHTML, like Gecko; compatible; GPTBot/1.4; +https://openai.com/gptbot)"
74.7.242.55 - - [30/Jun/2026:04:06:03 -0700] "GET /src/vendor/symfony/translation/Reader/?C=D;O=D HTTP/1.1" 200 1120 "https://lambodraenterprisesghltd.com/src/vendor/symfony/translation/Reader/?C=D;O=A" "Mozilla/5.0 AppleWebKit/537.36 (KHTML, like Gecko; compatible; GPTBot/1.4; +https://openai.com/gptbot)"
74.7.242.55 - - [30/Jun/2026:04:06:10 -0700] "GET /src/vendor/symfony/http-kernel/Controller/ArgumentResolver/?C=M;O=A HTTP/1.1" 200 2367 "https://lambodraenterprisesghltd.com/src/vendor/symfony/http-kernel/Controller/ArgumentResolver/" "Mozilla/5.0 AppleWebKit/537.36 (KHTML, like Gecko; compatible; GPTBot/1.4; +https://openai.com/gptbot)"
74.7.227.141 - - [30/Jun/2026:04:06:15 -0700] "GET /src/vendor/symfony/console/Helper/?C=D;O=A HTTP/1.1" 200 4232 "https://mail.lambodraenterprisesghltd.com/src/vendor/symfony/console/Helper/" "Mozilla/5.0 AppleWebKit/537.36 (KHTML, like Gecko; compatible; GPTBot/1.4; +https://openai.com/gptbot)"
74.7.242.55 - - [30/Jun/2026:04:06:15 -0700] "GET /src/vendor/symfony/http-kernel/Controller/ArgumentResolver/?C=N;O=A HTTP/1.1" 200 2367 "https://lambodraenterprisesghltd.com/src/vendor/symfony/http-kernel/Controller/ArgumentResolver/?C=N;O=D" "Mozilla/5.0 AppleWebKit/537.36 (KHTML, like Gecko; compatible; GPTBot/1.4; +https://openai.com/gptbot)"
74.7.242.55 - - [30/Jun/2026:04:06:21 -0700] "GET /src/vendor/symfony/http-kernel/Controller/ArgumentResolver/?C=D;O=A HTTP/1.1" 200 2367 "https://lambodraenterprisesghltd.com/src/vendor/symfony/http-kernel/Controller/ArgumentResolver/" "Mozilla/5.0 AppleWebKit/537.36 (KHTML, like Gecko; compatible; GPTBot/1.4; +https://openai.com/gptbot)"
74.7.242.55 - - [30/Jun/2026:04:06:25 -0700] "GET /src/vendor/symfony/security-core/Validator/Constraints/?C=S;O=A HTTP/1.1" 200 1156 "https://lambodraenterprisesghltd.com/src/vendor/symfony/security-core/Validator/Constraints/" "Mozilla/5.0 AppleWebKit/537.36 (KHTML, like Gecko; compatible; GPTBot/1.4; +https://openai.com/gptbot)"
74.7.242.55 - - [30/Jun/2026:04:06:29 -0700] "GET /src/vendor/symfony/security-core/Validator/Constraints/?C=D;O=A HTTP/1.1" 200 1156 "https://lambodraenterprisesghltd.com/src/vendor/symfony/security-core/Validator/Constraints/" "Mozilla/5.0 AppleWebKit/537.36 (KHTML, like Gecko; compatible; GPTBot/1.4; +https://openai.com/gptbot)"
74.7.242.55 - - [30/Jun/2026:04:06:33 -0700] "GET /src/vendor/symfony/security-core/Validator/Constraints/?C=N;O=D HTTP/1.1" 200 1156 "https://lambodraenterprisesghltd.com/src/vendor/symfony/security-core/Validator/Constraints/" "Mozilla/5.0 AppleWebKit/537.36 (KHTML, like Gecko; compatible; GPTBot/1.4; +https://openai.com/gptbot)"
74.7.242.55 - - [30/Jun/2026:04:06:36 -0700] "GET /src/vendor/symfony/http-kernel/Controller/ArgumentResolver/?C=S;O=A HTTP/1.1" 200 2367 "https://lambodraenterprisesghltd.com/src/vendor/symfony/http-kernel/Controller/ArgumentResolver/" "Mozilla/5.0 AppleWebKit/537.36 (KHTML, like Gecko; compatible; GPTBot/1.4; +https://openai.com/gptbot)"
74.7.242.55 - - [30/Jun/2026:04:06:50 -0700] "GET /src/vendor/symfony/security-core/Validator/Constraints/?C=M;O=A HTTP/1.1" 200 1156 "https://lambodraenterprisesghltd.com/src/vendor/symfony/security-core/Validator/Constraints/" "Mozilla/5.0 AppleWebKit/537.36 (KHTML, like Gecko; compatible; GPTBot/1.4; +https://openai.com/gptbot)"
74.7.242.55 - - [30/Jun/2026:04:06:52 -0700] "GET /src/vendor/symfony/http-kernel/?C=S;O=A HTTP/1.1" 200 6317 "https://lambodraenterprisesghltd.com/src/vendor/symfony/http-kernel/" "Mozilla/5.0 AppleWebKit/537.36 (KHTML, like Gecko; compatible; GPTBot/1.4; +https://openai.com/gptbot)"
74.7.242.55 - - [30/Jun/2026:04:06:53 -0700] "GET /src/vendor/symfony/http-kernel/?C=D;O=A HTTP/1.1" 200 6317 "https://lambodraenterprisesghltd.com/src/vendor/symfony/http-kernel/" "Mozilla/5.0 AppleWebKit/537.36 (KHTML, like Gecko; compatible; GPTBot/1.4; +https://openai.com/gptbot)"
74.7.242.55 - - [30/Jun/2026:04:06:55 -0700] "GET /src/vendor/symfony/http-kernel/?C=M;O=A HTTP/1.1" 200 6317 "https://lambodraenterprisesghltd.com/src/vendor/symfony/http-kernel/" "Mozilla/5.0 AppleWebKit/537.36 (KHTML, like Gecko; compatible; GPTBot/1.4; +https://openai.com/gptbot)"
74.7.227.141 - - [30/Jun/2026:04:06:56 -0700] "GET /src/vendor/symfony/mime/Resources/?C=M;O=A HTTP/1.1" 200 887 "https://mail.lambodraenterprisesghltd.com/src/vendor/symfony/mime/Resources/" "Mozilla/5.0 AppleWebKit/537.36 (KHTML, like Gecko; compatible; GPTBot/1.4; +https://openai.com/gptbot)"
74.7.242.55 - - [30/Jun/2026:04:06:57 -0700] "GET /src/vendor/symfony/http-kernel/Controller/ArgumentResolver/RequestValueResolver.php HTTP/1.1" 500 - "https://lambodraenterprisesghltd.com/src/vendor/symfony/http-kernel/Controller/ArgumentResolver/?C=M;O=A" "Mozilla/5.0 AppleWebKit/537.36 (KHTML, like Gecko; compatible; GPTBot/1.4; +https://openai.com/gptbot)"
74.7.242.55 - - [30/Jun/2026:04:06:58 -0700] "GET /src/vendor/symfony/http-kernel/Controller/ArgumentResolver/SessionValueResolver.php HTTP/1.1" 500 - "https://lambodraenterprisesghltd.com/src/vendor/symfony/http-kernel/Controller/ArgumentResolver/?C=M;O=A" "Mozilla/5.0 AppleWebKit/537.36 (KHTML, like Gecko; compatible; GPTBot/1.4; +https://openai.com/gptbot)"
74.7.242.55 - - [30/Jun/2026:04:07:04 -0700] "GET /src/vendor/symfony/http-kernel/Controller/ArgumentResolver/ServiceValueResolver.php HTTP/1.1" 500 - "https://lambodraenterprisesghltd.com/src/vendor/symfony/http-kernel/Controller/ArgumentResolver/?C=M;O=A" "Mozilla/5.0 AppleWebKit/537.36 (KHTML, like Gecko; compatible; GPTBot/1.4; +https://openai.com/gptbot)"
74.7.242.55 - - [30/Jun/2026:04:07:19 -0700] "GET /src/vendor/symfony/security-core/Validator/Constraints/UserPasswordValidator.php HTTP/1.1" 429 17 "https://lambodraenterprisesghltd.com/src/vendor/symfony/security-core/Validator/Constraints/?C=S;O=A" "Mozilla/5.0 AppleWebKit/537.36 (KHTML, like Gecko; compatible; GPTBot/1.4; +https://openai.com/gptbot)"
74.7.227.141 - - [30/Jun/2026:04:07:34 -0700] "GET /src/vendor/symfony/yaml/Resources/?C=M;O=A HTTP/1.1" 200 887 "https://mail.lambodraenterprisesghltd.com/src/vendor/symfony/yaml/Resources/" "Mozilla/5.0 AppleWebKit/537.36 (KHTML, like Gecko; compatible; GPTBot/1.4; +https://openai.com/gptbot)"
74.7.242.55 - - [30/Jun/2026:04:08:08 -0700] "GET /src/vendor/symfony/security-core/Validator/Constraints/UserPassword.php HTTP/1.1" 500 - "https://lambodraenterprisesghltd.com/src/vendor/symfony/security-core/Validator/Constraints/?C=S;O=A" "Mozilla/5.0 AppleWebKit/537.36 (KHTML, like Gecko; compatible; GPTBot/1.4; +https://openai.com/gptbot)"
74.7.227.141 - - [30/Jun/2026:04:08:08 -0700] "GET /src/vendor/symfony/console/Logger/ConsoleLogger.php HTTP/1.1" 500 - "https://mail.lambodraenterprisesghltd.com/src/vendor/symfony/console/Logger/?C=D;O=A" "Mozilla/5.0 AppleWebKit/537.36 (KHTML, like Gecko; compatible; GPTBot/1.4; +https://openai.com/gptbot)"
74.7.227.141 - - [30/Jun/2026:04:08:40 -0700] "GET /src/vendor/symfony/yaml/Resources/?C=N;O=A HTTP/1.1" 200 887 "https://mail.lambodraenterprisesghltd.com/src/vendor/symfony/yaml/Resources/?C=S;O=A" "Mozilla/5.0 AppleWebKit/537.36 (KHTML, like Gecko; compatible; GPTBot/1.4; +https://openai.com/gptbot)"
74.7.242.55 - - [30/Jun/2026:04:09:09 -0700] "GET /src/vendor/symfony/http-kernel/Controller/ArgumentResolver/DefaultValueResolver.php HTTP/1.1" 500 - "https://lambodraenterprisesghltd.com/src/vendor/symfony/http-kernel/Controller/ArgumentResolver/?C=M;O=A" "Mozilla/5.0 AppleWebKit/537.36 (KHTML, like Gecko; compatible; GPTBot/1.4; +https://openai.com/gptbot)"
74.7.227.141 - - [30/Jun/2026:04:09:41 -0700] "GET /src/vendor/symfony/console/Logger/?C=N;O=A HTTP/1.1" 200 903 "https://mail.lambodraenterprisesghltd.com/src/vendor/symfony/console/Logger/?C=D;O=A" "Mozilla/5.0 AppleWebKit/537.36 (KHTML, like Gecko; compatible; GPTBot/1.4; +https://openai.com/gptbot)"
74.7.242.55 - - [30/Jun/2026:04:10:13 -0700] "GET /src/vendor/symfony/http-kernel/Controller/ArgumentResolver/VariadicValueResolver.php HTTP/1.1" 500 - "https://lambodraenterprisesghltd.com/src/vendor/symfony/http-kernel/Controller/ArgumentResolver/?C=M;O=A" "Mozilla/5.0 AppleWebKit/537.36 (KHTML, like Gecko; compatible; GPTBot/1.4; +https://openai.com/gptbot)"
74.7.227.141 - - [30/Jun/2026:04:10:37 -0700] "GET /src/vendor/symfony/mime/Resources/?C=N;O=D HTTP/1.1" 200 887 "https://mail.lambodraenterprisesghltd.com/src/vendor/symfony/mime/Resources/" "Mozilla/5.0 AppleWebKit/537.36 (KHTML, like Gecko; compatible; GPTBot/1.4; +https://openai.com/gptbot)"
74.7.242.55 - - [30/Jun/2026:04:11:18 -0700] "GET /src/vendor/symfony/http-kernel/Controller/ArgumentResolver/RequestAttributeValueResolver.php HTTP/1.1" 500 - "https://lambodraenterprisesghltd.com/src/vendor/symfony/http-kernel/Controller/ArgumentResolver/?C=M;O=A" "Mozilla/5.0 AppleWebKit/537.36 (KHTML, like Gecko; compatible; GPTBot/1.4; +https://openai.com/gptbot)"
74.7.227.141 - - [30/Jun/2026:04:11:26 -0700] "GET /src/vendor/symfony/console/Tester/?C=D;O=A HTTP/1.1" 200 1652 "https://mail.lambodraenterprisesghltd.com/src/vendor/symfony/console/Tester/" "Mozilla/5.0 AppleWebKit/537.36 (KHTML, like Gecko; compatible; GPTBot/1.4; +https://openai.com/gptbot)"
74.7.227.141 - - [30/Jun/2026:04:12:14 -0700] "GET /src/vendor/symfony/yaml/Resources/?C=S;O=D HTTP/1.1" 200 887 "https://mail.lambodraenterprisesghltd.com/src/vendor/symfony/yaml/Resources/?C=S;O=A" "Mozilla/5.0 AppleWebKit/537.36 (KHTML, like Gecko; compatible; GPTBot/1.4; +https://openai.com/gptbot)"
74.7.242.55 - - [30/Jun/2026:04:12:22 -0700] "GET /src/vendor/symfony/http-kernel/HttpKernelBrowser.php HTTP/1.1" 500 - "https://lambodraenterprisesghltd.com/src/vendor/symfony/http-kernel/?C=S;O=A" "Mozilla/5.0 AppleWebKit/537.36 (KHTML, like Gecko; compatible; GPTBot/1.4; +https://openai.com/gptbot)"
74.7.227.141 - - [30/Jun/2026:04:12:53 -0700] "GET /src/vendor/symfony/console/Tester/CommandTester.php HTTP/1.1" 500 - "https://mail.lambodraenterprisesghltd.com/src/vendor/symfony/console/Tester/?C=M;O=A" "Mozilla/5.0 AppleWebKit/537.36 (KHTML, like Gecko; compatible; GPTBot/1.4; +https://openai.com/gptbot)"
74.7.242.55 - - [30/Jun/2026:04:13:27 -0700] "GET /src/vendor/symfony/http-kernel/Resources/ HTTP/1.1" 200 920 "https://lambodraenterprisesghltd.com/src/vendor/symfony/http-kernel/?C=S;O=A" "Mozilla/5.0 AppleWebKit/537.36 (KHTML, like Gecko; compatible; GPTBot/1.4; +https://openai.com/gptbot)"
74.7.227.141 - - [30/Jun/2026:04:13:29 -0700] "GET /src/vendor/symfony/console/Tester/ApplicationTester.php HTTP/1.1" 500 - "https://mail.lambodraenterprisesghltd.com/src/vendor/symfony/console/Tester/?C=M;O=A" "Mozilla/5.0 AppleWebKit/537.36 (KHTML, like Gecko; compatible; GPTBot/1.4; +https://openai.com/gptbot)"
74.7.242.55 - - [30/Jun/2026:04:14:31 -0700] "GET /src/vendor/symfony/http-kernel/HttpClientKernel.php HTTP/1.1" 500 - "https://lambodraenterprisesghltd.com/src/vendor/symfony/http-kernel/?C=S;O=A" "Mozilla/5.0 AppleWebKit/537.36 (KHTML, like Gecko; compatible; GPTBot/1.4; +https://openai.com/gptbot)"
74.7.227.141 - - [30/Jun/2026:04:14:32 -0700] "GET /src/vendor/symfony/console/Helper/SymfonyQuestionHelper.php HTTP/1.1" 500 - "https://mail.lambodraenterprisesghltd.com/src/vendor/symfony/console/Helper/?C=D;O=A" "Mozilla/5.0 AppleWebKit/537.36 (KHTML, like Gecko; compatible; GPTBot/1.4; +https://openai.com/gptbot)"
74.7.242.55 - - [30/Jun/2026:04:15:30 -0700] "GET /src/vendor/symfony/http-kernel/KernelInterface.php HTTP/1.1" 500 - "https://lambodraenterprisesghltd.com/src/vendor/symfony/http-kernel/?C=S;O=A" "Mozilla/5.0 AppleWebKit/537.36 (KHTML, like Gecko; compatible; GPTBot/1.4; +https://openai.com/gptbot)"
74.7.227.141 - - [30/Jun/2026:04:15:37 -0700] "GET /src/vendor/symfony/console/Helper/TableSeparator.php HTTP/1.1" 500 - "https://mail.lambodraenterprisesghltd.com/src/vendor/symfony/console/Helper/?C=D;O=A" "Mozilla/5.0 AppleWebKit/537.36 (KHTML, like Gecko; compatible; GPTBot/1.4; +https://openai.com/gptbot)"
74.7.242.55 - - [30/Jun/2026:04:16:34 -0700] "GET /src/vendor/symfony/http-kernel/HttpKernel.php HTTP/1.1" 500 - "https://lambodraenterprisesghltd.com/src/vendor/symfony/http-kernel/?C=S;O=A" "Mozilla/5.0 AppleWebKit/537.36 (KHTML, like Gecko; compatible; GPTBot/1.4; +https://openai.com/gptbot)"
74.7.227.141 - - [30/Jun/2026:04:16:39 -0700] "GET /src/vendor/symfony/console/Helper/QuestionHelper.php HTTP/1.1" 500 - "https://mail.lambodraenterprisesghltd.com/src/vendor/symfony/console/Helper/?C=D;O=A" "Mozilla/5.0 AppleWebKit/537.36 (KHTML, like Gecko; compatible; GPTBot/1.4; +https://openai.com/gptbot)"
198.235.24.130 - - [30/Jun/2026:04:17:06 -0700] "GET / HTTP/1.1" 200 39640 "-" "Hello from Palo Alto Networks, find out more about our scans in https://docs-cortex.paloaltonetworks.com/r/1/Cortex-Xpanse/Scanning-activity"
74.7.242.55 - - [30/Jun/2026:04:17:36 -0700] "GET /src/vendor/symfony/http-kernel/Kernel.php HTTP/1.1" 500 - "https://lambodraenterprisesghltd.com/src/vendor/symfony/http-kernel/?C=S;O=A" "Mozilla/5.0 AppleWebKit/537.36 (KHTML, like Gecko; compatible; GPTBot/1.4; +https://openai.com/gptbot)"
74.7.227.141 - - [30/Jun/2026:04:17:42 -0700] "GET /src/vendor/symfony/console/Helper/DebugFormatterHelper.php HTTP/1.1" 500 - "https://mail.lambodraenterprisesghltd.com/src/vendor/symfony/console/Helper/?C=D;O=A" "Mozilla/5.0 AppleWebKit/537.36 (KHTML, like Gecko; compatible; GPTBot/1.4; +https://openai.com/gptbot)"
74.7.242.55 - - [30/Jun/2026:04:18:37 -0700] "GET /src/vendor/symfony/http-kernel/Controller/ArgumentResolver/NotTaggedControllerValueResolver.php HTTP/1.1" 500 - "https://lambodraenterprisesghltd.com/src/vendor/symfony/http-kernel/Controller/ArgumentResolver/?C=M;O=A" "Mozilla/5.0 AppleWebKit/537.36 (KHTML, like Gecko; compatible; GPTBot/1.4; +https://openai.com/gptbot)"
74.7.227.141 - - [30/Jun/2026:04:18:45 -0700] "GET /src/vendor/symfony/console/Helper/ProcessHelper.php HTTP/1.1" 500 - "https://mail.lambodraenterprisesghltd.com/src/vendor/symfony/console/Helper/?C=D;O=A" "Mozilla/5.0 AppleWebKit/537.36 (KHTML, like Gecko; compatible; GPTBot/1.4; +https://openai.com/gptbot)"
74.7.242.55 - - [30/Jun/2026:04:19:43 -0700] "GET /src/vendor/symfony/http-kernel/Controller/ArgumentResolver/TraceableValueResolver.php HTTP/1.1" 500 - "https://lambodraenterprisesghltd.com/src/vendor/symfony/http-kernel/Controller/ArgumentResolver/?C=M;O=A" "Mozilla/5.0 AppleWebKit/537.36 (KHTML, like Gecko; compatible; GPTBot/1.4; +https://openai.com/gptbot)"
74.7.227.141 - - [30/Jun/2026:04:19:48 -0700] "GET /src/vendor/symfony/console/Helper/DescriptorHelper.php HTTP/1.1" 500 - "https://mail.lambodraenterprisesghltd.com/src/vendor/symfony/console/Helper/?C=D;O=A" "Mozilla/5.0 AppleWebKit/537.36 (KHTML, like Gecko; compatible; GPTBot/1.4; +https://openai.com/gptbot)"
92.25.71.6 - - [30/Jun/2026:04:20:16 -0700] "GET /products/ HTTP/1.1" 404 236 "-" "Mozilla/5.0 (Macintosh; Intel Mac OS X 11_1_0) AppleWebKit/537.36 (KHTML, like Gecko) Chrome/128.0.6613.84 Safari/537.36"
74.7.242.55 - - [30/Jun/2026:04:20:46 -0700] "GET /src/vendor/symfony/http-kernel/Controller/ArgumentResolver/?C=M;O=D HTTP/1.1" 200 2367 "https://lambodraenterprisesghltd.com/src/vendor/symfony/http-kernel/Controller/ArgumentResolver/?C=M;O=A" "Mozilla/5.0 AppleWebKit/537.36 (KHTML, like Gecko; compatible; GPTBot/1.4; +https://openai.com/gptbot)"
74.7.227.141 - - [30/Jun/2026:04:20:50 -0700] "GET /src/vendor/symfony/console/Helper/InputAwareHelper.php HTTP/1.1" 500 - "https://mail.lambodraenterprisesghltd.com/src/vendor/symfony/console/Helper/?C=D;O=A" "Mozilla/5.0 AppleWebKit/537.36 (KHTML, like Gecko; compatible; GPTBot/1.4; +https://openai.com/gptbot)"
175.27.171.245 - - [30/Jun/2026:04:21:09 -0700] "GET / HTTP/1.1" 200 1694 "-" "Mozilla/5.0 (iPhone; CPU iPhone OS 13_2_3 like Mac OS X) AppleWebKit/605.1.15 (KHTML, like Gecko) Version/13.0.3 Mobile/15E148 Safari/604.1"
205.210.31.41 - - [30/Jun/2026:04:21:45 -0700] "GET /jolokia/write HTTP/1.1" 404 236 "-" "Hello from Palo Alto Networks, find out more about our scans in https://docs-cortex.paloaltonetworks.com/r/1/Cortex-Xpanse/Scanning-activity"
74.7.242.55 - - [30/Jun/2026:04:21:47 -0700] "GET /src/vendor/symfony/http-kernel/Controller/ArgumentResolver/?C=S;O=D HTTP/1.1" 200 2367 "https://lambodraenterprisesghltd.com/src/vendor/symfony/http-kernel/Controller/ArgumentResolver/?C=S;O=A" "Mozilla/5.0 AppleWebKit/537.36 (KHTML, like Gecko; compatible; GPTBot/1.4; +https://openai.com/gptbot)"
74.7.227.141 - - [30/Jun/2026:04:21:50 -0700] "GET /src/vendor/symfony/console/Helper/FormatterHelper.php HTTP/1.1" 500 - "https://mail.lambodraenterprisesghltd.com/src/vendor/symfony/console/Helper/?C=D;O=A" "Mozilla/5.0 AppleWebKit/537.36 (KHTML, like Gecko; compatible; GPTBot/1.4; +https://openai.com/gptbot)"
74.7.242.55 - - [30/Jun/2026:04:22:44 -0700] "GET /src/vendor/symfony/http-kernel/?C=D;O=D HTTP/1.1" 200 6317 "https://lambodraenterprisesghltd.com/src/vendor/symfony/http-kernel/?C=D;O=A" "Mozilla/5.0 AppleWebKit/537.36 (KHTML, like Gecko; compatible; GPTBot/1.4; +https://openai.com/gptbot)"
74.7.227.141 - - [30/Jun/2026:04:22:51 -0700] "GET /src/vendor/symfony/mime/Resources/bin/ HTTP/1.1" 200 922 "https://mail.lambodraenterprisesghltd.com/src/vendor/symfony/mime/Resources/?C=M;O=A" "Mozilla/5.0 AppleWebKit/537.36 (KHTML, like Gecko; compatible; GPTBot/1.4; +https://openai.com/gptbot)"
74.7.242.55 - - [30/Jun/2026:04:23:33 -0700] "GET /src/vendor/symfony/security-core/Validator/Constraints/?C=D;O=D HTTP/1.1" 200 1156 "https://lambodraenterprisesghltd.com/src/vendor/symfony/security-core/Validator/Constraints/?C=D;O=A" "Mozilla/5.0 AppleWebKit/537.36 (KHTML, like Gecko; compatible; GPTBot/1.4; +https://openai.com/gptbot)"
74.7.227.141 - - [30/Jun/2026:04:23:56 -0700] "GET /src/vendor/symfony/console/Helper/Helper.php HTTP/1.1" 500 - "https://mail.lambodraenterprisesghltd.com/src/vendor/symfony/console/Helper/?C=D;O=A" "Mozilla/5.0 AppleWebKit/537.36 (KHTML, like Gecko; compatible; GPTBot/1.4; +https://openai.com/gptbot)"
74.7.242.55 - - [30/Jun/2026:04:24:21 -0700] "GET /src/vendor/symfony/http-kernel/Resources/welcome.html.php HTTP/1.1" 200 32055 "https://lambodraenterprisesghltd.com/src/vendor/symfony/http-kernel/Resources/" "Mozilla/5.0 AppleWebKit/537.36 (KHTML, like Gecko; compatible; GPTBot/1.4; +https://openai.com/gptbot)"
74.7.227.141 - - [30/Jun/2026:04:24:52 -0700] "GET /src/vendor/symfony/yaml/Resources/?C=M;O=D HTTP/1.1" 200 887 "https://mail.lambodraenterprisesghltd.com/src/vendor/symfony/yaml/Resources/?C=M;O=A" "Mozilla/5.0 AppleWebKit/537.36 (KHTML, like Gecko; compatible; GPTBot/1.4; +https://openai.com/gptbot)"
74.7.230.16 - - [30/Jun/2026:04:24:53 -0700] "GET /robots.txt HTTP/1.1" 404 236 "-" "Mozilla/5.0 (Macintosh; Intel Mac OS X 10_15_7) AppleWebKit/537.36 (KHTML, like Gecko) Chrome/131.0.0.0 Safari/537.36; compatible; OAI-SearchBot/1.4; robots.txt; +https://openai.com/searchbot"
74.7.242.55 - - [30/Jun/2026:04:25:01 -0700] "GET /src/vendor/symfony/security-core/Validator/Constraints/?C=N;O=A HTTP/1.1" 200 1156 "https://lambodraenterprisesghltd.com/src/vendor/symfony/security-core/Validator/Constraints/?C=S;O=A" "Mozilla/5.0 AppleWebKit/537.36 (KHTML, like Gecko; compatible; GPTBot/1.4; +https://openai.com/gptbot)"
74.7.242.55 - - [30/Jun/2026:04:25:38 -0700] "GET /src/vendor/symfony/http-kernel/Controller/ArgumentResolver/?C=D;O=D HTTP/1.1" 200 2367 "https://lambodraenterprisesghltd.com/src/vendor/symfony/http-kernel/Controller/ArgumentResolver/?C=D;O=A" "Mozilla/5.0 AppleWebKit/537.36 (KHTML, like Gecko; compatible; GPTBot/1.4; +https://openai.com/gptbot)"
74.7.227.141 - - [30/Jun/2026:04:25:53 -0700] "GET /src/vendor/symfony/console/Tester/?C=D;O=D HTTP/1.1" 200 1652 "https://mail.lambodraenterprisesghltd.com/src/vendor/symfony/console/Tester/?C=D;O=A" "Mozilla/5.0 AppleWebKit/537.36 (KHTML, like Gecko; compatible; GPTBot/1.4; +https://openai.com/gptbot)"
74.7.242.55 - - [30/Jun/2026:04:26:12 -0700] "GET /src/vendor/symfony/security-core/Validator/Constraints/?C=M;O=D HTTP/1.1" 200 1156 "https://lambodraenterprisesghltd.com/src/vendor/symfony/security-core/Validator/Constraints/?C=M;O=A" "Mozilla/5.0 AppleWebKit/537.36 (KHTML, like Gecko; compatible; GPTBot/1.4; +https://openai.com/gptbot)"
74.7.242.55 - - [30/Jun/2026:04:26:44 -0700] "GET /src/vendor/symfony/security-core/Validator/Constraints/?C=S;O=D HTTP/1.1" 200 1156 "https://lambodraenterprisesghltd.com/src/vendor/symfony/security-core/Validator/Constraints/?C=S;O=A" "Mozilla/5.0 AppleWebKit/537.36 (KHTML, like Gecko; compatible; GPTBot/1.4; +https://openai.com/gptbot)"
74.7.227.141 - - [30/Jun/2026:04:26:52 -0700] "GET /src/vendor/symfony/mime/Resources/?C=M;O=D HTTP/1.1" 200 887 "https://mail.lambodraenterprisesghltd.com/src/vendor/symfony/mime/Resources/?C=M;O=A" "Mozilla/5.0 AppleWebKit/537.36 (KHTML, like Gecko; compatible; GPTBot/1.4; +https://openai.com/gptbot)"
74.7.242.55 - - [30/Jun/2026:04:27:12 -0700] "GET /src/vendor/symfony/http-kernel/?C=N;O=A HTTP/1.1" 200 6317 "https://lambodraenterprisesghltd.com/src/vendor/symfony/http-kernel/?C=S;O=A" "Mozilla/5.0 AppleWebKit/537.36 (KHTML, like Gecko; compatible; GPTBot/1.4; +https://openai.com/gptbot)"
74.7.242.55 - - [30/Jun/2026:04:27:36 -0700] "GET /src/vendor/symfony/http-kernel/?C=M;O=D HTTP/1.1" 200 6317 "https://lambodraenterprisesghltd.com/src/vendor/symfony/http-kernel/?C=M;O=A" "Mozilla/5.0 AppleWebKit/537.36 (KHTML, like Gecko; compatible; GPTBot/1.4; +https://openai.com/gptbot)"
74.7.227.141 - - [30/Jun/2026:04:27:43 -0700] "GET /src/vendor/symfony/mime/Resources/?C=D;O=A HTTP/1.1" 200 887 "https://mail.lambodraenterprisesghltd.com/src/vendor/symfony/mime/Resources/?C=M;O=A" "Mozilla/5.0 AppleWebKit/537.36 (KHTML, like Gecko; compatible; GPTBot/1.4; +https://openai.com/gptbot)"
74.7.242.55 - - [30/Jun/2026:04:27:57 -0700] "GET /src/vendor/symfony/http-kernel/?C=S;O=D HTTP/1.1" 200 6317 "https://lambodraenterprisesghltd.com/src/vendor/symfony/http-kernel/?C=S;O=A" "Mozilla/5.0 AppleWebKit/537.36 (KHTML, like Gecko; compatible; GPTBot/1.4; +https://openai.com/gptbot)"
74.7.242.55 - - [30/Jun/2026:04:28:17 -0700] "GET /src/vendor/symfony/http-kernel/?C=N;O=D HTTP/1.1" 200 6317 "https://lambodraenterprisesghltd.com/src/vendor/symfony/http-kernel/" "Mozilla/5.0 AppleWebKit/537.36 (KHTML, like Gecko; compatible; GPTBot/1.4; +https://openai.com/gptbot)"
74.7.227.141 - - [30/Jun/2026:04:28:27 -0700] "GET /src/vendor/symfony/console/Helper/?C=D;O=D HTTP/1.1" 200 4232 "https://mail.lambodraenterprisesghltd.com/src/vendor/symfony/console/Helper/?C=D;O=A" "Mozilla/5.0 AppleWebKit/537.36 (KHTML, like Gecko; compatible; GPTBot/1.4; +https://openai.com/gptbot)"
66.249.75.3 - - [30/Jun/2026:04:28:32 -0700] "GET /src/plugins/orangehrmDashboardPlugin/config/ HTTP/1.1" 200 1130 "-" "Mozilla/5.0 (Linux; Android 6.0.1; Nexus 5X Build/MMB29P) AppleWebKit/537.36 (KHTML, like Gecko) Chrome/148.0.7778.96 Mobile Safari/537.36 (compatible; GoogleOther)"
74.7.242.55 - - [30/Jun/2026:04:28:35 -0700] "GET /src/vendor/symfony/security-core/Validator/Constraints/UserPasswordValidator.php HTTP/1.1" 500 - "https://lambodraenterprisesghltd.com/src/vendor/symfony/security-core/Validator/Constraints/?C=D;O=D" "Mozilla/5.0 AppleWebKit/537.36 (KHTML, like Gecko; compatible; GPTBot/1.4; +https://openai.com/gptbot)"
74.7.242.55 - - [30/Jun/2026:04:28:50 -0700] "GET /src/plugins/orangehrmPimPlugin/Dto/Traits/?C=D;O=D HTTP/1.1" 200 933 "https://lambodraenterprisesghltd.com/src/plugins/orangehrmPimPlugin/Dto/Traits/?C=D;O=A" "Mozilla/5.0 AppleWebKit/537.36 (KHTML, like Gecko; compatible; GPTBot/1.4; +https://openai.com/gptbot)"
74.7.227.141 - - [30/Jun/2026:04:29:07 -0700] "GET /src/vendor/symfony/console/Logger/?C=M;O=D HTTP/1.1" 200 903 "https://mail.lambodraenterprisesghltd.com/src/vendor/symfony/console/Logger/?C=M;O=A" "Mozilla/5.0 AppleWebKit/537.36 (KHTML, like Gecko; compatible; GPTBot/1.4; +https://openai.com/gptbot)"
74.7.242.55 - - [30/Jun/2026:04:29:40 -0700] "GET /src/vendor/symfony/translation/Exception/?C=D;O=D HTTP/1.1" 200 2891 "https://lambodraenterprisesghltd.com/src/vendor/symfony/translation/Exception/?C=D;O=A" "Mozilla/5.0 AppleWebKit/537.36 (KHTML, like Gecko; compatible; GPTBot/1.4; +https://openai.com/gptbot)"
74.7.227.141 - - [30/Jun/2026:04:29:43 -0700] "GET /src/vendor/symfony/yaml/Resources/?C=N;O=D HTTP/1.1" 200 887 "https://mail.lambodraenterprisesghltd.com/src/vendor/symfony/yaml/Resources/" "Mozilla/5.0 AppleWebKit/537.36 (KHTML, like Gecko; compatible; GPTBot/1.4; +https://openai.com/gptbot)"
74.7.227.141 - - [30/Jun/2026:04:30:18 -0700] "GET /src/vendor/symfony/console/Helper/?C=N;O=A HTTP/1.1" 200 4232 "https://mail.lambodraenterprisesghltd.com/src/vendor/symfony/console/Helper/?C=D;O=A" "Mozilla/5.0 AppleWebKit/537.36 (KHTML, like Gecko; compatible; GPTBot/1.4; +https://openai.com/gptbot)"
74.7.242.55 - - [30/Jun/2026:04:30:23 -0700] "GET /src/plugins/orangehrmPimPlugin/Api/Model/?C=M;O=A HTTP/1.1" 200 7280 "https://lambodraenterprisesghltd.com/src/plugins/orangehrmPimPlugin/Api/Model/" "Mozilla/5.0 AppleWebKit/537.36 (KHTML, like Gecko; compatible; GPTBot/1.4; +https://openai.com/gptbot)"
74.7.227.141 - - [30/Jun/2026:04:30:48 -0700] "GET /src/vendor/symfony/console/Tester/?C=N;O=A HTTP/1.1" 200 1652 "https://mail.lambodraenterprisesghltd.com/src/vendor/symfony/console/Tester/?C=M;O=A" "Mozilla/5.0 AppleWebKit/537.36 (KHTML, like Gecko; compatible; GPTBot/1.4; +https://openai.com/gptbot)"
74.7.242.55 - - [30/Jun/2026:04:31:02 -0700] "GET /src/vendor/symfony/routing/Annotation/?C=S;O=A HTTP/1.1" 200 903 "https://lambodraenterprisesghltd.com/src/vendor/symfony/routing/Annotation/" "Mozilla/5.0 AppleWebKit/537.36 (KHTML, like Gecko; compatible; GPTBot/1.4; +https://openai.com/gptbot)"
74.7.227.141 - - [30/Jun/2026:04:31:16 -0700] "GET /src/vendor/symfony/mime/Resources/bin/update_mime_types.php HTTP/1.1" 500 - "https://mail.lambodraenterprisesghltd.com/src/vendor/symfony/mime/Resources/bin/" "Mozilla/5.0 AppleWebKit/537.36 (KHTML, like Gecko; compatible; GPTBot/1.4; +https://openai.com/gptbot)"
74.7.242.55 - - [30/Jun/2026:04:31:37 -0700] "GET /src/vendor/symfony/routing/Annotation/?C=M;O=A HTTP/1.1" 200 903 "https://lambodraenterprisesghltd.com/src/vendor/symfony/routing/Annotation/" "Mozilla/5.0 AppleWebKit/537.36 (KHTML, like Gecko; compatible; GPTBot/1.4; +https://openai.com/gptbot)"
74.7.227.141 - - [30/Jun/2026:04:31:40 -0700] "GET /src/vendor/symfony/console/Logger/?C=D;O=D HTTP/1.1" 200 903 "https://mail.lambodraenterprisesghltd.com/src/vendor/symfony/console/Logger/?C=D;O=A" "Mozilla/5.0 AppleWebKit/537.36 (KHTML, like Gecko; compatible; GPTBot/1.4; +https://openai.com/gptbot)"
74.7.242.55 - - [30/Jun/2026:04:32:09 -0700] "GET /src/vendor/symfony/translation/Writer/?C=D;O=D HTTP/1.1" 200 1120 "https://lambodraenterprisesghltd.com/src/vendor/symfony/translation/Writer/?C=D;O=A" "Mozilla/5.0 AppleWebKit/537.36 (KHTML, like Gecko; compatible; GPTBot/1.4; +https://openai.com/gptbot)"
74.7.242.55 - - [30/Jun/2026:04:32:36 -0700] "GET /src/vendor/symfony/console/Completion/?C=N;O=D HTTP/1.1" 200 1466 "https://lambodraenterprisesghltd.com/src/vendor/symfony/console/Completion/" "Mozilla/5.0 AppleWebKit/537.36 (KHTML, like Gecko; compatible; GPTBot/1.4; +https://openai.com/gptbot)"
74.7.227.141 - - [30/Jun/2026:04:32:46 -0700] "GET /src/vendor/symfony/console/Tester/?C=S;O=A HTTP/1.1" 200 1652 "https://mail.lambodraenterprisesghltd.com/src/vendor/symfony/console/Tester/" "Mozilla/5.0 AppleWebKit/537.36 (KHTML, like Gecko; compatible; GPTBot/1.4; +https://openai.com/gptbot)"
