74.7.242.55 - - [30/Jun/2026:04:33:02 -0700] "GET /src/vendor/symfony/routing/Annotation/?C=D;O=A HTTP/1.1" 200 903 "https://lambodraenterprisesghltd.com/src/vendor/symfony/routing/Annotation/" "Mozilla/5.0 AppleWebKit/537.36 (KHTML, like Gecko; compatible; GPTBot/1.4; +https://openai.com/gptbot)"
74.7.242.55 - - [30/Jun/2026:04:33:25 -0700] "GET /src/vendor/symfony/console/Completion/?C=S;O=A HTTP/1.1" 200 1466 "https://lambodraenterprisesghltd.com/src/vendor/symfony/console/Completion/" "Mozilla/5.0 AppleWebKit/537.36 (KHTML, like Gecko; compatible; GPTBot/1.4; +https://openai.com/gptbot)"
74.7.227.141 - - [30/Jun/2026:04:33:44 -0700] "GET /src/vendor/symfony/console/Logger/?C=N;O=D HTTP/1.1" 200 903 "https://mail.lambodraenterprisesghltd.com/src/vendor/symfony/console/Logger/" "Mozilla/5.0 AppleWebKit/537.36 (KHTML, like Gecko; compatible; GPTBot/1.4; +https://openai.com/gptbot)"
74.7.242.55 - - [30/Jun/2026:04:33:47 -0700] "GET /src/vendor/symfony/translation/Loader/?C=D;O=D HTTP/1.1" 200 3324 "https://lambodraenterprisesghltd.com/src/vendor/symfony/translation/Loader/?C=D;O=A" "Mozilla/5.0 AppleWebKit/537.36 (KHTML, like Gecko; compatible; GPTBot/1.4; +https://openai.com/gptbot)"
74.7.242.55 - - [30/Jun/2026:04:34:06 -0700] "GET /src/vendor/symfony/routing/Annotation/?C=N;O=A HTTP/1.1" 200 903 "https://lambodraenterprisesghltd.com/src/vendor/symfony/routing/Annotation/?C=N;O=D" "Mozilla/5.0 AppleWebKit/537.36 (KHTML, like Gecko; compatible; GPTBot/1.4; +https://openai.com/gptbot)"
74.7.242.55 - - [30/Jun/2026:04:34:23 -0700] "GET /src/vendor/symfony/console/Completion/?C=M;O=A HTTP/1.1" 200 1466 "https://lambodraenterprisesghltd.com/src/vendor/symfony/console/Completion/" "Mozilla/5.0 AppleWebKit/537.36 (KHTML, like Gecko; compatible; GPTBot/1.4; +https://openai.com/gptbot)"
74.7.227.141 - - [30/Jun/2026:04:34:37 -0700] "GET /src/vendor/symfony/console/Helper/?C=M;O=A HTTP/1.1" 200 4232 "https://mail.lambodraenterprisesghltd.com/src/vendor/symfony/console/Helper/" "Mozilla/5.0 AppleWebKit/537.36 (KHTML, like Gecko; compatible; GPTBot/1.4; +https://openai.com/gptbot)"
74.7.242.55 - - [30/Jun/2026:04:34:37 -0700] "GET /src/vendor/respect/validation/library/?C=D;O=D HTTP/1.1" 200 2352 "https://lambodraenterprisesghltd.com/src/vendor/respect/validation/library/?C=D;O=A" "Mozilla/5.0 AppleWebKit/537.36 (KHTML, like Gecko; compatible; GPTBot/1.4; +https://openai.com/gptbot)"
74.7.242.55 - - [30/Jun/2026:04:34:52 -0700] "GET /src/plugins/orangehrmPimPlugin/Api/Model/?C=M;O=D HTTP/1.1" 200 7280 "https://lambodraenterprisesghltd.com/src/plugins/orangehrmPimPlugin/Api/Model/?C=M;O=A" "Mozilla/5.0 AppleWebKit/537.36 (KHTML, like Gecko; compatible; GPTBot/1.4; +https://openai.com/gptbot)"
74.7.242.55 - - [30/Jun/2026:04:35:04 -0700] "GET /src/vendor/symfony/routing/Annotation/?C=S;O=D HTTP/1.1" 200 903 "https://lambodraenterprisesghltd.com/src/vendor/symfony/routing/Annotation/?C=S;O=A" "Mozilla/5.0 AppleWebKit/537.36 (KHTML, like Gecko; compatible; GPTBot/1.4; +https://openai.com/gptbot)"
74.7.242.55 - - [30/Jun/2026:04:35:15 -0700] "GET /src/vendor/symfony/routing/Annotation/?C=M;O=D HTTP/1.1" 200 903 "https://lambodraenterprisesghltd.com/src/vendor/symfony/routing/Annotation/?C=M;O=A" "Mozilla/5.0 AppleWebKit/537.36 (KHTML, like Gecko; compatible; GPTBot/1.4; +https://openai.com/gptbot)"
74.7.227.141 - - [30/Jun/2026:04:35:23 -0700] "GET /src/vendor/symfony/mime/Resources/?C=N;O=A HTTP/1.1" 200 887 "https://mail.lambodraenterprisesghltd.com/src/vendor/symfony/mime/Resources/?C=M;O=A" "Mozilla/5.0 AppleWebKit/537.36 (KHTML, like Gecko; compatible; GPTBot/1.4; +https://openai.com/gptbot)"
74.7.242.55 - - [30/Jun/2026:04:35:25 -0700] "GET /src/vendor/symfony/console/Completion/?C=D;O=A HTTP/1.1" 200 1466 "https://lambodraenterprisesghltd.com/src/vendor/symfony/console/Completion/" "Mozilla/5.0 AppleWebKit/537.36 (KHTML, like Gecko; compatible; GPTBot/1.4; +https://openai.com/gptbot)"
74.7.242.55 - - [30/Jun/2026:04:35:34 -0700] "GET /src/vendor/symfony/console/Completion/CompletionInput.php HTTP/1.1" 500 - "https://lambodraenterprisesghltd.com/src/vendor/symfony/console/Completion/?C=N;O=D" "Mozilla/5.0 AppleWebKit/537.36 (KHTML, like Gecko; compatible; GPTBot/1.4; +https://openai.com/gptbot)"
74.7.242.55 - - [30/Jun/2026:04:35:42 -0700] "GET /src/vendor/symfony/routing/Annotation/?C=D;O=D HTTP/1.1" 200 903 "https://lambodraenterprisesghltd.com/src/vendor/symfony/routing/Annotation/?C=D;O=A" "Mozilla/5.0 AppleWebKit/537.36 (KHTML, like Gecko; compatible; GPTBot/1.4; +https://openai.com/gptbot)"
74.7.227.141 - - [30/Jun/2026:04:36:03 -0700] "GET /src/vendor/symfony/console/Logger/?C=S;O=A HTTP/1.1" 200 903 "https://mail.lambodraenterprisesghltd.com/src/vendor/symfony/console/Logger/" "Mozilla/5.0 AppleWebKit/537.36 (KHTML, like Gecko; compatible; GPTBot/1.4; +https://openai.com/gptbot)"
74.7.242.55 - - [30/Jun/2026:04:36:06 -0700] "GET /src/vendor/symfony/console/Completion/?C=S;O=D HTTP/1.1" 200 1466 "https://lambodraenterprisesghltd.com/src/vendor/symfony/console/Completion/?C=S;O=A" "Mozilla/5.0 AppleWebKit/537.36 (KHTML, like Gecko; compatible; GPTBot/1.4; +https://openai.com/gptbot)"
74.7.242.55 - - [30/Jun/2026:04:36:27 -0700] "GET /src/vendor/symfony/console/Completion/?C=N;O=A HTTP/1.1" 200 1466 "https://lambodraenterprisesghltd.com/src/vendor/symfony/console/Completion/?C=N;O=D" "Mozilla/5.0 AppleWebKit/537.36 (KHTML, like Gecko; compatible; GPTBot/1.4; +https://openai.com/gptbot)"
74.7.227.141 - - [30/Jun/2026:04:36:42 -0700] "GET /src/vendor/symfony/console/Output/?C=D;O=D HTTP/1.1" 200 2403 "https://mail.lambodraenterprisesghltd.com/src/vendor/symfony/console/Output/?C=D;O=A" "Mozilla/5.0 AppleWebKit/537.36 (KHTML, like Gecko; compatible; GPTBot/1.4; +https://openai.com/gptbot)"
74.7.242.55 - - [30/Jun/2026:04:36:47 -0700] "GET /src/plugins/orangehrmCorePlugin/Controller/Rest/?C=D;O=A HTTP/1.1" 200 933 "https://lambodraenterprisesghltd.com/src/plugins/orangehrmCorePlugin/Controller/Rest/" "Mozilla/5.0 AppleWebKit/537.36 (KHTML, like Gecko; compatible; GPTBot/1.4; +https://openai.com/gptbot)"
74.7.242.55 - - [30/Jun/2026:04:37:05 -0700] "GET /src/vendor/symfony/console/Completion/?C=M;O=D HTTP/1.1" 200 1466 "https://lambodraenterprisesghltd.com/src/vendor/symfony/console/Completion/?C=M;O=A" "Mozilla/5.0 AppleWebKit/537.36 (KHTML, like Gecko; compatible; GPTBot/1.4; +https://openai.com/gptbot)"
74.7.227.141 - - [30/Jun/2026:04:37:16 -0700] "GET /src/vendor/symfony/yaml/Resources/?C=D;O=A HTTP/1.1" 200 887 "https://mail.lambodraenterprisesghltd.com/src/vendor/symfony/yaml/Resources/" "Mozilla/5.0 AppleWebKit/537.36 (KHTML, like Gecko; compatible; GPTBot/1.4; +https://openai.com/gptbot)"
74.7.242.55 - - [30/Jun/2026:04:37:21 -0700] "GET /src/plugins/orangehrmCorePlugin/Controller/Rest/?C=S;O=A HTTP/1.1" 200 933 "https://lambodraenterprisesghltd.com/src/plugins/orangehrmCorePlugin/Controller/Rest/" "Mozilla/5.0 AppleWebKit/537.36 (KHTML, like Gecko; compatible; GPTBot/1.4; +https://openai.com/gptbot)"
74.7.242.55 - - [30/Jun/2026:04:37:35 -0700] "GET /src/plugins/orangehrmCorePlugin/Controller/Rest/?C=M;O=A HTTP/1.1" 200 933 "https://lambodraenterprisesghltd.com/src/plugins/orangehrmCorePlugin/Controller/Rest/" "Mozilla/5.0 AppleWebKit/537.36 (KHTML, like Gecko; compatible; GPTBot/1.4; +https://openai.com/gptbot)"
74.7.227.141 - - [30/Jun/2026:04:37:45 -0700] "GET /src/vendor/symfony/mime/Resources/?C=D;O=D HTTP/1.1" 200 887 "https://mail.lambodraenterprisesghltd.com/src/vendor/symfony/mime/Resources/?C=D;O=A" "Mozilla/5.0 AppleWebKit/537.36 (KHTML, like Gecko; compatible; GPTBot/1.4; +https://openai.com/gptbot)"
74.7.242.55 - - [30/Jun/2026:04:37:48 -0700] "GET /src/plugins/orangehrmCorePlugin/Controller/Rest/?C=N;O=D HTTP/1.1" 200 933 "https://lambodraenterprisesghltd.com/src/plugins/orangehrmCorePlugin/Controller/Rest/" "Mozilla/5.0 AppleWebKit/537.36 (KHTML, like Gecko; compatible; GPTBot/1.4; +https://openai.com/gptbot)"
74.7.242.55 - - [30/Jun/2026:04:37:59 -0700] "GET /crm/skin/external/adminlte/adminlte.min.js?v=1773093628 HTTP/1.1" 200 46369 "https://lambodraenterprisesghltd.com/crm/" "Mozilla/5.0 AppleWebKit/537.36 (KHTML, like Gecko; compatible; GPTBot/1.4; +https://openai.com/gptbot)"
74.7.242.55 - - [30/Jun/2026:04:38:09 -0700] "GET /src/vendor/symfony/console/Completion/?C=D;O=D HTTP/1.1" 200 1466 "https://lambodraenterprisesghltd.com/src/vendor/symfony/console/Completion/?C=D;O=A" "Mozilla/5.0 AppleWebKit/537.36 (KHTML, like Gecko; compatible; GPTBot/1.4; +https://openai.com/gptbot)"
74.7.227.141 - - [30/Jun/2026:04:38:12 -0700] "GET /src/vendor/symfony/console/Helper/?C=N;O=D HTTP/1.1" 200 4232 "https://mail.lambodraenterprisesghltd.com/src/vendor/symfony/console/Helper/" "Mozilla/5.0 AppleWebKit/537.36 (KHTML, like Gecko; compatible; GPTBot/1.4; +https://openai.com/gptbot)"
74.7.242.55 - - [30/Jun/2026:04:38:18 -0700] "GET /src/vendor/symfony/cache/?C=M;O=A HTTP/1.1" 200 3600 "https://lambodraenterprisesghltd.com/src/vendor/symfony/cache/" "Mozilla/5.0 AppleWebKit/537.36 (KHTML, like Gecko; compatible; GPTBot/1.4; +https://openai.com/gptbot)"
74.7.242.55 - - [30/Jun/2026:04:38:26 -0700] "GET /src/vendor/doctrine/dbal/?C=S;O=A HTTP/1.1" 200 1576 "https://lambodraenterprisesghltd.com/src/vendor/doctrine/dbal/" "Mozilla/5.0 AppleWebKit/537.36 (KHTML, like Gecko; compatible; GPTBot/1.4; +https://openai.com/gptbot)"
74.7.242.55 - - [30/Jun/2026:04:38:34 -0700] "GET /src/vendor/doctrine/dbal/?C=N;O=D HTTP/1.1" 200 1576 "https://lambodraenterprisesghltd.com/src/vendor/doctrine/dbal/" "Mozilla/5.0 AppleWebKit/537.36 (KHTML, like Gecko; compatible; GPTBot/1.4; +https://openai.com/gptbot)"
74.7.227.141 - - [30/Jun/2026:04:38:37 -0700] "GET /src/vendor/symfony/console/Tester/?C=M;O=D HTTP/1.1" 200 1652 "https://mail.lambodraenterprisesghltd.com/src/vendor/symfony/console/Tester/?C=M;O=A" "Mozilla/5.0 AppleWebKit/537.36 (KHTML, like Gecko; compatible; GPTBot/1.4; +https://openai.com/gptbot)"
74.7.242.55 - - [30/Jun/2026:04:38:41 -0700] "GET /src/vendor/doctrine/dbal/?C=M;O=A HTTP/1.1" 200 1576 "https://lambodraenterprisesghltd.com/src/vendor/doctrine/dbal/" "Mozilla/5.0 AppleWebKit/537.36 (KHTML, like Gecko; compatible; GPTBot/1.4; +https://openai.com/gptbot)"
74.7.242.55 - - [30/Jun/2026:04:38:47 -0700] "GET /src/plugins/orangehrmCorePlugin/Controller/Rest/?C=N;O=A HTTP/1.1" 200 933 "https://lambodraenterprisesghltd.com/src/plugins/orangehrmCorePlugin/Controller/Rest/?C=D;O=A" "Mozilla/5.0 AppleWebKit/537.36 (KHTML, like Gecko; compatible; GPTBot/1.4; +https://openai.com/gptbot)"
74.7.242.55 - - [30/Jun/2026:04:38:53 -0700] "GET /src/plugins/orangehrmCorePlugin/Controller/Rest/?C=D;O=D HTTP/1.1" 200 933 "https://lambodraenterprisesghltd.com/src/plugins/orangehrmCorePlugin/Controller/Rest/?C=D;O=A" "Mozilla/5.0 AppleWebKit/537.36 (KHTML, like Gecko; compatible; GPTBot/1.4; +https://openai.com/gptbot)"
74.7.242.55 - - [30/Jun/2026:04:38:58 -0700] "GET /src/plugins/orangehrmCorePlugin/Controller/Rest/?C=S;O=D HTTP/1.1" 200 933 "https://lambodraenterprisesghltd.com/src/plugins/orangehrmCorePlugin/Controller/Rest/?C=S;O=A" "Mozilla/5.0 AppleWebKit/537.36 (KHTML, like Gecko; compatible; GPTBot/1.4; +https://openai.com/gptbot)"
74.7.227.141 - - [30/Jun/2026:04:39:00 -0700] "GET /src/vendor/symfony/mime/Resources/?C=S;O=A HTTP/1.1" 200 887 "https://mail.lambodraenterprisesghltd.com/src/vendor/symfony/mime/Resources/" "Mozilla/5.0 AppleWebKit/537.36 (KHTML, like Gecko; compatible; GPTBot/1.4; +https://openai.com/gptbot)"
74.7.242.55 - - [30/Jun/2026:04:39:03 -0700] "GET /src/plugins/orangehrmCorePlugin/Controller/Rest/?C=M;O=D HTTP/1.1" 200 933 "https://lambodraenterprisesghltd.com/src/plugins/orangehrmCorePlugin/Controller/Rest/?C=M;O=A" "Mozilla/5.0 AppleWebKit/537.36 (KHTML, like Gecko; compatible; GPTBot/1.4; +https://openai.com/gptbot)"
74.7.242.55 - - [30/Jun/2026:04:39:06 -0700] "GET /src/vendor/symfony/cache/?C=S;O=A HTTP/1.1" 200 3600 "https://lambodraenterprisesghltd.com/src/vendor/symfony/cache/" "Mozilla/5.0 AppleWebKit/537.36 (KHTML, like Gecko; compatible; GPTBot/1.4; +https://openai.com/gptbot)"
17.241.75.110 - - [30/Jun/2026:04:39:07 -0700] "GET /web/ HTTP/1.1" 302 446 "-" "Mozilla/5.0 (Macintosh; Intel Mac OS X 10_15_7) AppleWebKit/605.1.15 (KHTML, like Gecko) Version/17.4 Safari/605.1.15 (Applebot/0.1; +http://www.apple.com/go/applebot)"
17.241.75.110 - - [30/Jun/2026:04:39:08 -0700] "GET /web/auth/login HTTP/1.1" 200 3459 "-" "Mozilla/5.0 (Macintosh; Intel Mac OS X 10_15_7) AppleWebKit/605.1.15 (KHTML, like Gecko) Version/17.4 Safari/605.1.15 (Applebot/0.1; +http://www.apple.com/go/applebot)"
74.7.242.55 - - [30/Jun/2026:04:39:10 -0700] "GET /crm/skin/external/adminlte/adminlte.min.js.map HTTP/1.1" 429 17 "https://lambodraenterprisesghltd.com/crm/skin/external/adminlte/adminlte.min.js?v=1773093628" "Mozilla/5.0 AppleWebKit/537.36 (KHTML, like Gecko; compatible; GPTBot/1.4; +https://openai.com/gptbot)"
74.7.242.55 - - [30/Jun/2026:04:39:13 -0700] "GET /crm/skin/external/adminlte/'+t+' HTTP/1.1" 429 17 "https://lambodraenterprisesghltd.com/crm/skin/external/adminlte/adminlte.min.js?v=1773093628" "Mozilla/5.0 AppleWebKit/537.36 (KHTML, like Gecko; compatible; GPTBot/1.4; +https://openai.com/gptbot)"
74.7.227.141 - - [30/Jun/2026:04:39:20 -0700] "GET /src/vendor/symfony/console/Tester/?C=S;O=D HTTP/1.1" 200 1652 "https://mail.lambodraenterprisesghltd.com/src/vendor/symfony/console/Tester/?C=S;O=A" "Mozilla/5.0 AppleWebKit/537.36 (KHTML, like Gecko; compatible; GPTBot/1.4; +https://openai.com/gptbot)"
47.128.29.23 - - [30/Jun/2026:04:39:23 -0700] "GET /robots.txt HTTP/1.1" 404 236 "-" "Mozilla/5.0 (Linux; Android 5.0) AppleWebKit/537.36 (KHTML, like Gecko) Mobile Safari/537.36 (compatible; Bytespider; spider-feedback@bytedance.com)"
74.7.242.55 - - [30/Jun/2026:04:39:23 -0700] "GET /src/vendor/symfony/cache/ResettableInterface.php HTTP/1.1" 429 17 "https://lambodraenterprisesghltd.com/src/vendor/symfony/cache/?C=M;O=A" "Mozilla/5.0 AppleWebKit/537.36 (KHTML, like Gecko; compatible; GPTBot/1.4; +https://openai.com/gptbot)"
74.7.227.141 - - [30/Jun/2026:04:39:38 -0700] "GET /src/vendor/symfony/console/Helper/?C=S;O=A HTTP/1.1" 200 4232 "https://mail.lambodraenterprisesghltd.com/src/vendor/symfony/console/Helper/" "Mozilla/5.0 AppleWebKit/537.36 (KHTML, like Gecko; compatible; GPTBot/1.4; +https://openai.com/gptbot)"
74.7.242.55 - - [30/Jun/2026:04:39:52 -0700] "GET /src/vendor/doctrine/dbal/?C=N;O=A HTTP/1.1" 429 17 "https://lambodraenterprisesghltd.com/src/vendor/doctrine/dbal/?C=S;O=A" "Mozilla/5.0 AppleWebKit/537.36 (KHTML, like Gecko; compatible; GPTBot/1.4; +https://openai.com/gptbot)"
74.7.227.141 - - [30/Jun/2026:04:39:54 -0700] "GET /src/vendor/symfony/console/Helper/?C=M;O=D HTTP/1.1" 200 4232 "https://mail.lambodraenterprisesghltd.com/src/vendor/symfony/console/Helper/?C=M;O=A" "Mozilla/5.0 AppleWebKit/537.36 (KHTML, like Gecko; compatible; GPTBot/1.4; +https://openai.com/gptbot)"
74.7.227.141 - - [30/Jun/2026:04:40:08 -0700] "GET /src/vendor/symfony/console/Tester/?C=N;O=D HTTP/1.1" 200 1652 "https://mail.lambodraenterprisesghltd.com/src/vendor/symfony/console/Tester/" "Mozilla/5.0 AppleWebKit/537.36 (KHTML, like Gecko; compatible; GPTBot/1.4; +https://openai.com/gptbot)"
74.7.227.141 - - [30/Jun/2026:04:40:20 -0700] "GET /src/vendor/symfony/console/Logger/?C=S;O=D HTTP/1.1" 200 903 "https://mail.lambodraenterprisesghltd.com/src/vendor/symfony/console/Logger/?C=S;O=A" "Mozilla/5.0 AppleWebKit/537.36 (KHTML, like Gecko; compatible; GPTBot/1.4; +https://openai.com/gptbot)"
74.7.227.141 - - [30/Jun/2026:04:40:32 -0700] "GET /src/vendor/doctrine/deprecations/lib/Doctrine/Deprecations/?C=S;O=A HTTP/1.1" 200 1146 "https://mail.lambodraenterprisesghltd.com/src/vendor/doctrine/deprecations/lib/Doctrine/Deprecations/" "Mozilla/5.0 AppleWebKit/537.36 (KHTML, like Gecko; compatible; GPTBot/1.4; +https://openai.com/gptbot)"
74.7.227.141 - - [30/Jun/2026:04:40:43 -0700] "GET /src/vendor/symfony/yaml/Resources/?C=D;O=D HTTP/1.1" 200 887 "https://mail.lambodraenterprisesghltd.com/src/vendor/symfony/yaml/Resources/?C=D;O=A" "Mozilla/5.0 AppleWebKit/537.36 (KHTML, like Gecko; compatible; GPTBot/1.4; +https://openai.com/gptbot)"
74.7.227.141 - - [30/Jun/2026:04:40:52 -0700] "GET /src/vendor/doctrine/deprecations/lib/Doctrine/Deprecations/?C=D;O=A HTTP/1.1" 200 1146 "https://mail.lambodraenterprisesghltd.com/src/vendor/doctrine/deprecations/lib/Doctrine/Deprecations/" "Mozilla/5.0 AppleWebKit/537.36 (KHTML, like Gecko; compatible; GPTBot/1.4; +https://openai.com/gptbot)"
74.7.242.55 - - [30/Jun/2026:04:40:58 -0700] "GET /src/vendor/doctrine/dbal/composer.json HTTP/1.1" 429 17 "https://lambodraenterprisesghltd.com/src/vendor/doctrine/dbal/?C=S;O=A" "Mozilla/5.0 AppleWebKit/537.36 (KHTML, like Gecko; compatible; GPTBot/1.4; +https://openai.com/gptbot)"
74.7.230.51 - - [30/Jun/2026:04:40:58 -0700] "GET /robots.txt HTTP/1.1" 404 236 "-" "Mozilla/5.0 (Macintosh; Intel Mac OS X 10_15_7) AppleWebKit/537.36 (KHTML, like Gecko) Chrome/131.0.0.0 Safari/537.36; compatible; OAI-SearchBot/1.4; robots.txt; +https://openai.com/searchbot"
74.7.227.141 - - [30/Jun/2026:04:41:00 -0700] "GET /src/vendor/doctrine/deprecations/lib/Doctrine/Deprecations/?C=M;O=A HTTP/1.1" 200 1146 "https://mail.lambodraenterprisesghltd.com/src/vendor/doctrine/deprecations/lib/Doctrine/Deprecations/" "Mozilla/5.0 AppleWebKit/537.36 (KHTML, like Gecko; compatible; GPTBot/1.4; +https://openai.com/gptbot)"
74.7.227.141 - - [30/Jun/2026:04:41:08 -0700] "GET /src/vendor/doctrine/deprecations/lib/Doctrine/Deprecations/?C=N;O=D HTTP/1.1" 200 1146 "https://mail.lambodraenterprisesghltd.com/src/vendor/doctrine/deprecations/lib/Doctrine/Deprecations/" "Mozilla/5.0 AppleWebKit/537.36 (KHTML, like Gecko; compatible; GPTBot/1.4; +https://openai.com/gptbot)"
74.7.227.141 - - [30/Jun/2026:04:41:14 -0700] "GET /src/vendor/symfony/mime/Resources/?C=S;O=D HTTP/1.1" 200 887 "https://mail.lambodraenterprisesghltd.com/src/vendor/symfony/mime/Resources/?C=S;O=A" "Mozilla/5.0 AppleWebKit/537.36 (KHTML, like Gecko; compatible; GPTBot/1.4; +https://openai.com/gptbot)"
74.7.227.141 - - [30/Jun/2026:04:41:21 -0700] "GET /src/vendor/symfony/security-core/Authentication/Token/Storage/?C=D;O=A HTTP/1.1" 200 1381 "https://mail.lambodraenterprisesghltd.com/src/vendor/symfony/security-core/Authentication/Token/Storage/" "Mozilla/5.0 AppleWebKit/537.36 (KHTML, like Gecko; compatible; GPTBot/1.4; +https://openai.com/gptbot)"
74.7.227.141 - - [30/Jun/2026:04:41:26 -0700] "GET /src/vendor/symfony/console/Helper/?C=S;O=D HTTP/1.1" 200 4232 "https://mail.lambodraenterprisesghltd.com/src/vendor/symfony/console/Helper/?C=S;O=A" "Mozilla/5.0 AppleWebKit/537.36 (KHTML, like Gecko; compatible; GPTBot/1.4; +https://openai.com/gptbot)"
74.7.227.141 - - [30/Jun/2026:04:41:31 -0700] "GET /src/vendor/symfony/security-core/Authentication/Token/Storage/?C=M;O=A HTTP/1.1" 200 1381 "https://mail.lambodraenterprisesghltd.com/src/vendor/symfony/security-core/Authentication/Token/Storage/" "Mozilla/5.0 AppleWebKit/537.36 (KHTML, like Gecko; compatible; GPTBot/1.4; +https://openai.com/gptbot)"
74.7.227.141 - - [30/Jun/2026:04:41:36 -0700] "GET /src/vendor/symfony/security-core/Authentication/Token/Storage/?C=N;O=D HTTP/1.1" 200 1381 "https://mail.lambodraenterprisesghltd.com/src/vendor/symfony/security-core/Authentication/Token/Storage/" "Mozilla/5.0 AppleWebKit/537.36 (KHTML, like Gecko; compatible; GPTBot/1.4; +https://openai.com/gptbot)"
74.7.227.141 - - [30/Jun/2026:04:41:40 -0700] "GET /src/vendor/symfony/security-core/Authentication/Token/Storage/?C=S;O=A HTTP/1.1" 200 1381 "https://mail.lambodraenterprisesghltd.com/src/vendor/symfony/security-core/Authentication/Token/Storage/" "Mozilla/5.0 AppleWebKit/537.36 (KHTML, like Gecko; compatible; GPTBot/1.4; +https://openai.com/gptbot)"
74.7.227.141 - - [30/Jun/2026:04:41:44 -0700] "GET /src/vendor/doctrine/deprecations/lib/Doctrine/Deprecations/?C=S;O=D HTTP/1.1" 200 1146 "https://mail.lambodraenterprisesghltd.com/src/vendor/doctrine/deprecations/lib/Doctrine/Deprecations/?C=S;O=A" "Mozilla/5.0 AppleWebKit/537.36 (KHTML, like Gecko; compatible; GPTBot/1.4; +https://openai.com/gptbot)"
74.7.227.141 - - [30/Jun/2026:04:41:47 -0700] "GET /src/vendor/doctrine/deprecations/lib/Doctrine/Deprecations/?C=N;O=A HTTP/1.1" 200 1146 "https://mail.lambodraenterprisesghltd.com/src/vendor/doctrine/deprecations/lib/Doctrine/Deprecations/?C=S;O=A" "Mozilla/5.0 AppleWebKit/537.36 (KHTML, like Gecko; compatible; GPTBot/1.4; +https://openai.com/gptbot)"
74.7.227.141 - - [30/Jun/2026:04:41:50 -0700] "GET /src/vendor/doctrine/deprecations/lib/Doctrine/Deprecations/?C=D;O=D HTTP/1.1" 200 1146 "https://mail.lambodraenterprisesghltd.com/src/vendor/doctrine/deprecations/lib/Doctrine/Deprecations/?C=D;O=A" "Mozilla/5.0 AppleWebKit/537.36 (KHTML, like Gecko; compatible; GPTBot/1.4; +https://openai.com/gptbot)"
74.7.227.141 - - [30/Jun/2026:04:41:52 -0700] "GET /src/vendor/doctrine/deprecations/lib/Doctrine/Deprecations/?C=M;O=D HTTP/1.1" 200 1146 "https://mail.lambodraenterprisesghltd.com/src/vendor/doctrine/deprecations/lib/Doctrine/Deprecations/?C=M;O=A" "Mozilla/5.0 AppleWebKit/537.36 (KHTML, like Gecko; compatible; GPTBot/1.4; +https://openai.com/gptbot)"
74.7.227.141 - - [30/Jun/2026:04:41:55 -0700] "GET /src/vendor/symfony/http-kernel/Event/?C=M;O=A HTTP/1.1" 200 2409 "https://mail.lambodraenterprisesghltd.com/src/vendor/symfony/http-kernel/Event/" "Mozilla/5.0 AppleWebKit/537.36 (KHTML, like Gecko; compatible; GPTBot/1.4; +https://openai.com/gptbot)"
74.7.227.141 - - [30/Jun/2026:04:41:57 -0700] "GET /src/vendor/symfony/http-kernel/Event/?C=N;O=A HTTP/1.1" 200 2409 "https://mail.lambodraenterprisesghltd.com/src/vendor/symfony/http-kernel/Event/?C=D;O=A" "Mozilla/5.0 AppleWebKit/537.36 (KHTML, like Gecko; compatible; GPTBot/1.4; +https://openai.com/gptbot)"
74.7.227.141 - - [30/Jun/2026:04:41:59 -0700] "GET /src/vendor/symfony/security-core/Authentication/Token/Storage/UsageTrackingTokenStorage.php HTTP/1.1" 500 - "https://mail.lambodraenterprisesghltd.com/src/vendor/symfony/security-core/Authentication/Token/Storage/?C=D;O=A" "Mozilla/5.0 AppleWebKit/537.36 (KHTML, like Gecko; compatible; GPTBot/1.4; +https://openai.com/gptbot)"
74.7.227.141 - - [30/Jun/2026:04:42:01 -0700] "GET /src/vendor/symfony/security-core/Authentication/Token/Storage/TokenStorage.php HTTP/1.1" 500 - "https://mail.lambodraenterprisesghltd.com/src/vendor/symfony/security-core/Authentication/Token/Storage/?C=D;O=A" "Mozilla/5.0 AppleWebKit/537.36 (KHTML, like Gecko; compatible; GPTBot/1.4; +https://openai.com/gptbot)"
74.7.242.55 - - [30/Jun/2026:04:42:02 -0700] "GET /src/vendor/symfony/cache/Psr16Cache.php HTTP/1.1" 429 17 "https://lambodraenterprisesghltd.com/src/vendor/symfony/cache/?C=M;O=A" "Mozilla/5.0 AppleWebKit/537.36 (KHTML, like Gecko; compatible; GPTBot/1.4; +https://openai.com/gptbot)"
74.7.227.141 - - [30/Jun/2026:04:42:06 -0700] "GET /src/vendor/symfony/security-core/Authentication/Token/Storage/?C=D;O=D HTTP/1.1" 429 17 "https://mail.lambodraenterprisesghltd.com/src/vendor/symfony/security-core/Authentication/Token/Storage/?C=D;O=A" "Mozilla/5.0 AppleWebKit/537.36 (KHTML, like Gecko; compatible; GPTBot/1.4; +https://openai.com/gptbot)"
74.7.227.141 - - [30/Jun/2026:04:42:22 -0700] "GET /src/vendor/symfony/security-core/Authentication/Token/Storage/?C=M;O=D HTTP/1.1" 429 17 "https://mail.lambodraenterprisesghltd.com/src/vendor/symfony/security-core/Authentication/Token/Storage/?C=M;O=A" "Mozilla/5.0 AppleWebKit/537.36 (KHTML, like Gecko; compatible; GPTBot/1.4; +https://openai.com/gptbot)"
74.7.242.55 - - [30/Jun/2026:04:43:05 -0700] "GET /src/vendor/symfony/cache/CacheItem.php HTTP/1.1" 500 - "https://lambodraenterprisesghltd.com/src/vendor/symfony/cache/?C=M;O=A" "Mozilla/5.0 AppleWebKit/537.36 (KHTML, like Gecko; compatible; GPTBot/1.4; +https://openai.com/gptbot)"
74.7.227.141 - - [30/Jun/2026:04:43:11 -0700] "GET /src/vendor/symfony/security-core/Authentication/Token/Storage/?C=S;O=D HTTP/1.1" 429 17 "https://mail.lambodraenterprisesghltd.com/src/vendor/symfony/security-core/Authentication/Token/Storage/?C=S;O=A" "Mozilla/5.0 AppleWebKit/537.36 (KHTML, like Gecko; compatible; GPTBot/1.4; +https://openai.com/gptbot)"
66.249.75.3 - - [30/Jun/2026:04:43:35 -0700] "GET /src/vendor/jumbojett/openid-connect-php/src/ HTTP/1.1" 200 942 "-" "Mozilla/5.0 (Linux; Android 6.0.1; Nexus 5X Build/MMB29P) AppleWebKit/537.36 (KHTML, like Gecko) Chrome/148.0.7778.96 Mobile Safari/537.36 (compatible; GoogleOther)"
47.128.29.236 - - [30/Jun/2026:04:43:38 -0700] "GET /robots.txt HTTP/1.1" 404 236 "-" "Mozilla/5.0 (Linux; Android 5.0) AppleWebKit/537.36 (KHTML, like Gecko) Mobile Safari/537.36 (compatible; Bytespider; spider-feedback@bytedance.com)"
74.7.242.55 - - [30/Jun/2026:04:44:09 -0700] "GET /src/vendor/symfony/cache/?C=M;O=D HTTP/1.1" 200 3600 "https://lambodraenterprisesghltd.com/src/vendor/symfony/cache/?C=M;O=A" "Mozilla/5.0 AppleWebKit/537.36 (KHTML, like Gecko; compatible; GPTBot/1.4; +https://openai.com/gptbot)"
74.7.227.141 - - [30/Jun/2026:04:44:17 -0700] "GET /src/vendor/symfony/security-core/Authentication/Token/Storage/?C=N;O=A HTTP/1.1" 200 1381 "https://mail.lambodraenterprisesghltd.com/src/vendor/symfony/security-core/Authentication/Token/Storage/?C=D;O=A" "Mozilla/5.0 AppleWebKit/537.36 (KHTML, like Gecko; compatible; GPTBot/1.4; +https://openai.com/gptbot)"
74.7.242.55 - - [30/Jun/2026:04:45:13 -0700] "GET /src/vendor/symfony/cache/?C=N;O=A HTTP/1.1" 200 3600 "https://lambodraenterprisesghltd.com/src/vendor/symfony/cache/?C=M;O=A" "Mozilla/5.0 AppleWebKit/537.36 (KHTML, like Gecko; compatible; GPTBot/1.4; +https://openai.com/gptbot)"
74.7.227.141 - - [30/Jun/2026:04:45:20 -0700] "GET /src/vendor/symfony/http-kernel/Event/?C=N;O=D HTTP/1.1" 200 2409 "https://mail.lambodraenterprisesghltd.com/src/vendor/symfony/http-kernel/Event/" "Mozilla/5.0 AppleWebKit/537.36 (KHTML, like Gecko; compatible; GPTBot/1.4; +https://openai.com/gptbot)"
74.7.242.55 - - [30/Jun/2026:04:46:10 -0700] "GET /src/vendor/doctrine/dbal/?C=S;O=D HTTP/1.1" 200 1576 "https://lambodraenterprisesghltd.com/src/vendor/doctrine/dbal/?C=S;O=A" "Mozilla/5.0 AppleWebKit/537.36 (KHTML, like Gecko; compatible; GPTBot/1.4; +https://openai.com/gptbot)"
74.7.227.141 - - [30/Jun/2026:04:46:17 -0700] "GET /src/vendor/symfony/http-kernel/Event/?C=S;O=A HTTP/1.1" 200 2409 "https://mail.lambodraenterprisesghltd.com/src/vendor/symfony/http-kernel/Event/" "Mozilla/5.0 AppleWebKit/537.36 (KHTML, like Gecko; compatible; GPTBot/1.4; +https://openai.com/gptbot)"
74.7.242.55 - - [30/Jun/2026:04:47:03 -0700] "GET /src/vendor/symfony/cache/?C=S;O=D HTTP/1.1" 200 3600 "https://lambodraenterprisesghltd.com/src/vendor/symfony/cache/?C=S;O=A" "Mozilla/5.0 AppleWebKit/537.36 (KHTML, like Gecko; compatible; GPTBot/1.4; +https://openai.com/gptbot)"
74.7.227.141 - - [30/Jun/2026:04:47:08 -0700] "GET /src/plugins/orangehrmCorePlugin/Api/V2/Validator/Rules/Composite/?C=S;O=A HTTP/1.1" 200 1706 "https://mail.lambodraenterprisesghltd.com/src/plugins/orangehrmCorePlugin/Api/V2/Validator/Rules/Composite/" "Mozilla/5.0 AppleWebKit/537.36 (KHTML, like Gecko; compatible; GPTBot/1.4; +https://openai.com/gptbot)"
74.7.242.55 - - [30/Jun/2026:04:47:47 -0700] "GET /src/vendor/doctrine/dbal/?C=D;O=A HTTP/1.1" 200 1576 "https://lambodraenterprisesghltd.com/src/vendor/doctrine/dbal/" "Mozilla/5.0 AppleWebKit/537.36 (KHTML, like Gecko; compatible; GPTBot/1.4; +https://openai.com/gptbot)"
74.7.227.141 - - [30/Jun/2026:04:47:55 -0700] "GET /src/vendor/symfony/http-kernel/Event/FinishRequestEvent.php HTTP/1.1" 500 - "https://mail.lambodraenterprisesghltd.com/src/vendor/symfony/http-kernel/Event/?C=M;O=A" "Mozilla/5.0 AppleWebKit/537.36 (KHTML, like Gecko; compatible; GPTBot/1.4; +https://openai.com/gptbot)"
74.7.242.55 - - [30/Jun/2026:04:48:27 -0700] "GET /src/vendor/symfony/cache/?C=N;O=D HTTP/1.1" 200 3600 "https://lambodraenterprisesghltd.com/src/vendor/symfony/cache/" "Mozilla/5.0 AppleWebKit/537.36 (KHTML, like Gecko; compatible; GPTBot/1.4; +https://openai.com/gptbot)"
74.7.227.141 - - [30/Jun/2026:04:48:37 -0700] "GET /src/vendor/symfony/http-kernel/Event/KernelEvent.php HTTP/1.1" 500 - "https://mail.lambodraenterprisesghltd.com/src/vendor/symfony/http-kernel/Event/?C=M;O=A" "Mozilla/5.0 AppleWebKit/537.36 (KHTML, like Gecko; compatible; GPTBot/1.4; +https://openai.com/gptbot)"
74.7.242.55 - - [30/Jun/2026:04:49:05 -0700] "GET /src/vendor/doctrine/dbal/?C=M;O=D HTTP/1.1" 200 1576 "https://lambodraenterprisesghltd.com/src/vendor/doctrine/dbal/?C=M;O=A" "Mozilla/5.0 AppleWebKit/537.36 (KHTML, like Gecko; compatible; GPTBot/1.4; +https://openai.com/gptbot)"
17.241.219.76 - - [30/Jun/2026:04:49:30 -0700] "GET /web/dist/js/chunk-vendors.js?v=1763650546848 HTTP/1.1" 200 1710509 "http://lambodraenterprisesghltd.com/web/auth/login" "Mozilla/5.0 (Macintosh; Intel Mac OS X 10_15_7) AppleWebKit/605.1.15 (KHTML, like Gecko) Version/17.4 Safari/605.1.15 (Applebot/0.1; +http://www.apple.com/go/applebot)"
17.241.219.76 - - [30/Jun/2026:04:49:31 -0700] "GET /web/dist/css/app.css?v=1763650546848 HTTP/1.1" 200 165263 "http://lambodraenterprisesghltd.com/web/auth/login" "Mozilla/5.0 (Macintosh; Intel Mac OS X 10_15_7) AppleWebKit/605.1.15 (KHTML, like Gecko) Version/17.4 Safari/605.1.15 (Applebot/0.1; +http://www.apple.com/go/applebot)"
17.241.219.76 - - [30/Jun/2026:04:49:32 -0700] "GET /web/dist/js/app.js?v=1763650546848 HTTP/1.1" 200 1513906 "http://lambodraenterprisesghltd.com/web/auth/login" "Mozilla/5.0 (Macintosh; Intel Mac OS X 10_15_7) AppleWebKit/605.1.15 (KHTML, like Gecko) Version/17.4 Safari/605.1.15 (Applebot/0.1; +http://www.apple.com/go/applebot)"
17.241.219.76 - - [30/Jun/2026:04:49:34 -0700] "GET /web/dist/css/chunk-vendors.css?v=1763650546848 HTTP/1.1" 200 249969 "http://lambodraenterprisesghltd.com/web/auth/login" "Mozilla/5.0 (Macintosh; Intel Mac OS X 10_15_7) AppleWebKit/605.1.15 (KHTML, like Gecko) Version/17.4 Safari/605.1.15 (Applebot/0.1; +http://www.apple.com/go/applebot)"
17.241.219.76 - - [30/Jun/2026:04:49:35 -0700] "GET /web/core/i18n/messages HTTP/1.1" 200 101684 "http://lambodraenterprisesghltd.com/web/auth/login" "Mozilla/5.0 (Macintosh; Intel Mac OS X 10_15_7) AppleWebKit/605.1.15 (KHTML, like Gecko) Version/17.4 Safari/605.1.15 (Applebot/0.1; +http://www.apple.com/go/applebot)"
74.7.242.55 - - [30/Jun/2026:04:49:38 -0700] "GET /src/vendor/symfony/cache/?C=D;O=A HTTP/1.1" 200 3600 "https://lambodraenterprisesghltd.com/src/vendor/symfony/cache/" "Mozilla/5.0 AppleWebKit/537.36 (KHTML, like Gecko; compatible; GPTBot/1.4; +https://openai.com/gptbot)"
74.7.227.141 - - [30/Jun/2026:04:49:40 -0700] "GET /src/vendor/symfony/http-kernel/Event/RequestEvent.php HTTP/1.1" 500 - "https://mail.lambodraenterprisesghltd.com/src/vendor/symfony/http-kernel/Event/?C=M;O=A" "Mozilla/5.0 AppleWebKit/537.36 (KHTML, like Gecko; compatible; GPTBot/1.4; +https://openai.com/gptbot)"
74.7.242.55 - - [30/Jun/2026:04:50:10 -0700] "GET /src/plugins/orangehrmCorePlugin/Report/DisplayField/Supervisor/?C=D;O=A HTTP/1.1" 200 1155 "https://lambodraenterprisesghltd.com/src/plugins/orangehrmCorePlugin/Report/DisplayField/Supervisor/" "Mozilla/5.0 AppleWebKit/537.36 (KHTML, like Gecko; compatible; GPTBot/1.4; +https://openai.com/gptbot)"
203.128.10.120 - - [30/Jun/2026:04:50:15 -0700] "GET /?NA HTTP/1.1" 200 1694 "-" "Mozilla/5.0 (Macintosh; Intel Mac OS X 12_2_1) AppleWebKit/537.36 (KHTML, like Gecko) Chrome/126.0.6478.55 Safari/537.36"
74.7.242.55 - - [30/Jun/2026:04:50:34 -0700] "GET /src/plugins/orangehrmCorePlugin/Report/DisplayField/Immigration/?C=N;O=D HTTP/1.1" 200 1158 "https://lambodraenterprisesghltd.com/src/plugins/orangehrmCorePlugin/Report/DisplayField/Immigration/" "Mozilla/5.0 AppleWebKit/537.36 (KHTML, like Gecko; compatible; GPTBot/1.4; +https://openai.com/gptbot)"
74.7.227.141 - - [30/Jun/2026:04:50:44 -0700] "GET /src/vendor/symfony/http-kernel/Event/ExceptionEvent.php HTTP/1.1" 500 - "https://mail.lambodraenterprisesghltd.com/src/vendor/symfony/http-kernel/Event/?C=M;O=A" "Mozilla/5.0 AppleWebKit/537.36 (KHTML, like Gecko; compatible; GPTBot/1.4; +https://openai.com/gptbot)"
74.7.242.55 - - [30/Jun/2026:04:50:58 -0700] "GET /src/plugins/orangehrmCorePlugin/Report/DisplayField/Supervisor/?C=N;O=D HTTP/1.1" 200 1155 "https://lambodraenterprisesghltd.com/src/plugins/orangehrmCorePlugin/Report/DisplayField/Supervisor/" "Mozilla/5.0 AppleWebKit/537.36 (KHTML, like Gecko; compatible; GPTBot/1.4; +https://openai.com/gptbot)"
74.7.242.55 - - [30/Jun/2026:04:51:20 -0700] "GET /src/vendor/symfony/cache/ResettableInterface.php HTTP/1.1" 500 - "https://lambodraenterprisesghltd.com/src/vendor/symfony/cache/?C=M;O=D" "Mozilla/5.0 AppleWebKit/537.36 (KHTML, like Gecko; compatible; GPTBot/1.4; +https://openai.com/gptbot)"
66.249.75.3 - - [30/Jun/2026:04:51:35 -0700] "GET /src/cache/orangehrm/P/D/ HTTP/1.1" 200 881 "-" "Mozilla/5.0 (Linux; Android 6.0.1; Nexus 5X Build/MMB29P) AppleWebKit/537.36 (KHTML, like Gecko) Chrome/148.0.7778.96 Mobile Safari/537.36 (compatible; Googlebot/2.1; +http://www.google.com/bot.html)"
74.7.242.55 - - [30/Jun/2026:04:51:40 -0700] "GET /src/vendor/symfony/cache/Psr16Cache.php HTTP/1.1" 500 - "https://lambodraenterprisesghltd.com/src/vendor/symfony/cache/?C=M;O=D" "Mozilla/5.0 AppleWebKit/537.36 (KHTML, like Gecko; compatible; GPTBot/1.4; +https://openai.com/gptbot)"
74.7.227.141 - - [30/Jun/2026:04:51:44 -0700] "GET /src/vendor/symfony/http-kernel/Event/ControllerEvent.php HTTP/1.1" 500 - "https://mail.lambodraenterprisesghltd.com/src/vendor/symfony/http-kernel/Event/?C=M;O=A" "Mozilla/5.0 AppleWebKit/537.36 (KHTML, like Gecko; compatible; GPTBot/1.4; +https://openai.com/gptbot)"
74.7.242.55 - - [30/Jun/2026:04:52:44 -0700] "GET /src/vendor/doctrine/dbal/?C=N;O=A HTTP/1.1" 200 1576 "https://lambodraenterprisesghltd.com/src/vendor/doctrine/dbal/?C=S;O=D" "Mozilla/5.0 AppleWebKit/537.36 (KHTML, like Gecko; compatible; GPTBot/1.4; +https://openai.com/gptbot)"
74.7.227.141 - - [30/Jun/2026:04:52:48 -0700] "GET /src/vendor/symfony/http-kernel/Event/ResponseEvent.php HTTP/1.1" 500 - "https://mail.lambodraenterprisesghltd.com/src/vendor/symfony/http-kernel/Event/?C=M;O=A" "Mozilla/5.0 AppleWebKit/537.36 (KHTML, like Gecko; compatible; GPTBot/1.4; +https://openai.com/gptbot)"
74.7.242.55 - - [30/Jun/2026:04:53:47 -0700] "GET /src/vendor/doctrine/dbal/composer.json HTTP/1.1" 406 300 "https://lambodraenterprisesghltd.com/src/vendor/doctrine/dbal/?C=S;O=D" "Mozilla/5.0 AppleWebKit/537.36 (KHTML, like Gecko; compatible; GPTBot/1.4; +https://openai.com/gptbot)"
74.7.227.141 - - [30/Jun/2026:04:53:52 -0700] "GET /src/vendor/symfony/http-kernel/Event/TerminateEvent.php HTTP/1.1" 500 - "https://mail.lambodraenterprisesghltd.com/src/vendor/symfony/http-kernel/Event/?C=M;O=A" "Mozilla/5.0 AppleWebKit/537.36 (KHTML, like Gecko; compatible; GPTBot/1.4; +https://openai.com/gptbot)"
74.7.242.55 - - [30/Jun/2026:04:54:41 -0700] "GET /src/vendor/doctrine/dbal/?C=D;O=D HTTP/1.1" 200 1576 "https://lambodraenterprisesghltd.com/src/vendor/doctrine/dbal/?C=D;O=A" "Mozilla/5.0 AppleWebKit/537.36 (KHTML, like Gecko; compatible; GPTBot/1.4; +https://openai.com/gptbot)"
74.7.227.141 - - [30/Jun/2026:04:54:56 -0700] "GET /src/vendor/symfony/http-kernel/Event/ViewEvent.php HTTP/1.1" 500 - "https://mail.lambodraenterprisesghltd.com/src/vendor/symfony/http-kernel/Event/?C=M;O=A" "Mozilla/5.0 AppleWebKit/537.36 (KHTML, like Gecko; compatible; GPTBot/1.4; +https://openai.com/gptbot)"
74.7.242.55 - - [30/Jun/2026:04:55:39 -0700] "GET /src/plugins/orangehrmCorePlugin/Report/DisplayField/Supervisor/?C=S;O=A HTTP/1.1" 200 1155 "https://lambodraenterprisesghltd.com/src/plugins/orangehrmCorePlugin/Report/DisplayField/Supervisor/" "Mozilla/5.0 AppleWebKit/537.36 (KHTML, like Gecko; compatible; GPTBot/1.4; +https://openai.com/gptbot)"
74.7.227.141 - - [30/Jun/2026:04:56:02 -0700] "GET /src/vendor/symfony/http-kernel/Event/?C=S;O=D HTTP/1.1" 200 2409 "https://mail.lambodraenterprisesghltd.com/src/vendor/symfony/http-kernel/Event/?C=S;O=A" "Mozilla/5.0 AppleWebKit/537.36 (KHTML, like Gecko; compatible; GPTBot/1.4; +https://openai.com/gptbot)"
74.7.242.55 - - [30/Jun/2026:04:56:30 -0700] "GET /src/plugins/orangehrmCorePlugin/Report/DisplayField/Immigration/?C=D;O=A HTTP/1.1" 200 1158 "https://lambodraenterprisesghltd.com/src/plugins/orangehrmCorePlugin/Report/DisplayField/Immigration/" "Mozilla/5.0 AppleWebKit/537.36 (KHTML, like Gecko; compatible; GPTBot/1.4; +https://openai.com/gptbot)"
74.7.227.141 - - [30/Jun/2026:04:57:05 -0700] "GET /src/vendor/symfony/http-kernel/Event/?C=M;O=D HTTP/1.1" 200 2409 "https://mail.lambodraenterprisesghltd.com/src/vendor/symfony/http-kernel/Event/?C=M;O=A" "Mozilla/5.0 AppleWebKit/537.36 (KHTML, like Gecko; compatible; GPTBot/1.4; +https://openai.com/gptbot)"
114.119.159.16 - - [30/Jun/2026:04:57:26 -0700] "GET /?SD&product-page=19 HTTP/1.1" 200 1694 "https://lambodraenterprisesghltd.com/?SD&product-page=19" "Mozilla/5.0 (Linux; Android 7.0;) AppleWebKit/537.36 (HTML, like Gecko) Mobile Safari/537.36 (compatible; PetalBot;+https://webmaster.petalsearch.com/site/petalbot)"
74.7.242.55 - - [30/Jun/2026:04:57:26 -0700] "GET /src/vendor/symfony/cache/?C=D;O=D HTTP/1.1" 200 3600 "https://lambodraenterprisesghltd.com/src/vendor/symfony/cache/?C=D;O=A" "Mozilla/5.0 AppleWebKit/537.36 (KHTML, like Gecko; compatible; GPTBot/1.4; +https://openai.com/gptbot)"
74.7.242.55 - - [30/Jun/2026:04:57:58 -0700] "GET /src/plugins/orangehrmCorePlugin/Report/DisplayField/Supervisor/Supervisor.php HTTP/1.1" 500 - "https://lambodraenterprisesghltd.com/src/plugins/orangehrmCorePlugin/Report/DisplayField/Supervisor/?C=D;O=A" "Mozilla/5.0 AppleWebKit/537.36 (KHTML, like Gecko; compatible; GPTBot/1.4; +https://openai.com/gptbot)"
74.7.227.141 - - [30/Jun/2026:04:58:02 -0700] "GET /src/plugins/orangehrmCorePlugin/Api/V2/Validator/Rules/Composite/?C=S;O=D HTTP/1.1" 200 1706 "https://mail.lambodraenterprisesghltd.com/src/plugins/orangehrmCorePlugin/Api/V2/Validator/Rules/Composite/?C=S;O=A" "Mozilla/5.0 AppleWebKit/537.36 (KHTML, like Gecko; compatible; GPTBot/1.4; +https://openai.com/gptbot)"
74.7.242.55 - - [30/Jun/2026:04:58:35 -0700] "GET /src/plugins/orangehrmCorePlugin/Report/DisplayField/Supervisor/?C=D;O=D HTTP/1.1" 200 1155 "https://lambodraenterprisesghltd.com/src/plugins/orangehrmCorePlugin/Report/DisplayField/Supervisor/?C=D;O=A" "Mozilla/5.0 AppleWebKit/537.36 (KHTML, like Gecko; compatible; GPTBot/1.4; +https://openai.com/gptbot)"
114.119.153.56 - - [30/Jun/2026:04:58:48 -0700] "GET /?NA&product-page=5 HTTP/1.1" 200 1694 "https://lambodraenterprisesghltd.com/?NA&product-page=5" "Mozilla/5.0 (Linux; Android 7.0;) AppleWebKit/537.36 (HTML, like Gecko) Mobile Safari/537.36 (compatible; PetalBot;+https://webmaster.petalsearch.com/site/petalbot)"
74.7.227.141 - - [30/Jun/2026:04:58:53 -0700] "GET /src/plugins/orangehrmCorePlugin/Api/V2/Validator/Rules/Composite/?C=D;O=A HTTP/1.1" 200 1706 "https://mail.lambodraenterprisesghltd.com/src/plugins/orangehrmCorePlugin/Api/V2/Validator/Rules/Composite/" "Mozilla/5.0 AppleWebKit/537.36 (KHTML, like Gecko; compatible; GPTBot/1.4; +https://openai.com/gptbot)"
74.7.242.55 - - [30/Jun/2026:04:59:38 -0700] "GET /src/lib/framework/Routing/?C=D;O=A HTTP/1.1" 200 1245 "https://lambodraenterprisesghltd.com/src/lib/framework/Routing/" "Mozilla/5.0 AppleWebKit/537.36 (KHTML, like Gecko; compatible; GPTBot/1.4; +https://openai.com/gptbot)"
74.7.227.141 - - [30/Jun/2026:04:59:40 -0700] "GET /src/plugins/orangehrmCorePlugin/Api/V2/Validator/Rules/Composite/?C=N;O=D HTTP/1.1" 200 1706 "https://mail.lambodraenterprisesghltd.com/src/plugins/orangehrmCorePlugin/Api/V2/Validator/Rules/Composite/" "Mozilla/5.0 AppleWebKit/537.36 (KHTML, like Gecko; compatible; GPTBot/1.4; +https://openai.com/gptbot)"
74.7.227.141 - - [30/Jun/2026:05:00:22 -0700] "GET /src/plugins/orangehrmCorePlugin/Api/V2/Validator/Rules/Composite/?C=M;O=A HTTP/1.1" 200 1706 "https://mail.lambodraenterprisesghltd.com/src/plugins/orangehrmCorePlugin/Api/V2/Validator/Rules/Composite/" "Mozilla/5.0 AppleWebKit/537.36 (KHTML, like Gecko; compatible; GPTBot/1.4; +https://openai.com/gptbot)"
74.7.242.55 - - [30/Jun/2026:05:00:32 -0700] "GET /src/lib/framework/Routing/?C=M;O=A HTTP/1.1" 200 1245 "https://lambodraenterprisesghltd.com/src/lib/framework/Routing/" "Mozilla/5.0 AppleWebKit/537.36 (KHTML, like Gecko; compatible; GPTBot/1.4; +https://openai.com/gptbot)"
74.7.227.141 - - [30/Jun/2026:05:01:01 -0700] "GET /src/plugins/orangehrmCorePlugin/Api/V2/Validator/Rules/Composite/?C=N;O=A HTTP/1.1" 200 1706 "https://mail.lambodraenterprisesghltd.com/src/plugins/orangehrmCorePlugin/Api/V2/Validator/Rules/Composite/?C=S;O=A" "Mozilla/5.0 AppleWebKit/537.36 (KHTML, like Gecko; compatible; GPTBot/1.4; +https://openai.com/gptbot)"
34.219.3.176 - - [30/Jun/2026:05:01:08 -0700] "GET / HTTP/1.1" 200 1694 "-" "Go-http-client/1.1"
34.219.3.176 - - [30/Jun/2026:05:01:09 -0700] "GET /wp-includes/css/buttons.css HTTP/1.1" 429 17 "-" "Go-http-client/1.1"
34.219.3.176 - - [30/Jun/2026:05:01:09 -0700] "GET /media/system/js/core.js HTTP/1.1" 429 17 "-" "Go-http-client/1.1"
74.7.242.55 - - [30/Jun/2026:05:01:21 -0700] "GET /src/lib/framework/Routing/?C=S;O=A HTTP/1.1" 200 1245 "https://lambodraenterprisesghltd.com/src/lib/framework/Routing/" "Mozilla/5.0 AppleWebKit/537.36 (KHTML, like Gecko; compatible; GPTBot/1.4; +https://openai.com/gptbot)"
74.7.227.141 - - [30/Jun/2026:05:01:35 -0700] "GET /src/vendor/symfony/mime/Encoder/?C=N;O=D HTTP/1.1" 200 3206 "https://mail.lambodraenterprisesghltd.com/src/vendor/symfony/mime/Encoder/" "Mozilla/5.0 AppleWebKit/537.36 (KHTML, like Gecko; compatible; GPTBot/1.4; +https://openai.com/gptbot)"
74.7.227.141 - - [30/Jun/2026:05:02:04 -0700] "GET /src/vendor/symfony/yaml/Command/?C=M;O=A HTTP/1.1" 200 894 "https://mail.lambodraenterprisesghltd.com/src/vendor/symfony/yaml/Command/" "Mozilla/5.0 AppleWebKit/537.36 (KHTML, like Gecko; compatible; GPTBot/1.4; +https://openai.com/gptbot)"
74.7.242.55 - - [30/Jun/2026:05:02:08 -0700] "GET /src/lib/framework/Routing/?C=N;O=D HTTP/1.1" 200 1245 "https://lambodraenterprisesghltd.com/src/lib/framework/Routing/" "Mozilla/5.0 AppleWebKit/537.36 (KHTML, like Gecko; compatible; GPTBot/1.4; +https://openai.com/gptbot)"
74.7.227.141 - - [30/Jun/2026:05:02:32 -0700] "GET /src/vendor/symfony/mime/Encoder/?C=S;O=A HTTP/1.1" 200 3206 "https://mail.lambodraenterprisesghltd.com/src/vendor/symfony/mime/Encoder/" "Mozilla/5.0 AppleWebKit/537.36 (KHTML, like Gecko; compatible; GPTBot/1.4; +https://openai.com/gptbot)"
74.7.242.55 - - [30/Jun/2026:05:02:48 -0700] "GET /src/vendor/symfony/psr-http-message-bridge/Factory/?C=N;O=D HTTP/1.1" 200 1334 "https://lambodraenterprisesghltd.com/src/vendor/symfony/psr-http-message-bridge/Factory/" "Mozilla/5.0 AppleWebKit/537.36 (KHTML, like Gecko; compatible; GPTBot/1.4; +https://openai.com/gptbot)"
74.7.227.141 - - [30/Jun/2026:05:02:56 -0700] "GET /src/vendor/symfony/mime/Encoder/?C=D;O=A HTTP/1.1" 200 3206 "https://mail.lambodraenterprisesghltd.com/src/vendor/symfony/mime/Encoder/" "Mozilla/5.0 AppleWebKit/537.36 (KHTML, like Gecko; compatible; GPTBot/1.4; +https://openai.com/gptbot)"
74.7.227.141 - - [30/Jun/2026:05:03:20 -0700] "GET /src/vendor/symfony/yaml/Command/?C=N;O=D HTTP/1.1" 200 894 "https://mail.lambodraenterprisesghltd.com/src/vendor/symfony/yaml/Command/" "Mozilla/5.0 AppleWebKit/537.36 (KHTML, like Gecko; compatible; GPTBot/1.4; +https://openai.com/gptbot)"
74.7.242.55 - - [30/Jun/2026:05:03:26 -0700] "GET /src/vendor/symfony/psr-http-message-bridge/Factory/?C=S;O=A HTTP/1.1" 200 1334 "https://lambodraenterprisesghltd.com/src/vendor/symfony/psr-http-message-bridge/Factory/" "Mozilla/5.0 AppleWebKit/537.36 (KHTML, like Gecko; compatible; GPTBot/1.4; +https://openai.com/gptbot)"
74.7.227.141 - - [30/Jun/2026:05:03:38 -0700] "GET /src/vendor/symfony/mime/Encoder/?C=M;O=A HTTP/1.1" 200 3206 "https://mail.lambodraenterprisesghltd.com/src/vendor/symfony/mime/Encoder/" "Mozilla/5.0 AppleWebKit/537.36 (KHTML, like Gecko; compatible; GPTBot/1.4; +https://openai.com/gptbot)"
74.7.227.141 - - [30/Jun/2026:05:03:56 -0700] "GET /src/vendor/symfony/yaml/Command/?C=S;O=A HTTP/1.1" 200 894 "https://mail.lambodraenterprisesghltd.com/src/vendor/symfony/yaml/Command/" "Mozilla/5.0 AppleWebKit/537.36 (KHTML, like Gecko; compatible; GPTBot/1.4; +https://openai.com/gptbot)"
74.7.242.55 - - [30/Jun/2026:05:04:01 -0700] "GET /src/plugins/orangehrmCorePlugin/Report/DisplayField/Supervisor/?C=S;O=D HTTP/1.1" 200 1155 "https://lambodraenterprisesghltd.com/src/plugins/orangehrmCorePlugin/Report/DisplayField/Supervisor/?C=S;O=A" "Mozilla/5.0 AppleWebKit/537.36 (KHTML, like Gecko; compatible; GPTBot/1.4; +https://openai.com/gptbot)"
74.7.227.141 - - [30/Jun/2026:05:04:16 -0700] "GET /src/plugins/orangehrmCorePlugin/Api/V2/Validator/Rules/Composite/?C=D;O=D HTTP/1.1" 200 1706 "https://mail.lambodraenterprisesghltd.com/src/plugins/orangehrmCorePlugin/Api/V2/Validator/Rules/Composite/?C=D;O=A" "Mozilla/5.0 AppleWebKit/537.36 (KHTML, like Gecko; compatible; GPTBot/1.4; +https://openai.com/gptbot)"
74.7.227.141 - - [30/Jun/2026:05:04:26 -0700] "GET /src/vendor/symfony/yaml/Command/?C=D;O=A HTTP/1.1" 200 894 "https://mail.lambodraenterprisesghltd.com/src/vendor/symfony/yaml/Command/" "Mozilla/5.0 AppleWebKit/537.36 (KHTML, like Gecko; compatible; GPTBot/1.4; +https://openai.com/gptbot)"
74.7.242.55 - - [30/Jun/2026:05:04:31 -0700] "GET /src/plugins/orangehrmCorePlugin/Report/DisplayField/Immigration/?C=D;O=D HTTP/1.1" 200 1158 "https://lambodraenterprisesghltd.com/src/plugins/orangehrmCorePlugin/Report/DisplayField/Immigration/?C=D;O=A" "Mozilla/5.0 AppleWebKit/537.36 (KHTML, like Gecko; compatible; GPTBot/1.4; +https://openai.com/gptbot)"
74.7.227.141 - - [30/Jun/2026:05:04:40 -0700] "GET /src/plugins/orangehrmCorePlugin/Api/V2/Validator/Rules/Composite/?C=M;O=D HTTP/1.1" 200 1706 "https://mail.lambodraenterprisesghltd.com/src/plugins/orangehrmCorePlugin/Api/V2/Validator/Rules/Composite/?C=M;O=A" "Mozilla/5.0 AppleWebKit/537.36 (KHTML, like Gecko; compatible; GPTBot/1.4; +https://openai.com/gptbot)"
74.7.227.141 - - [30/Jun/2026:05:04:51 -0700] "GET /src/vendor/symfony/http-foundation/Session/Flash/?C=D;O=A HTTP/1.1" 200 1323 "https://mail.lambodraenterprisesghltd.com/src/vendor/symfony/http-foundation/Session/Flash/" "Mozilla/5.0 AppleWebKit/537.36 (KHTML, like Gecko; compatible; GPTBot/1.4; +https://openai.com/gptbot)"
74.7.242.55 - - [30/Jun/2026:05:04:58 -0700] "GET /src/vendor/symfony/psr-http-message-bridge/Factory/?C=D;O=A HTTP/1.1" 200 1334 "https://lambodraenterprisesghltd.com/src/vendor/symfony/psr-http-message-bridge/Factory/" "Mozilla/5.0 AppleWebKit/537.36 (KHTML, like Gecko; compatible; GPTBot/1.4; +https://openai.com/gptbot)"
74.7.227.141 - - [30/Jun/2026:05:05:01 -0700] "GET /src/vendor/symfony/mime/Encoder/Rfc2231Encoder.php HTTP/1.1" 500 - "https://mail.lambodraenterprisesghltd.com/src/vendor/symfony/mime/Encoder/?C=N;O=D" "Mozilla/5.0 AppleWebKit/537.36 (KHTML, like Gecko; compatible; GPTBot/1.4; +https://openai.com/gptbot)"
74.7.227.141 - - [30/Jun/2026:05:05:11 -0700] "GET /src/vendor/symfony/mime/Encoder/ContentEncoderInterface.php HTTP/1.1" 500 - "https://mail.lambodraenterprisesghltd.com/src/vendor/symfony/mime/Encoder/?C=N;O=D" "Mozilla/5.0 AppleWebKit/537.36 (KHTML, like Gecko; compatible; GPTBot/1.4; +https://openai.com/gptbot)"
213.136.84.41 - - [30/Jun/2026:05:05:23 -0700] "HEAD / HTTP/1.1" 200 - "-" "Mozilla/5.0"
74.7.242.55 - - [30/Jun/2026:05:05:23 -0700] "GET /src/vendor/symfony/psr-http-message-bridge/Factory/?C=M;O=A HTTP/1.1" 200 1334 "https://lambodraenterprisesghltd.com/src/vendor/symfony/psr-http-message-bridge/Factory/" "Mozilla/5.0 AppleWebKit/537.36 (KHTML, like Gecko; compatible; GPTBot/1.4; +https://openai.com/gptbot)"
74.7.227.141 - - [30/Jun/2026:05:05:39 -0700] "GET /src/vendor/symfony/mime/Encoder/EightBitContentEncoder.php HTTP/1.1" 500 - "https://mail.lambodraenterprisesghltd.com/src/vendor/symfony/mime/Encoder/?C=N;O=D" "Mozilla/5.0 AppleWebKit/537.36 (KHTML, like Gecko; compatible; GPTBot/1.4; +https://openai.com/gptbot)"
74.7.242.55 - - [30/Jun/2026:05:05:45 -0700] "GET /src/plugins/orangehrmLeavePlugin/Mail/Processor/?C=D;O=D HTTP/1.1" 200 1367 "https://lambodraenterprisesghltd.com/src/plugins/orangehrmLeavePlugin/Mail/Processor/?C=D;O=A" "Mozilla/5.0 AppleWebKit/537.36 (KHTML, like Gecko; compatible; GPTBot/1.4; +https://openai.com/gptbot)"
74.7.242.55 - - [30/Jun/2026:05:06:04 -0700] "GET /src/lib/framework/Routing/UrlMatcher.php HTTP/1.1" 500 - "https://lambodraenterprisesghltd.com/src/lib/framework/Routing/?C=D;O=A" "Mozilla/5.0 AppleWebKit/537.36 (KHTML, like Gecko; compatible; GPTBot/1.4; +https://openai.com/gptbot)"
74.7.242.55 - - [30/Jun/2026:05:06:22 -0700] "GET /src/lib/framework/Routing/RequestContext.php HTTP/1.1" 500 - "https://lambodraenterprisesghltd.com/src/lib/framework/Routing/?C=D;O=A" "Mozilla/5.0 AppleWebKit/537.36 (KHTML, like Gecko; compatible; GPTBot/1.4; +https://openai.com/gptbot)"
74.7.227.141 - - [30/Jun/2026:05:06:41 -0700] "GET /src/vendor/symfony/mime/Encoder/Base64MimeHeaderEncoder.php HTTP/1.1" 500 - "https://mail.lambodraenterprisesghltd.com/src/vendor/symfony/mime/Encoder/?C=N;O=D" "Mozilla/5.0 AppleWebKit/537.36 (KHTML, like Gecko; compatible; GPTBot/1.4; +https://openai.com/gptbot)"
74.7.242.55 - - [30/Jun/2026:05:07:13 -0700] "GET /src/lib/framework/Routing/?C=D;O=D HTTP/1.1" 200 1245 "https://lambodraenterprisesghltd.com/src/lib/framework/Routing/?C=D;O=A" "Mozilla/5.0 AppleWebKit/537.36 (KHTML, like Gecko; compatible; GPTBot/1.4; +https://openai.com/gptbot)"
